000
CXUS53 KCYS 012118
CLASNY
CLIMATE REPORT
NATIONAL WEATHER SERVICE CHEYENNE WY
218 PM MST MON JAN 01 2024
...................................
...THE SIDNEY NEBRASKA AIRPORT CLIMATE SUMMARY FOR THE YEAR OF 2023...
CLIMATE NORMAL PERIOD 1991 TO 2020
CLIMATE RECORD PERIOD 1948 TO 2023
WEATHER OBSERVED NORMAL DEPART LAST YEAR`S
VALUE DATE(S) VALUE FROM VALUE DATE(S)
NORMAL
................................................................
TEMPERATURE (F)
RECORD
HIGH 111 06/26/2012
LOW -39 12/22/1989
HIGHEST 103 08/21 MM MM 106 07/18
LOWEST -18 01/30 MM MM -19 12/22
AVG. MAXIMUM 62.0 63.8 -1.8 64.8
AVG. MINIMUM 33.9 33.1 0.8 31.7
MEAN 48.0 48.5 -0.5 48.2
DAYS MAX >= 90 32 47.0 -15.0 69
DAYS MAX <= 32 36 29.0 7.0 34
DAYS MIN <= 32 186 179.8 6.2 193
DAYS MIN <= 0 8 10.8 -2.8 24
PRECIPITATION (INCHES)
RECORD
MAXIMUM 27.82 2011
MINIMUM 5.83 2020
TOTALS 22.39 15.84 6.55 MM
DAILY AVG. 0.06 0.04 0.02 0.02
DAYS >= .01 85 84.2 0.8 45
DAYS >= .10 49 33.9 15.1 16
DAYS >= .50 13 7.7 5.3 1
DAYS >= 1.00 4 1.9 2.1 1
GREATEST
24 HR. TOTAL 2.66 1.01 05/01 TO 05/02
STORM TOTAL 2.66 1.00
(MM/DD(HH)) MM
DEGREE DAYS
HEATING TOTAL 6685 6680 5 7003
SINCE 7/1 2372 2714 -342 MM
COOLING TOTAL 610 692 -82 1010
SINCE 1/1 610 692 -82 MM
................................................................
WIND (MPH)
AVERAGE WIND SPEED 11.1
HIGHEST WIND SPEED/DIRECTION 48/290 DATE 02/28
HIGHEST GUST SPEED/DIRECTION 67/290 DATE 08/10
SKY COVER
POSSIBLE SUNSHINE (PERCENT) MM
AVERAGE SKY COVER 0.25
NUMBER OF DAYS FAIR 264
NUMBER OF DAYS PC 66
NUMBER OF DAYS CLOUDY 35
AVERAGE RH (PERCENT) 64
WEATHER CONDITIONS. NUMBER OF DAYS WITH
THUNDERSTORM 61 MIXED PRECIP 0
HEAVY RAIN 24 RAIN 28
LIGHT RAIN 92 FREEZING RAIN 1
LT FREEZING RAIN 10 HAIL 0
HEAVY SNOW 7 SNOW 13
LIGHT SNOW 45 SLEET 0
FOG 150 FOG W/VIS <= 1/4 MILE 28
HAZE 58
- INDICATES NEGATIVE NUMBERS.
R INDICATES RECORD WAS SET OR TIED.
MM INDICATES DATA IS MISSING.
T INDICATES TRACE AMOUNT.
$$