000
CXUS54 KOUN 011220
CLMSPS
CLIMATE REPORT
NATIONAL WEATHER SERVICE NORMAN OK
720 AM CDT FRI SEP 01 2023
...................................
...THE WICHITA FALLS CLIMATE SUMMARY FOR THE MONTH OF AUGUST 2023...
CLIMATE NORMAL PERIOD 1991 TO 2020
CLIMATE RECORD PERIOD 1897 TO 2023
WEATHER OBSERVED NORMAL DEPART LAST YEAR`S
VALUE DATE(S) VALUE FROM VALUE
NORMAL
..............................................................
TEMPERATURE (F)
RECORD
HIGH 113 08/06/1964
08/11/1936
LOW 53 08/28/1992
HIGHEST 113R 105 8 108
LOWEST 65 62 3 67
AVG. MAXIMUM 105.5 96.6 8.9 97.7
AVG. MINIMUM 75.6 71.5 4.1 74.0
MEAN 90.6 84.1 6.5 85.9
DAYS MAX >= 90 31 26.7 4.3 27
DAYS MAX <= 32 0 0.0 0.0 0
DAYS MIN <= 32 0 0.0 0.0 0
DAYS MIN <= 0 0 0.0 0.0 0
PRECIPITATION (INCHES)
RECORD
MAXIMUM 11.05 1914
MINIMUM 0.00 2000
TOTALS 0.10 2.53 -2.43 1.84
DAILY AVG. 0.00 0.08 -0.08 0.06
DAYS >= .01 3 6.0 -3.0 6
DAYS >= .10 0 3.8 -3.8 3
DAYS >= .50 0 1.5 -1.5 1
DAYS >= 1.00 0 0.7 -0.7 0
GREATEST
24 HR. TOTAL 0.06 08/26 TO 08/26
DEGREE DAYS
COOLING TOTAL 801 590 211
SINCE 1/1 2319 1988 331
..............................................................
WIND (MPH)
AVERAGE WIND SPEED 10.4
HIGHEST WIND SPEED/DIRECTION 46/200 DATE 08/10
HIGHEST GUST SPEED/DIRECTION 63/350 DATE 08/26
WEATHER CONDITIONS. NUMBER OF DAYS WITH
THUNDERSTORM 5 MIXED PRECIP 0
HEAVY RAIN 0 RAIN 1
LIGHT RAIN 6 FREEZING RAIN 0
LT FREEZING RAIN 0 HAIL 0
HEAVY SNOW 0 SNOW 0
LIGHT SNOW 0 SLEET 0
FOG 0 FOG W/VIS <= 1/4 MILE 0
HAZE 0
- INDICATES NEGATIVE NUMBERS.
R INDICATES RECORD WAS SET OR TIED.
MM INDICATES DATA IS MISSING.
T INDICATES TRACE AMOUNT.
..............................................................
RECORDS/REMARKS
RECORD HIGH TEMPERATURE OF 113 DEGREES SET AUG 9.
TIED RECORD HIGH TEMPERATURE OF 111 DEGREES AUG 12.
TIED WARMEST LOW TEMPERATURE OF 82 DEGREES AUG 12.
RECORD HIGH TEMPERATURE OF 113 DEGREES SET AUG 17.
RECORD HIGH TEMPERATURE OF 111 DEGREES SET AUG 18.
RECORD HIGH TEMPERATURE OF 109 DEGREES SET AUG 19.
RECORD WARMEST LOW TEMPERATURE OF 83 DEGREES SET AUG 19.
RECORD HIGH TEMPERATURE OF 110 DEGREES SET AUG 20.
RECORD HIGH TEMPERATURE OF 109 DEGREES SET AUG 21.
RECORD HIGH TEMPERATURE OF 109 DEGREES SET AUG 25.
RECORD HIGH TEMPERATURE OF 109 DEGREES SET AUG 26.
FOURTH WARMEST AUGUST ON RECORD.
JAN-AUG PRECIPITATION TOTAL IS 14.59 INCHES.
$$