000
CXUS54 KEPZ 011130
CF6SRR
PRELIMINARY LOCAL CLIMATOLOGICAL DATA (WS FORM: F-6)
STATION: RUIDOSO AWOS
MONTH: JANUARY
YEAR: 2022
LATITUDE: 33 28 N
LONGITUDE: 105 32 W
TEMPERATURE IN F: :PCPN: SNOW: WIND :SUNSHINE: SKY :PK WND
================================================================================
1 2 3 4 5 6A 6B 7 8 9 10 11 12 13 14 15 16 17 18
12Z AVG MX 2MIN
DY MAX MIN AVG DEP HDD CDD WTR SNW DPTH SPD SPD DIR MIN PSBL S-S WX SPD DR
================================================================================
1 36 16 26 M 39 0 0.12 M M 20.0 37 230 M M 7 50 240
2 39 14 27 M 38 0 0.00 M M 8.0 15 300 M M 0 21 310
3 54 25 40 M 25 0 0.00 M M 4.5 8 260 M M 0 M M
4 55 25 40 M 25 0 0.00 M M 9.0 23 300 M M 0 31 300
5 54 36 45 M 20 0 0.00 M M 9.6 23 300 M M 0 36 300
6 59 39 49 M 16 0 0.00 M M 11.5 29 280 M M 0 38 280
7 61 36 49 M 16 0 0.00 M M 10.2 25 230 M M 0 32 230
8 55 36 46 M 19 0 0.00 M M 11.9 30 270 M M 0 36 270
9 39 25 32 M 33 0 0.00 M M 6.8 10 150 M M 0 M M
10 43 21 32 M 33 0 0.00 M M 5.0 13 120 M M 2 18 120
11 48 27 38 M 27 0 0.00 M M 6.9 13 320 M M 1 21 320
12 57 36 47 M 18 0 0.00 M M 11.8 17 290 M M 0 23 290
13 63 37 50 M 15 0 0.00 M M 7.5 15 300 M M 0 21 300
14 55 30 43 M 22 0 0.00 M M 10.5 24 300 M M 2 36 300
15 41 19 30 M 35 0 0.00 M M 10.6 16 290 M M 3 23 300
16 57 32 45 M 20 0 0.00 M M 10.0 18 300 M M 0 24 300
17 55 32 44 M 21 0 0.00 M M 6.1 17 260 M M 0 22 260
18 50 37 44 M 21 0 T M M 12.3 23 300 M M 3 33 310
19 43 21 32 M 33 0 0.00 M M 11.8 22 300 M M 6 37 300
20 36 16 26 M 39 0 0.08 M M 5.2 9 300 M M 6 M M
21 46 23 35 M 30 0 0.00 M M 4.6 9 320 M M 0 M M
22 37 18 28 M 37 0 0.00 M M 5.8 13 140 M M 2 18 150
23 41 18 30 M 35 0 0.00 M M 5.9 12 140 M M 4 M M
24 48 30 39 M 26 0 0.00 M M 8.3 20 310 M M 1 26 300
25 52 28 40 M 25 0 0.00 M M 8.1 20 210 M M 1 28 200
26 39 18 29 M 36 0 0.01 M M 8.1 14 300 M M 4 1 24 300
27 45 23 34 M 31 0 0.00 M M 9.4 21 140 M M 2 23 140
28 45 16 31 M 34 0 T M M 5.6 13 140 M M 3 17 120
29 50 23 37 M 28 0 0.00 M M 6.8 13 270 M M 0 17 320
30 46 28 37 M 28 0 0.00 M M 4.7 9 310 M M 3 17 360
31 54 30 42 M 23 0 0.00 M M 10.3 21 300 M M 0 31 320
================================================================================
SM 1503 815 848 0 0.21 M 266.7 M 50
================================================================================
AV 48.5 26.3 8.6 FASTST M M 2 MAX(MPH)
MISC ----> 37 230 50 240
================================================================================
NOTES:
# LAST OF SEVERAL OCCURRENCES
COLUMN 17 PEAK WIND IN M.P.H.
PRELIMINARY LOCAL CLIMATOLOGICAL DATA (WS FORM: F-6) , PAGE 2
STATION: RUIDOSO AWOS
MONTH: JANUARY
YEAR: 2022
LATITUDE: 33 28 N
LONGITUDE: 105 32 W
[TEMPERATURE DATA] [PRECIPITATION DATA] SYMBOLS USED IN COLUMN 16
AVERAGE MONTHLY: 37.4 TOTAL FOR MONTH: 0.21 1 = FOG OR MIST
DPTR FM NORMAL: 0.0 DPTR FM NORMAL: M 2 = FOG REDUCING VISIBILITY
HIGHEST: 63 ON 13 GRTST 24HR 0.12 ON 1- 1 TO 1/4 MILE OR LESS
LOWEST: 14 ON 2 3 = THUNDER
SNOW, ICE PELLETS, HAIL 4 = ICE PELLETS
TOTAL MONTH: M 5 = HAIL
GRTST 24HR M ON M 6 = FREEZING RAIN OR DRIZZLE
GRTST DEPTH: M ON M 7 = DUSTSTORM OR SANDSTORM:
VSBY 1/2 MILE OR LESS
8 = SMOKE OR HAZE
[NO. OF DAYS WITH] [WEATHER - DAYS WITH] 9 = BLOWING SNOW
X = TORNADO
MAX 32 OR BELOW: 0 0.01 INCH OR MORE: 3
MAX 90 OR ABOVE: 0 0.10 INCH OR MORE: 1
MIN 32 OR BELOW: 24 0.50 INCH OR MORE: 0
MIN 0 OR BELOW: 0 1.00 INCH OR MORE: 0
[HDD (BASE 65) ]
TOTAL THIS MO. 848 CLEAR (SCALE 0-3) 26
DPTR FM NORMAL M PTCLDY (SCALE 4-7) 5
TOTAL FM JUL 1 2340 CLOUDY (SCALE 8-10) 0
DPTR FM NORMAL M
[CDD (BASE 65) ]
TOTAL THIS MO. 0
DPTR FM NORMAL M [PRESSURE DATA]
TOTAL FM JAN 1 0 HIGHEST SLP M ON M
DPTR FM NORMAL M LOWEST SLP M ON M
[REMARKS]
#FINAL-01-22#