000
CXUS53 KGRB 200649
CF6STE
PRELIMINARY LOCAL CLIMATOLOGICAL DATA (WS FORM: F-6)
STATION: STEVENS POINT WI
MONTH: OCTOBER
YEAR: 2022
LATITUDE: 44 32 N
LONGITUDE: 89 32 W
TEMPERATURE IN F: :PCPN: SNOW: WIND :SUNSHINE: SKY :PK WND
================================================================================
1 2 3 4 5 6A 6B 7 8 9 10 11 12 13 14 15 16 17 18
12Z AVG MX 2MIN
DY MAX MIN AVG DEP HDD CDD WTR SNW DPTH SPD SPD DIR MIN PSBL S-S WX SPD DR
================================================================================
1 73 38 56 M 9 0 M M M 1.4 6 100 M M 1 M M
2 66 49 58 M 7 0 M M M 5.2 9 90 M M 5 M M
3 71 44 58 M 7 0 M M M 1.7 7 180 M M 1 1 M M
4 74 46 60 M 5 0 M M M 1.9 9 170 M M 1 M M
5 74 42 58 M 7 0 M M M 3.9 12 220 M M 2 18 270
6 62 38 50 M 15 0 0.03 M M 9.2 20 350 M M 5 28 350
7 48 33 41 M 24 0 M M M 5.0 9 330 M M 6 18 340
8 58 33 46 M 19 0 M M M 9.0 17 250 M M 0 29 250
9 64 31 48 M 17 0 M M M 0.6 3 200 M M 2 M M
10 66 37 52 M 13 0 M M M 4.6 9 90 M M 1 M M
11 77 43 60 M 5 0 M M M 8.8 21 190 M M 5 30 190
12 64 44 54 M 11 0 0.14 M M 9.9 15 210 M M 8 24 300
13 44 37 41 M 24 0 M M M 7.6 13 280 M M 10 23 280
14 37 31 34 M 31 0 0.03 M M 4.2 10 230 M M 9 1 M M
15 52 31 42 M 23 0 M M M 6.1 12 210 M M 8 18 220
16 46 36 41 M 24 0 M M M 7.4 16 310 M M 9 23 310
17 39 33 36 M 29 0 M M M 14.1 20 340 M M 10 26 310
18 47 32 40 M 25 0 M M M 13.9 22 350 M M 4 29 340
19 45 27 36 M 29 0 M M M 6.1 12 270 M M 3 21 260
================================================================================
SM 1107 705 324 0 0.20 M 120.4 M 90
================================================================================
AV 58.3 37.1 6.3 FASTST M M 5 MAX(MPH)
MISC ----> 22 350 30 190
================================================================================
NOTES:
# LAST OF SEVERAL OCCURRENCES
COLUMN 17 PEAK WIND IN M.P.H.
PRELIMINARY LOCAL CLIMATOLOGICAL DATA (WS FORM: F-6) , PAGE 2
STATION: STEVENS POINT WI
MONTH: OCTOBER
YEAR: 2022
LATITUDE: 44 32 N
LONGITUDE: 89 32 W
[TEMPERATURE DATA] [PRECIPITATION DATA] SYMBOLS USED IN COLUMN 16
AVERAGE MONTHLY: 47.7 TOTAL FOR MONTH: 0.20 1 = FOG OR MIST
DPTR FM NORMAL: 0.0 DPTR FM NORMAL: 0.20 2 = FOG REDUCING VISIBILITY
HIGHEST: 77 ON 11 GRTST 24HR 0.14 ON 12-12 TO 1/4 MILE OR LESS
LOWEST: 27 ON 19 3 = THUNDER
SNOW, ICE PELLETS, HAIL 4 = ICE PELLETS
TOTAL MONTH: M 5 = HAIL
GRTST 24HR M ON M 6 = FREEZING RAIN OR DRIZZLE
GRTST DEPTH: M ON M 7 = DUSTSTORM OR SANDSTORM:
VSBY 1/2 MILE OR LESS
8 = SMOKE OR HAZE
[NO. OF DAYS WITH] [WEATHER - DAYS WITH] 9 = BLOWING SNOW
X = TORNADO
MAX 32 OR BELOW: 0 0.01 INCH OR MORE: 3
MAX 90 OR ABOVE: 0 0.10 INCH OR MORE: 1
MIN 32 OR BELOW: 5 0.50 INCH OR MORE: 0
MIN 0 OR BELOW: 0 1.00 INCH OR MORE: 0
[HDD (BASE 65) ]
TOTAL THIS MO. 324 CLEAR (SCALE 0-3) 8
DPTR FM NORMAL M PTCLDY (SCALE 4-7) 5
TOTAL FM JUL 1 497 CLOUDY (SCALE 8-10) 6
DPTR FM NORMAL M
[CDD (BASE 65) ]
TOTAL THIS MO. 0
DPTR FM NORMAL M [PRESSURE DATA]
TOTAL FM JAN 1 569 HIGHEST SLP M ON M
DPTR FM NORMAL 569 LOWEST SLP M ON M
[REMARKS]