000
CXUS55 KSTO 020953
CF6STO
PRELIMINARY LOCAL CLIMATOLOGICAL DATA (WS FORM: F-6)
STATION: SACRAMENTO CITY
MONTH: JULY
YEAR: 2023
LATITUDE: 38 36 N
LONGITUDE: 121 23 W
TEMPERATURE IN F: :PCPN: SNOW: WIND :SUNSHINE: SKY :PK WND
================================================================================
1 2 3 4 5 6A 6B 7 8 9 10 11 12 13 14 15 16 17 18
12Z AVG MX 2MIN
DY MAX MIN AVG DEP HDD CDD WTR SNW DPTH SPD SPD DIR MIN PSBL S-S WX SPD DR
================================================================================
1 109 72 91 14 0 26 0.00 0.0 M M M M M M M M M
2 109 74 92 15 0 27 0.00 0.0 M M M M M M M M M
3 97 67 82 5 0 17 0.00 0.0 M M M M M M M M M
4 92 57 75 -2 0 10 0.00 0.0 M M M M M M M M M
5 89 57 73 -4 0 8 0.00 0.0 M M M M M M M M M
6 85 56 71 -6 0 6 0.00 0.0 M M M M M M M M M
7 85 57 71 -7 0 6 0.00 0.0 M M M M M M M M M
8 86 56 71 -7 0 6 0.00 0.0 M M M M M M M M M
9 79 54 67 -11 0 2 0.00 0.0 0 M M M M M M M M
10 94 55 75 -3 0 10 0.00 0.0 M M M M M M M M M
11 99 62 81 3 0 16 0.00 0.0 M M M M M M M M M
12 96 62 79 1 0 14 0.00 0.0 M M M M M M M M M
13 100 63 82 4 0 17 0.00 0.0 M M M M M M M M M
14 104 63 84 6 0 19 0.00 0.0 M M M M M M M M M
15 108 67 88 10 0 23 0.00 0.0 M M M M M M M M M
16 109 73 91 13 0 26 0.00 0.0 M M M M M M M M M
17 103 76 90 12 0 25 0.00 0.0 M M M M M M M M M
18 95 67 81 3 0 16 0.00 0.0 M M M M M M M M M
19 97 58 78 0 0 13 0.00 0.0 M M M M M M M M M
20 104 60 82 4 0 17 0.00 0.0 M M M M M M M M M
21 108 68 88 10 0 23 0.00 0.0 M M M M M M M M M
22 108 70 89 11 0 24 0.00 0.0 M M M M M M M M M
23 101 68 85 7 0 20 0.00 0.0 M M M M M M M M M
24 96 63 80 2 0 15 0.00 0.0 M M M M M M M M M
25 101 64 83 5 0 18 0.00 0.0 M M M M M M M M M
26 97 66 82 4 0 17 0.00 0.0 M M M M M M M M M
27 92 61 77 -1 0 12 0.00 0.0 M M M M M M M M M
28 95 60 78 0 0 13 0.00 0.0 M M M M M M M M M
29 96 61 79 1 0 14 0.00 0.0 M M M M M M M M M
30 98 61 80 2 0 15 0.00 0.0 M M M M M M M M M
31 100 63 82 4 0 17 0.00 0.0 M M M M M M M M M
================================================================================
SM 3032 1961 0 492 0.00 0.0 M M M
================================================================================
AV 97.8 63.3 M FASTST M M M MAX(MPH)
MISC ----> M M M M
================================================================================
NOTES:
# LAST OF SEVERAL OCCURRENCES
COLUMN 17 PEAK WIND IN M.P.H.
PRELIMINARY LOCAL CLIMATOLOGICAL DATA (WS FORM: F-6) , PAGE 2
STATION: SACRAMENTO CITY
MONTH: JULY
YEAR: 2023
LATITUDE: 38 36 N
LONGITUDE: 121 23 W
[TEMPERATURE DATA] [PRECIPITATION DATA] SYMBOLS USED IN COLUMN 16
AVERAGE MONTHLY: 80.5 TOTAL FOR MONTH: 0.00 1 = FOG OR MIST
DPTR FM NORMAL: 2.6 DPTR FM NORMAL: 0.00 2 = FOG REDUCING VISIBILITY
HIGHEST: 109 ON 16, 2 GRTST 24HR 0.00 ON 13-13 TO 1/4 MILE OR LESS
LOWEST: 54 ON 9 3 = THUNDER
SNOW, ICE PELLETS, HAIL 4 = ICE PELLETS
TOTAL MONTH: 0.0 INCH 5 = HAIL
GRTST 24HR 0.0 6 = FREEZING RAIN OR DRIZZLE
GRTST DEPTH: 0 7 = DUSTSTORM OR SANDSTORM:
VSBY 1/2 MILE OR LESS
8 = SMOKE OR HAZE
[NO. OF DAYS WITH] [WEATHER - DAYS WITH] 9 = BLOWING SNOW
X = TORNADO
MAX 32 OR BELOW: 0 0.01 INCH OR MORE: 0
MAX 90 OR ABOVE: 26 0.10 INCH OR MORE: 0
MIN 32 OR BELOW: 0 0.50 INCH OR MORE: 0
MIN 0 OR BELOW: 0 1.00 INCH OR MORE: 0
[HDD (BASE 65) ]
TOTAL THIS MO. 0 CLEAR (SCALE 0-3) 0
DPTR FM NORMAL 0 PTCLDY (SCALE 4-7) 0
TOTAL FM JUL 1 0 CLOUDY (SCALE 8-10) 31
DPTR FM NORMAL 0
[CDD (BASE 65) ]
TOTAL THIS MO. 492
DPTR FM NORMAL 92 [PRESSURE DATA]
TOTAL FM JAN 1 866 HIGHEST SLP M ON M
DPTR FM NORMAL 32 LOWEST SLP M ON M
[REMARKS]
#FINAL-07-23#