000
CXUS54 KEPZ 221307
CF6SVC
PRELIMINARY LOCAL CLIMATOLOGICAL DATA (WS FORM: F-6)
STATION: SILVER CITY
MONTH: AUGUST
YEAR: 2022
LATITUDE: 32 37 N
LONGITUDE: 108 10 W
TEMPERATURE IN F: :PCPN: SNOW: WIND :SUNSHINE: SKY :PK WND
================================================================================
1 2 3 4 5 6A 6B 7 8 9 10 11 12 13 14 15 16 17 18
12Z AVG MX 2MIN
DY MAX MIN AVG DEP HDD CDD WTR SNW DPTH SPD SPD DIR MIN PSBL S-S WX SPD DR
================================================================================
1 94 70 82 M 0 17 0.00 M M 8.1 16 250 M M 5 21 250
2 92 70 81 M 0 16 0.02 M M 10.8 21 290 M M 6 3 35 360
3 95 65 80 M 0 15 0.02 M M 8.2 18 320 M M 4 3 30 0
4 89 64 77 M 0 12 0.13 M M 8.2 16 190 M M 2 3 29 20
5 93 69 81 M 0 16 0.00 M M 6.9 15 10 M M 3 23 290
6 95 67 81 M 0 16 0.00 M M 8.2 14 10 M M 4 24 130
7 95 65 80 M 0 15 0.01 M M 8.0 16 310 M M 6 30 20
8 90 66 78 M 0 13 0.32 M M 7.0 26 90 M M 7 38 33 90
9 88 62 75 M 0 10 0.03 M M 7.4 24 40 M M 3 32 40
10 86 65 76 M 0 11 0.19 M M 8.2 16 70 M M 3 22 70
11 85 66 76 M 0 11 0.00 M M 6.5 13 50 M M 4 20 30
12 87 62 75 M 0 10 0.00 M M 7.1 16 10 M M 4 22 250
13 85 63 74 M 0 9 0.00 M M 8.0 17 360 M M 4 17 330
14 92 66 79 M 0 14 0.00 M M 10.5 17 320 M M 5 29 150
15 93 63 78 M 0 13 0.01 M M 9.5 15 290 M M 5 20 200
16 90 61 76 M 0 11 0.00 M M 7.8 16 300 M M 7 23 190
17 81 61 71 M 0 6 0.13 M M 10.9 21 60 M M 8 30 60
18 81 62 72 M 0 7 0.00 M M 9.7 21 60 M M 8 25 60
19 78 65 72 M 0 7 0.39 M M 7.7 16 120 M M 9 23 120
20 77 64 71 M 0 6 1.16 M M 4.4 13 300 M M 7 M M
21 75 64 70 M 0 5 0.72 M M 3.6 7 160 M M 9 1 M M
22 81 64 73 M 0 8 0.40 M M 5.4 18 290 M M 6 16 160
23 82 64 73 M 0 8 0.14 M M 5.1 22 50 M M 8 33 50
24 81 64 73 M 0 8 0.00 M M 7.9 15 140 M M 4 23 140
25 83 63 73 M 0 8 0.00 M M 6.8 10 140 M M 6 17 120
26 85 60 73 M 0 8 0.00 M M 4.9 9 170 M M 6 M M
27 88 64 76 M 0 11 0.00 M M 8.1 16 300 M M 5 3 21 290
28 88 62 75 M 0 10 0.00 M M 8.6 20 350 M M 6 23 350
29 91 63 77 M 0 12 0.00 M M 6.4 16 40 M M 5 23 40
30 87 58 73 M 0 8 T M M 10.2 28 100 M M 4 8 33 100
31 83 58 71 M 0 6 0.00 M M 7.6 18 100 M M 5 25 80
================================================================================
SM 2690 1980 0 327 3.67 M 237.9 M 168
================================================================================
AV 86.8 63.9 7.7 FASTST M M 5 MAX(MPH)
MISC ----> 28 100 35 360
================================================================================
NOTES:
# LAST OF SEVERAL OCCURRENCES
COLUMN 17 PEAK WIND IN M.P.H.
PRELIMINARY LOCAL CLIMATOLOGICAL DATA (WS FORM: F-6) , PAGE 2
STATION: SILVER CITY
MONTH: AUGUST
YEAR: 2022
LATITUDE: 32 37 N
LONGITUDE: 108 10 W
[TEMPERATURE DATA] [PRECIPITATION DATA] SYMBOLS USED IN COLUMN 16
AVERAGE MONTHLY: 75.3 TOTAL FOR MONTH: 3.67 1 = FOG OR MIST
DPTR FM NORMAL: 0.0 DPTR FM NORMAL: M 2 = FOG REDUCING VISIBILITY
HIGHEST: 95 ON 7, 6 GRTST 24HR 1.16 ON 20-20 TO 1/4 MILE OR LESS
LOWEST: 58 ON 31,30 3 = THUNDER
SNOW, ICE PELLETS, HAIL 4 = ICE PELLETS
TOTAL MONTH: M 5 = HAIL
GRTST 24HR M ON M 6 = FREEZING RAIN OR DRIZZLE
GRTST DEPTH: M ON M 7 = DUSTSTORM OR SANDSTORM:
VSBY 1/2 MILE OR LESS
8 = SMOKE OR HAZE
[NO. OF DAYS WITH] [WEATHER - DAYS WITH] 9 = BLOWING SNOW
X = TORNADO
MAX 32 OR BELOW: 0 0.01 INCH OR MORE: 14
MAX 90 OR ABOVE: 11 0.10 INCH OR MORE: 9
MIN 32 OR BELOW: 0 0.50 INCH OR MORE: 2
MIN 0 OR BELOW: 0 1.00 INCH OR MORE: 1
[HDD (BASE 65) ]
TOTAL THIS MO. 0 CLEAR (SCALE 0-3) 3
DPTR FM NORMAL M PTCLDY (SCALE 4-7) 26
TOTAL FM JUL 1 0 CLOUDY (SCALE 8-10) 2
DPTR FM NORMAL M
[CDD (BASE 65) ]
TOTAL THIS MO. 327
DPTR FM NORMAL M [PRESSURE DATA]
TOTAL FM JAN 1 1308 HIGHEST SLP M ON M
DPTR FM NORMAL M LOWEST SLP M ON M
[REMARKS]
#FINAL-08-22#