000
CXUS54 KEPZ 011130
CF6SVC
PRELIMINARY LOCAL CLIMATOLOGICAL DATA (WS FORM: F-6)
STATION: SILVER CITY
MONTH: NOVEMBER
YEAR: 2021
LATITUDE: 32 37 N
LONGITUDE: 108 10 W
TEMPERATURE IN F: :PCPN: SNOW: WIND :SUNSHINE: SKY :PK WND
================================================================================
1 2 3 4 5 6A 6B 7 8 9 10 11 12 13 14 15 16 17 18
12Z AVG MX 2MIN
DY MAX MIN AVG DEP HDD CDD WTR SNW DPTH SPD SPD DIR MIN PSBL S-S WX SPD DR
================================================================================
1 71 40 56 M 9 0 0.00 M M 7.8 12 260 M M 0 18 260
2 72 42 57 M 8 0 0.00 M M 9.0 14 290 M M 0 18 290
3 72 35 54 M 11 0 0.00 M M 4.3 10 360 M M 1 18 0
4 66 32 49 M 16 0 0.00 M M 5.6 9 350 M M 0 9 210
5 75 36 56 M 9 0 0.00 M M 7.9 12 360 M M 2 22 200
6 77 40 59 M 6 0 0.00 M M 7.2 12 350 M M 2 17 0
7 76 41 59 M 6 0 0.00 M M 7.1 13 200 M M 4 21 200
8 71 42 57 M 8 0 0.00 M M 7.5 12 350 M M 3 M M
9 73 36 55 M 10 0 0.00 M M 8.4 14 310 M M 6 18 310
10 69 33 51 M 14 0 0.00 M M 10.5 15 280 M M 3 22 290
11 69 33 51 M 14 0 0.00 M M 6.4 13 320 M M 3 M M
12 70 31 51 M 14 0 0.00 M M 7.4 12 340 M M 3 M M
13 73 35 54 M 11 0 0.00 M M 7.4 15 290 M M 5 16 280
14 72 39 56 M 9 0 0.00 M M 7.8 13 330 M M 7 M M
15 75 38 57 M 8 0 0.00 M M 11.0 15 320 M M 6 20 300
16 70 40 55 M 10 0 0.00 M M 12.9 23 300 M M 2 29 260
17 66 34 50 M 15 0 0.00 M M 10.1 15 280 M M 0 18 270
18 55 25 40 M 25 0 0.00 M M 6.6 14 160 M M 0 20 160
19 64 29 47 M 18 0 0.00 M M 5.5 10 360 M M 0 M M
20 69 32 51 M 14 0 0.00 M M 9.1 17 300 M M 1 24 270
21 64 34 49 M 16 0 0.00 M M 7.5 16 110 M M 0 M M
22 58 30 44 M 21 0 0.00 M M 5.4 9 140 M M 0 M M
23 68 34 51 M 14 0 0.00 M M 5.4 13 210 M M 2 17 210
24 60 45 53 M 12 0 0.00 M M 9.2 17 310 M M 7 24 310
25 49 30 40 M 25 0 0.00 M M 8.8 22 110 M M 9 25 110
26 58 28 43 M 22 0 0.00 M M 5.7 14 160 M M 2 M M
27 64 32 48 M 17 0 0.00 M M 7.3 13 290 M M 1 M M
28 61 30 46 M 19 0 0.00 M M 6.3 12 350 M M 1 M M
29 64 25 45 M 20 0 0.00 M M 5.4 10 360 M M 2 M M
30 67 33 50 M 15 0 0.00 M M 6.7 13 360 M M 2 M M
================================================================================
SM 2018 1034 416 0 0.00 M 227.3 M 74
================================================================================
AV 67.3 34.5 7.6 FASTST M M 2 MAX(MPH)
MISC ----> 23 300 29 260
================================================================================
NOTES:
# LAST OF SEVERAL OCCURRENCES
COLUMN 17 PEAK WIND IN M.P.H.
PRELIMINARY LOCAL CLIMATOLOGICAL DATA (WS FORM: F-6) , PAGE 2
STATION: SILVER CITY
MONTH: NOVEMBER
YEAR: 2021
LATITUDE: 32 37 N
LONGITUDE: 108 10 W
[TEMPERATURE DATA] [PRECIPITATION DATA] SYMBOLS USED IN COLUMN 16
AVERAGE MONTHLY: 50.9 TOTAL FOR MONTH: 0.00 1 = FOG OR MIST
DPTR FM NORMAL: 0.0 DPTR FM NORMAL: M 2 = FOG REDUCING VISIBILITY
HIGHEST: 77 ON 6 GRTST 24HR 0.00 ON 1- 1 TO 1/4 MILE OR LESS
LOWEST: 25 ON 29,18 3 = THUNDER
SNOW, ICE PELLETS, HAIL 4 = ICE PELLETS
TOTAL MONTH: M 5 = HAIL
GRTST 24HR M ON M 6 = FREEZING RAIN OR DRIZZLE
GRTST DEPTH: M ON M 7 = DUSTSTORM OR SANDSTORM:
VSBY 1/2 MILE OR LESS
8 = SMOKE OR HAZE
[NO. OF DAYS WITH] [WEATHER - DAYS WITH] 9 = BLOWING SNOW
X = TORNADO
MAX 32 OR BELOW: 0 0.01 INCH OR MORE: 0
MAX 90 OR ABOVE: 0 0.10 INCH OR MORE: 0
MIN 32 OR BELOW: 11 0.50 INCH OR MORE: 0
MIN 0 OR BELOW: 0 1.00 INCH OR MORE: 0
[HDD (BASE 65) ]
TOTAL THIS MO. 416 CLEAR (SCALE 0-3) 22
DPTR FM NORMAL M PTCLDY (SCALE 4-7) 7
TOTAL FM JUL 1 706 CLOUDY (SCALE 8-10) 1
DPTR FM NORMAL M
[CDD (BASE 65) ]
TOTAL THIS MO. 0
DPTR FM NORMAL M [PRESSURE DATA]
TOTAL FM JAN 1 1077 HIGHEST SLP M ON M
DPTR FM NORMAL M LOWEST SLP M ON M
[REMARKS]
#FINAL-11-21#