000
CXUS54 KOUN 010910
CF6SWO
PRELIMINARY LOCAL CLIMATOLOGICAL DATA (WS FORM: F-6)
STATION: STILLWATER
MONTH: DECEMBER
YEAR: 2022
LATITUDE: 36 10 N
LONGITUDE: 97 5 W
TEMPERATURE IN F: :PCPN: SNOW: WIND :SUNSHINE: SKY :PK WND
================================================================================
1 2 3 4 5 6A 6B 7 8 9 10 11 12 13 14 15 16 17 18
12Z AVG MX 2MIN
DY MAX MIN AVG DEP HDD CDD WTR SNW DPTH SPD SPD DIR MIN PSBL S-S WX SPD DR
================================================================================
1 57 29 43 -2 22 0 0.00 M M 13.9 29 190 M M 5 36 180
2 66 42 54 10 11 0 0.00 M M 17.4 37 350 M M 8 1 46 340
3 45 28 37 -7 28 0 0.00 M M 7.9 20 350 M M 0 26 360
4 53 33 43 -1 22 0 0.00 M M 6.5 15 170 M M 4 19 170
5 71 41 56 13 9 0 0.00 M M 8.5 16 30 M M 5 1 24 180
6 50 41 46 3 19 0 0.00 M M 5.7 16 320 M M 10 1 21 320
7 52 45 49 6 16 0 0.24 M M 3.8 10 110 M M 10 1 12 40
8 59 46 53 11 12 0 0.11 M M 4.9 12 180 M M 9 12 15 180
9 54 34 44 2 21 0 0.18 M M 4.5 12 80 M M 3 1 16 350
10 51 35 43 1 22 0 0.49 M M 4.9 14 360 M M 8 123 18 10
11 47 34 41 -1 24 0 0.00 M M 4.5 12 80 M M 10 128 15 70
12 56 47 52 10 13 0 0.09 M M 13.1 25 150 M M 10 1 32 140
13 63 38 51 10 14 0 0.70 M M 11.5 28 150 M M 4 13 37 160
14 46 29 38 -3 27 0 0.00 M M 9.4 20 290 M M 0 27 280
15 46 30 38 -3 27 0 0.00 M M 9.6 23 270 M M 0 32 260
16 45 28 37 -3 28 0 0.00 M M 11.4 26 310 M M 3 35 310
17 46 23 35 -5 30 0 0.00 M M 5.8 16 290 M M 0 24 330
18 56 20 38 -2 27 0 0.00 M M 8.8 20 170 M M 1 23 150
19 56 44 50 10 15 0 0.00 M M 13.6 24 160 M M 8 32 150
20 44 23 34 -6 31 0 0.00 M M 7.1 18 350 M M 7 23 350
21 44 25 35 -5 30 0 0.00 M M 7.7 20 180 M M 9 18 25 180
22 42 2 22 -17 43 0 0.01 M M 17.0 33 350 M M 7 1689 43 360
23 19 3 11 -28 54 0 0.00 M M 11.4 22 320 M M 0 28 290
24 32 9 21 -18 44 0 0.00 M M 4.4 9 330 M M 0 12 320
25 42 14 28 -11 37 0 0.00 M M 6.9 14 180 M M 1 17 170
26 45 14 30 -9 35 0 0.00 M M 10.3 29 360 M M 3 39 350
27 53 14 34 -5 31 0 0.00 M M 14.4 24 170 M M 0 31 180
28 66 40 53 14 12 0 0.00 M M 21.1 31 190 M M 0 39 190
29 69 40 55 16 10 0 0.00 M M 13.5 26 220 M M 0 37 210
30 58 27 43 5 22 0 0.00 M M 4.8 10 20 M M 0 13 330
31 67 32 50 12 15 0 0.00 M M 8.4 22 200 M M 0 26 210
================================================================================
SM 1600 910 751 0 1.82 M 292.7 M 125
================================================================================
AV 51.6 29.4 9.4 FASTST M M 4 MAX(MPH)
MISC ----> 37 350 46 340
================================================================================
NOTES:
# LAST OF SEVERAL OCCURRENCES
COLUMN 17 PEAK WIND IN M.P.H.
PRELIMINARY LOCAL CLIMATOLOGICAL DATA (WS FORM: F-6) , PAGE 2
STATION: STILLWATER
MONTH: DECEMBER
YEAR: 2022
LATITUDE: 36 10 N
LONGITUDE: 97 5 W
[TEMPERATURE DATA] [PRECIPITATION DATA] SYMBOLS USED IN COLUMN 16
AVERAGE MONTHLY: 40.5 TOTAL FOR MONTH: 1.82 1 = FOG OR MIST
DPTR FM NORMAL: -0.4 DPTR FM NORMAL: 0.31 2 = FOG REDUCING VISIBILITY
HIGHEST: 71 ON 5 GRTST 24HR 0.79 ON 12-13 TO 1/4 MILE OR LESS
LOWEST: 2 ON 22 3 = THUNDER
SNOW, ICE PELLETS, HAIL 4 = ICE PELLETS
TOTAL MONTH: M 5 = HAIL
GRTST 24HR M ON M 6 = FREEZING RAIN OR DRIZZLE
GRTST DEPTH: M ON M 7 = DUSTSTORM OR SANDSTORM:
VSBY 1/2 MILE OR LESS
8 = SMOKE OR HAZE
[NO. OF DAYS WITH] [WEATHER - DAYS WITH] 9 = BLOWING SNOW
X = TORNADO
MAX 32 OR BELOW: 2 0.01 INCH OR MORE: 7
MAX 90 OR ABOVE: 0 0.10 INCH OR MORE: 5
MIN 32 OR BELOW: 17 0.50 INCH OR MORE: 1
MIN 0 OR BELOW: 0 1.00 INCH OR MORE: 0
[HDD (BASE 65) ]
TOTAL THIS MO. 751 CLEAR (SCALE 0-3) 16
DPTR FM NORMAL 3 PTCLDY (SCALE 4-7) 9
TOTAL FM JUL 1 1382 CLOUDY (SCALE 8-10) 6
DPTR FM NORMAL 8
[CDD (BASE 65) ]
TOTAL THIS MO. 0
DPTR FM NORMAL -1 [PRESSURE DATA]
TOTAL FM JAN 1 2681 HIGHEST SLP 30.78 ON 23
DPTR FM NORMAL 487 LOWEST SLP 29.52 ON 28
[REMARKS]
#FINAL-12-22#