000
CXUS52 KTBW 261311
CF6TBW
PRELIMINARY LOCAL CLIMATOLOGICAL DATA (WS FORM: F-6)
STATION: RUSKIN WFO
MONTH: MARCH
YEAR: 2022
LATITUDE: 27 42 N
LONGITUDE: 82 24 W
TEMPERATURE IN F: :PCPN: SNOW: WIND :SUNSHINE: SKY :PK WND
================================================================================
1 2 3 4 5 6A 6B 7 8 9 10 11 12 13 14 15 16 17 18
12Z AVG MX 2MIN
DY MAX MIN AVG DEP HDD CDD WTR SNW DPTH SPD SPD DIR MIN PSBL S-S WX SPD DR
================================================================================
1 77 58 68 2 0 3 0.00 0.0 0 M M M M M M M M
2 78 52 65 -1 0 0 0.00 0.0 0 M M M M M M M M
3 82 54 68 2 0 3 0.00 0.0 0 M M M M M M M M
4 86 59 73 7 0 8 0.00 0.0 0 M M M M M M M M
5 86 60 73 7 0 8 0.00 0.0 0 M M M M M M M M
6 88 63 76 10 0 11 0.00 0.0 0 M M M M M M M M
7 88 63 76 10 0 11 0.00 0.0 0 M M M M M M M M
8 85 69 77 11 0 12 0.03 0.0 0 M M M M M M M M
9 85 69 77 10 0 12 0.00 0.0 0 M M M M M M M M
10 83 69 76 9 0 11 0.12 0.0 0 M M M M M M M M
11 86 68 77 10 0 12 0.02 0.0 0 M M M M M M M M
12 77 47 62 -5 3 0 0.11 0.0 0 M M M M M M 13 M M
13 70 39 55 -12 10 0 0.00 0.0 0 M M M M M M M M
14 81 51 66 -1 0 1 0.00 0.0 0 M M M M M M M M
15 85 64 75 8 0 10 0.62 0.0 0 M M M M M M 3 M M
16 79 65 72 5 0 7 0.40 0.0 0 M M M M M M 13 M M
17 86 60 73 5 0 8 0.00 0.0 0 M M M M M M M M
18 88 61 75 7 0 10 0.00 0.0 0 M M M M M M M M
19 85 63 74 6 0 9 0.00 0.0 0 M M M M M M M M
20 81 64 73 5 0 8 0.00 0.0 0 M M M M M M M M
21 84 55 70 2 0 5 0.00 0.0 0 M M M M M M M M
22 88 61 75 7 0 10 0.00 0.0 0 M M M M M M M M
23 86 68 77 9 0 12 0.00 0.0 0 M M M M M M M M
24 80 65 73 5 0 8 0.36 0.0 0 M M M M M M M M
25 75 62 69 0 0 4 0.01 0.0 0 M M M M M 0 M M
26 75 56 66 -3 0 1 0.00 0.0 0 M M M M M M M M
27 78 59 69 0 0 4 0.00 0.0 0 M M M M M M M M
28 81 56 69 0 0 4 0.00 0.0 0 M M M M M M M M
29 89 58 74 5 0 9 0.00 0.0 0 M M M M M M M M
30 89 60 75 6 0 10 0.00 0.0 0 M M M M M M M M
31 85 68 77 7 0 12 0.00 0.0 0 M M M M M M M M
================================================================================
SM 2566 1866 13 223 1.67 0.0 M M 0
================================================================================
AV 82.8 60.2 M FASTST M M 0 MAX(MPH)
MISC ----> M M M M
================================================================================
NOTES:
# LAST OF SEVERAL OCCURRENCES
COLUMN 17 PEAK WIND IN M.P.H.
PRELIMINARY LOCAL CLIMATOLOGICAL DATA (WS FORM: F-6) , PAGE 2
STATION: RUSKIN WFO
MONTH: MARCH
YEAR: 2022
LATITUDE: 27 42 N
LONGITUDE: 82 24 W
[TEMPERATURE DATA] [PRECIPITATION DATA] SYMBOLS USED IN COLUMN 16
AVERAGE MONTHLY: 71.5 TOTAL FOR MONTH: 1.67 1 = FOG OR MIST
DPTR FM NORMAL: 4.0 DPTR FM NORMAL: -1.29 2 = FOG REDUCING VISIBILITY
HIGHEST: 89 ON 30,29 GRTST 24HR 0.62 ON 15-15 TO 1/4 MILE OR LESS
LOWEST: 39 ON 13 3 = THUNDER
SNOW, ICE PELLETS, HAIL 4 = ICE PELLETS
TOTAL MONTH: 0.0 INCH 5 = HAIL
GRTST 24HR 0.0 6 = FREEZING RAIN OR DRIZZLE
GRTST DEPTH: 0 7 = DUSTSTORM OR SANDSTORM:
VSBY 1/2 MILE OR LESS
8 = SMOKE OR HAZE
[NO. OF DAYS WITH] [WEATHER - DAYS WITH] 9 = BLOWING SNOW
X = TORNADO
MAX 32 OR BELOW: 0 0.01 INCH OR MORE: 8
MAX 90 OR ABOVE: 0 0.10 INCH OR MORE: 5
MIN 32 OR BELOW: 0 0.50 INCH OR MORE: 1
MIN 0 OR BELOW: 0 1.00 INCH OR MORE: 0
[HDD (BASE 65) ]
TOTAL THIS MO. 13 CLEAR (SCALE 0-3) 1
DPTR FM NORMAL -40 PTCLDY (SCALE 4-7) 0
TOTAL FM JUL 1 298 CLOUDY (SCALE 8-10) 30
DPTR FM NORMAL -189
[CDD (BASE 65) ]
TOTAL THIS MO. 223
DPTR FM NORMAL 93 [PRESSURE DATA]
TOTAL FM JAN 1 378 HIGHEST SLP M ON M
DPTR FM NORMAL 125 LOWEST SLP M ON M
[REMARKS]
#FINAL-03-22#