000
CXUS52 KTBW 011000
CF6TBW
PRELIMINARY LOCAL CLIMATOLOGICAL DATA (WS FORM: F-6)
STATION: Ruskin WFO
MONTH: AUGUST
YEAR: 2020
LATITUDE: 27 42 N
LONGITUDE: 82 24 W
TEMPERATURE IN F: :PCPN: SNOW: WIND :SUNSHINE: SKY :PK WND
================================================================================
1 2 3 4 5 6A 6B 7 8 9 10 11 12 13 14 15 16 17 18
12Z AVG MX 2MIN
DY MAX MIN AVG DEP HDD CDD WTR SNW DPTH SPD SPD DIR MIN PSBL S-S WX SPD DR
================================================================================
1 96 76 86 M 0 21 0.00 0.0 0 M M M M M M M M
2 92 76 84 M 0 19 0.07 0.0 0 M M M M M M M M
3 92 75 84 M 0 19 0.00 0.0 0 M M M M M M M M
4 92 75 84 M 0 19 T 0.0 0 M M M M M M M M
5 91 73 82 M 0 17 0.11 0.0 0 M M M M M M 3 M M
6 92 73 83 M 0 18 0.27 0.0 0 M M M M M M 13 M M
7 93 73 83 M 0 18 0.00 0.0 0 M M M M M M M M
8 96 73 85 M 0 20 0.26 0.0 0 M M M M M M 13 M M
9 96 74 85 M 0 20 0.33 0.0 0 M M M M M M 13 M M
10 94 74 84 M 0 19 0.49 0.0 0 M M M M M M 13 M M
11 94 74 84 M 0 19 0.00 0.0 0 M M M M M M 3 M M
12 93 72 83 M 0 18 0.00 0.0 0 M M M M M M 3 M M
13 92 75 84 M 0 19 0.01 0.0 0 M M M M M M 3 M M
14 93 76 85 M 0 20 0.02 0.0 0 M M M M M M 3 M M
15 92 74 83 M 0 18 0.18 0.0 0 M M M M M M 3 M M
16 89 76 83 M 0 18 0.44 0.0 0 M M M M M M 13 M M
17 91 73 82 M 0 17 0.43 0.0 0 M M M M M M 13 M M
18 91 73 82 M 0 17 2.00 0.0 0 M M M M M M 13 M M
19 86 73 80 M 0 15 0.03 0.0 0 M M M M M M 3 M M
20 90 73 82 M 0 17 1.46 0.0 0 M M M M M M 13 M M
21 90 72 81 M 0 16 1.10 0.0 0 M M M M M M 13 M M
22 87 72 80 M 0 15 0.16 0.0 0 M M M M M M 3 M M
23 95 73 84 M 0 19 0.03 0.0 0 M M M M M M 3 M M
24 92 77 85 M 0 20 0.54 0.0 0 M M M M M M 13 M M
25 96 78 87 M 0 22 0.00 0.0 0 M M M M M M M M
26 96 78 87 M 0 22 0.00 0.0 0 M M M M M M M M
27 94 77 86 M 0 21 0.01 0.0 0 M M M M M M M M
28 92 77 85 M 0 20 0.20 0.0 0 M M M M M M 3 M M
29 93 75 84 M 0 19 0.32 0.0 0 M M M M M M 3 M M
30 85 73 79 M 0 14 1.74 0.0 0 M M M M M M 3 M M
31 90 73 82 M 0 17 0.03 0.0 0 M M M M M M 3 M M
================================================================================
SM 2855 2306 0 573 10.23 0.0 M M M
================================================================================
AV 92.1 74.4 M FASTST M M 3 MAX(MPH)
MISC ----> M M M M
================================================================================
NOTES:
# LAST OF SEVERAL OCCURRENCES
COLUMN 17 PEAK WIND IN M.P.H.
PRELIMINARY LOCAL CLIMATOLOGICAL DATA (WS FORM: F-6) , PAGE 2
STATION: Ruskin WFO
MONTH: AUGUST
YEAR: 2020
LATITUDE: 27 42 N
LONGITUDE: 82 24 W
[TEMPERATURE DATA] [PRECIPITATION DATA] SYMBOLS USED IN COLUMN 16
AVERAGE MONTHLY: 83.2 TOTAL FOR MONTH: 10.23 1 = FOG OR MIST
DPTR FM NORMAL: M DPTR FM NORMAL: M 2 = FOG REDUCING VISIBILITY
HIGHEST: 96 ON 26,25 GRTST 24HR 2.00 ON 18-18 TO 1/4 MILE OR LESS
LOWEST: 72 ON 22,21 3 = THUNDER
SNOW, ICE PELLETS, HAIL 4 = ICE PELLETS
TOTAL MONTH: 0.0 INCH 5 = HAIL
GRTST 24HR 0.0 6 = FREEZING RAIN OR DRIZZLE
GRTST DEPTH: 0 7 = DUSTSTORM OR SANDSTORM:
VSBY 1/2 MILE OR LESS
8 = SMOKE OR HAZE
[NO. OF DAYS WITH] [WEATHER - DAYS WITH] 9 = BLOWING SNOW
X = TORNADO
MAX 32 OR BELOW: 0 0.01 INCH OR MORE: 23
MAX 90 OR ABOVE: 27 0.10 INCH OR MORE: 16
MIN 32 OR BELOW: 0 0.50 INCH OR MORE: 5
MIN 0 OR BELOW: 0 1.00 INCH OR MORE: 4
[HDD (BASE 65) ]
TOTAL THIS MO. 0 CLEAR (SCALE 0-3) 0
DPTR FM NORMAL M PTCLDY (SCALE 4-7) 0
TOTAL FM JUL 1 0 CLOUDY (SCALE 8-10) 0
DPTR FM NORMAL M
[CDD (BASE 65) ]
TOTAL THIS MO. 573
DPTR FM NORMAL M [PRESSURE DATA]
TOTAL FM JAN 1 2862 HIGHEST SLP M ON M
DPTR FM NORMAL M LOWEST SLP M ON M
[REMARKS]
#FINAL-08-20#