000
CXUS54 KBMX 051522
CLMTCL
CLIMATE REPORT
NATIONAL WEATHER SERVICE BIRMINGHAM AL
922 AM CST SUN NOV 05 2023
...................................
...THE TUSCALOOSA CLIMATE SUMMARY FOR THE MONTH OF OCTOBER 2023...
CLIMATE NORMAL PERIOD 1991 TO 2020
CLIMATE RECORD PERIOD 1948 TO 2023
WEATHER OBSERVED NORMAL DEPART LAST YEAR`S
VALUE DATE(S) VALUE FROM VALUE DATE(S)
NORMAL
................................................................
TEMPERATURE (F)
RECORD
HIGH 101 10/02/2019
LOW 23 10/30/1952
HIGHEST 90 10/01 MM MM 87 10/07
LOWEST 42 10/08 MM MM 31 10/19
10/20
AVG. MAXIMUM 79.0 76.9 2.1 76.8
AVG. MINIMUM 53.8 53.4 0.4 47.5
MEAN 66.4 62.2
DAYS MAX >= 90 1 1.6 -0.6 0
DAYS MAX <= 32 0 0.0 0.0 0
DAYS MIN <= 32 0 0.5 -0.5 2
DAYS MIN <= 0 0 0.0 0.0 0
PRECIPITATION (INCHES)
RECORD
MAXIMUM 13.28 2019
MINIMUM 0.00 1963
TOTALS 0.48 3.54 -3.06 2.86
DAILY AVG. 0.02 0.11 -0.09
DAYS >= .01 4 8.7 -4.7
DAYS >= .10 2 4.4 -2.4
DAYS >= .50 0 2.0 -2.0
DAYS >= 1.00 0 0.9 -0.9
DEGREE DAYS
HEATING TOTAL 66 100 -34 103
SINCE 7/1 66 104 -38 MM
COOLING TOTAL 114 105 9 24
SINCE 1/1 2354 2243 111 MM
................................................................
WIND (MPH)
AVERAGE WIND SPEED 4.5
HIGHEST WIND SPEED/DIRECTION 24/260 DATE 10/20
HIGHEST GUST SPEED/DIRECTION 37/270 DATE 10/20
AVERAGE RH (PERCENT) 67
WEATHER CONDITIONS. NUMBER OF DAYS WITH
THUNDERSTORM 0 MIXED PRECIP 0
HEAVY RAIN 1 RAIN 3
LIGHT RAIN 7 FREEZING RAIN 0
LT FREEZING RAIN 0 HAIL 0
HEAVY SNOW 0 SNOW 0
LIGHT SNOW 0 SLEET 0
FOG 12 FOG W/VIS <= 1/4 MILE 1
HAZE 4
- INDICATES NEGATIVE NUMBERS.
R INDICATES RECORD WAS SET OR TIED.
MM INDICATES DATA IS MISSING.
T INDICATES TRACE AMOUNT.
$$