000
CXUS54 KFWD 010731
CF6TKI
PRELIMINARY LOCAL CLIMATOLOGICAL DATA (WS FORM: F-6)
STATION: MCKINNEY
MONTH: AUGUST
YEAR: 2023
LATITUDE: 33 10 N
LONGITUDE: 96 35 W
TEMPERATURE IN F: :PCPN: SNOW: WIND :SUNSHINE: SKY :PK WND
================================================================================
1 2 3 4 5 6A 6B 7 8 9 10 11 12 13 14 15 16 17 18
12Z AVG MX 2MIN
DY MAX MIN AVG DEP HDD CDD WTR SNW DPTH SPD SPD DIR MIN PSBL S-S WX SPD DR
================================================================================
1 104 79 92 6 0 27 0.00 M M 5.9 15 110 M M 0 24 160
2 104 78 91 5 0 26 0.00 M M 7.9 20 140 M M 0 26 150
3 102 80 91 5 0 26 0.00 M M 10.0 18 150 M M 0 23 160
4 102 82 92 6 0 27 0.00 M M 8.7 15 150 M M 0 22 140
5 103 82 93 7 0 28 0.00 M M 8.2 17 180 M M 0 21 200
6 101 79 90 4 0 25 0.00 M M 8.9 20 120 M M 0 28 140
7 99 79 89 3 0 24 0.00 M M 6.9 17 20 M M 0 22 40
8 97 79 88 2 0 23 0.01 M M 9.5 21 70 M M M 29 70
9 104 82 93 8 0 28 0.00 M M 13.7 29 350 M M M 36 350
10 102 80 91 6 0 26 0.00 M M 8.5 21 180 M M M 28 190
11 104 83 94 9 0 29 0.00 M M 12.6 21 170 M M M 28 180
12 103 82 93 8 0 28 0.00 M M 12.0 20 180 M M M 28 190
13 104 80 92 7 0 27 0.00 M M 10.5 20 190 M M M 26 130
14 97 76 87 2 0 22 0.00 M M 10.0 20 10 M M M 27 350
15 93 73 83 -2 0 18 0.00 M M 7.3 17 20 M M M 22 350
16 94 62 78 -7 0 13 0.00 M M 2.8 10 40 M M M 15 90
17 106 69 88 4 0 23 0.00 M M 6.7 16 140 M M 0 21 130
18 108 75 92 8 0 27 0.00 M M 6.2 15 150 M M 0 21 150
19 105 76 91 7 0 26 0.00 M M 4.8 14 180 M M 0 19 180
20 108 76 92 8 0 27 0.00 M M 6.1 16 70 M M 0 23 80
21 104 76 90 6 0 25 0.00 0.0 M 7.6 17 60 M M 0 23 60
22 102 80 91 7 0 26 0.00 M M 5.0 15 130 M M 0 22 130
23 101 78 90 6 0 25 0.00 M M 3.8 14 180 M M 0 17 170
24 105 78 92 9 0 27 0.00 M M 3.5 12 70 M M 1 14 80
25 107 78 93 10 0 28 0.00 M M 3.9 12 160 M M 0 18 150
26 107 79 93 10 0 28 0.00 M M 4.1 16 350 M M 0 18 360
27 100 82 91 8 0 26 0.00 M M 11.1 21 10 M M 1 29 10
28 94 75 85 3 0 20 0.00 M M 9.6 17 10 M M 3 24 10
29 98 71 85 3 0 20 0.00 M M 6.3 16 30 M M 1 24 20
30 97 72 85 3 0 20 0.00 M M 6.8 18 20 M M 1 25 10
31 96 68 82 0 0 17 0.00 M M 5.6 15 150 M M 0 21 130
================================================================================
SM 3151 2389 0 762 0.01 0.0 234.5 M 7
================================================================================
AV101.6 77.1 7.6 FASTST M M 0 MAX(MPH)
MISC ----> 29 350 36 350
================================================================================
NOTES:
# LAST OF SEVERAL OCCURRENCES
COLUMN 17 PEAK WIND IN M.P.H.
PRELIMINARY LOCAL CLIMATOLOGICAL DATA (WS FORM: F-6) , PAGE 2
STATION: MCKINNEY
MONTH: AUGUST
YEAR: 2023
LATITUDE: 33 10 N
LONGITUDE: 96 35 W
[TEMPERATURE DATA] [PRECIPITATION DATA] SYMBOLS USED IN COLUMN 16
AVERAGE MONTHLY: 89.4 TOTAL FOR MONTH: 0.01 1 = FOG OR MIST
DPTR FM NORMAL: 5.1 DPTR FM NORMAL: -1.72 2 = FOG REDUCING VISIBILITY
HIGHEST: 108 ON 20,18 GRTST 24HR 0.01 ON 8- 8 TO 1/4 MILE OR LESS
LOWEST: 62 ON 16 3 = THUNDER
SNOW, ICE PELLETS, HAIL 4 = ICE PELLETS
TOTAL MONTH: 0.0 INCH 5 = HAIL
GRTST 24HR 0.0 6 = FREEZING RAIN OR DRIZZLE
GRTST DEPTH: M ON M 7 = DUSTSTORM OR SANDSTORM:
VSBY 1/2 MILE OR LESS
8 = SMOKE OR HAZE
[NO. OF DAYS WITH] [WEATHER - DAYS WITH] 9 = BLOWING SNOW
X = TORNADO
MAX 32 OR BELOW: 0 0.01 INCH OR MORE: 1
MAX 90 OR ABOVE: 31 0.10 INCH OR MORE: 0
MIN 32 OR BELOW: 0 0.50 INCH OR MORE: 0
MIN 0 OR BELOW: 0 1.00 INCH OR MORE: 0
[HDD (BASE 65) ]
TOTAL THIS MO. 0 CLEAR (SCALE 0-3) 22
DPTR FM NORMAL 0 PTCLDY (SCALE 4-7) 0
TOTAL FM JUL 1 0 CLOUDY (SCALE 8-10) 9
DPTR FM NORMAL 0
[CDD (BASE 65) ]
TOTAL THIS MO. 762
DPTR FM NORMAL 164 [PRESSURE DATA]
TOTAL FM JAN 1 2219 HIGHEST SLP M ON M
DPTR FM NORMAL 196 LOWEST SLP 29.61 ON 9
[REMARKS]
#FINAL-08-23#