000
CXUS52 KMFL 011000
CF6TMB
PRELIMINARY LOCAL CLIMATOLOGICAL DATA (WS FORM: F-6)
STATION: KENDALL-TAMIAMI EXEC ARPT
MONTH: MARCH
YEAR: 2020
LATITUDE: 25 38 N
LONGITUDE: 80 26 W
TEMPERATURE IN F: :PCPN: SNOW: WIND :SUNSHINE: SKY :PK WND
================================================================================
1 2 3 4 5 6A 6B 7 8 9 10 11 12 13 14 15 16 17 18
12Z AVG MX 2MIN
DY MAX MIN AVG DEP HDD CDD WTR SNW DPTH SPD SPD DIR MIN PSBL S-S WX SPD DR
================================================================================
1 76 50 63 -6 2 0 0.00 0.0 0 11.3 22 80 M M 3 31 80
2 79 63 71 2 0 6 0.00 0.0 0 10.1 22 110 M M 4 29 110
3 82 63 73 4 0 8 T 0.0 0 7.8 17 130 M M 5 25 150
4 86 66 76 7 0 11 0.00 0.0 0 7.1 16 140 M M 2 1 23 140
5 91 73 82 12 0 17 0.00 0.0 0 7.4 15 220 M M 2 20 200
6 85 67 76 6 0 11 0.04 0.0 0 10.6 33 270 M M 5 13 42 270
7 77 56 67 -3 0 2 0.00 0.0 0 15.4 26 40 M M 2 30 40
8 76 67 72 2 0 7 0.00 0.0 0 18.1 30 80 M M 8 38 80
9 79 68 74 4 0 9 T 0.0 0 18.3 31 90 M M 8 38 100
10 81 68 75 5 0 10 T 0.0 0 12.9 24 100 M M 4 31 90
11 82 63 73 3 0 8 0.01 0.0 0 8.1 20 110 M M 4 24 110
12 84 63 74 4 0 9 0.00 0.0 0 7.6 17 100 M M 2 23 100
13 84 63 74 4 0 9 0.00 0.0 0 6.9 16 80 M M 0 25 130
14 M M M M M M 0.00 0.0 0 8.2 13 100 M M 3 M M
15 84 67 76 6 0 11 0.00 0.0 0 8.0 15 110 M M 0 18 110
16 84 64 74 4 0 9 0.00 0.0 0 8.6 17 90 M M 2 1 37 180
17 84 67 76 6 0 11 T 0.0 0 8.9 18 100 M M 2 22 90
18 83 67 75 5 0 10 0.00 0.0 0 9.8 20 90 M M 1 27 120
19 84 72 78 8 0 13 0.00 0.0 0 13.5 22 100 M M 3 29 100
20 85 74 80 10 0 15 T 0.0 0 12.2 21 110 M M 5 26 90
21 85 68 77 7 0 12 0.00 0.0 0 9.9 16 90 M M 2 21 110
22 86 63 75 5 0 10 0.00 0.0 0 7.3 17 90 M M 4 1 22 110
23 85 65 75 5 0 10 T 0.0 0 6.3 20 120 M M 2 23 120
24 86 66 76 6 0 11 0.02 0.0 0 5.3 15 140 M M 3 1 20 130
25 91 64 78 8 0 13 0.00 0.0 0 6.1 18 260 M M 1 1 23 250
26 90 64 77 7 0 12 0.00 0.0 0 5.0 17 100 M M 2 12 19 100
27 88 65 77 7 0 12 0.00 0.0 0 6.1 17 120 M M 1 1 21 130
28 85 62 74 3 0 9 0.00 0.0 0 7.6 20 120 M M 1 24 110
29 88 68 78 7 0 13 0.00 0.0 0 8.7 16 110 M M 2 19 110
30 88 67 78 7 0 13 0.00 0.0 0 5.1 14 150 M M 3 21 90
31 92 65 79 8 0 14 0.00 0.0 0 8.1 22 260 M M 3 1 27 270
================================================================================
SM 2530 1958 2 305 0.07 0.0 286.3 M 89
================================================================================
AV 84.3 65.3 9.2 FASTST M M 3 MAX(MPH)
MISC ----> # 33 270 # 42 270
================================================================================
NOTES:
# LAST OF SEVERAL OCCURRENCES
COLUMN 17 PEAK WIND IN M.P.H.
PRELIMINARY LOCAL CLIMATOLOGICAL DATA (WS FORM: F-6) , PAGE 2
STATION: KENDALL-TAMIAMI EXEC ARPT
MONTH: MARCH
YEAR: 2020
LATITUDE: 25 38 N
LONGITUDE: 80 26 W
[TEMPERATURE DATA] [PRECIPITATION DATA] SYMBOLS USED IN COLUMN 16
AVERAGE MONTHLY: 74.8 TOTAL FOR MONTH: 0.07 1 = FOG OR MIST
DPTR FM NORMAL: 4.9 DPTR FM NORMAL: -2.80 2 = FOG REDUCING VISIBILITY
HIGHEST: 92 ON 31 GRTST 24HR 0.04 ON 6- 6 TO 1/4 MILE OR LESS
LOWEST: 50 ON 1 3 = THUNDER
SNOW, ICE PELLETS, HAIL 4 = ICE PELLETS
TOTAL MONTH: 0.0 INCH 5 = HAIL
GRTST 24HR 0.0 6 = FREEZING RAIN OR DRIZZLE
GRTST DEPTH: 0 7 = DUSTSTORM OR SANDSTORM:
VSBY 1/2 MILE OR LESS
8 = SMOKE OR HAZE
[NO. OF DAYS WITH] [WEATHER - DAYS WITH] 9 = BLOWING SNOW
X = TORNADO
MAX 32 OR BELOW: 0 0.01 INCH OR MORE: 3
MAX 90 OR ABOVE: 4 0.10 INCH OR MORE: 0
MIN 32 OR BELOW: 0 0.50 INCH OR MORE: 0
MIN 0 OR BELOW: 0 1.00 INCH OR MORE: 0
[HDD (BASE 65) ]
TOTAL THIS MO. 2 CLEAR (SCALE 0-3) 19
DPTR FM NORMAL -17 PTCLDY (SCALE 4-7) 12
TOTAL FM JUL 1 64 CLOUDY (SCALE 8-10) 0
DPTR FM NORMAL -133
[CDD (BASE 65) ]
TOTAL THIS MO. 305
DPTR FM NORMAL 134 [PRESSURE DATA]
TOTAL FM JAN 1 661 HIGHEST SLP 30.42 ON 9
DPTR FM NORMAL 271 LOWEST SLP 29.81 ON 31
[REMARKS]
#FINAL-03-20#