000
CXUS51 KCLE 041715
CLSTOL
CLIMATE REPORT
NATIONAL WEATHER SERVICE CLEVELAND, OH
115 PM EDT MON SEP 04 2023
...................................
...THE TOLEDO OH CLIMATE SUMMARY FOR THE SEASON, FROM
6/1/2023 TO 8/31/2023...
CLIMATE NORMAL PERIOD 1991 TO 2020
CLIMATE RECORD PERIOD 1873 TO 2023
WEATHER OBSERVED NORMAL DEPART
VALUE DATE(S) VALUE FROM
NORMAL
................................................
TEMPERATURE (F)
RECORD
HIGH 105 07/14/1936
LOW 32 06/11/1972
HIGHEST 93 08/23
LOWEST 47 06/07
AVG. MAXIMUM 83.0 84.5 -1.5
AVG. MINIMUM 61.3 62.5 -1.2
MEAN 72.1 73.5 -1.4
DAYS MAX >= 90 7 15.7
DAYS MAX <= 32 0 0.0
DAYS MIN <= 32 0 0.0
DAYS MIN <= 0 0 0.0
PRECIPITATION (INCHES)
RECORD
MAXIMUM 16.64 1989
MINIMUM 2.78 1894
TOTALS 11.83 9.87 1.96
DAYS >= .01 26 29.5
DAYS >= .10 17 17.8
DAYS >= .50 7 6.7
DAYS >= 1.00 3 2.3
SNOWFALL (INCHES)
RECORDS
TOTAL T 2012
TOTALS 0.0 0.0
DAYS >= TRACE 0
DAYS >= 1.0 0 0.0
DEGREE DAYS
HEATING TOTAL 17 25 -8
COOLING TOTAL 671 805 -134
................................................
WIND (MPH)
HIGHEST GUST SPEED/DIRECTION 53/280 DATE 06/25
SKY COVER
POSSIBLE SUNSHINE (PERCENT) MM
NUMBER OF DAYS FAIR 55
NUMBER OF DAYS PC 23
NUMBER OF DAYS CLOUDY 11
WEATHER CONDITIONS. NUMBER OF DAYS WITH
THUNDERSTORM 18 MIXED PRECIP 0
HEAVY RAIN 15 RAIN 15
LIGHT RAIN 28 FREEZING RAIN 0
LT FREEZING RAIN 0 HAIL 0
HEAVY SNOW 0 SNOW 0
LIGHT SNOW 0 SLEET 0
FOG 51 FOG W/VIS <= 1/4 MILE 3
HAZE 32
- INDICATES NEGATIVE NUMBERS.
R INDICATES RECORD WAS SET OR TIED.
MM INDICATES DATA IS MISSING.
T INDICATES TRACE AMOUNT.
$$