000
CXUS52 KTBW 071344
CF6TPA
PRELIMINARY LOCAL CLIMATOLOGICAL DATA (WS FORM: F-6)
STATION: TAMPA
MONTH: APRIL
YEAR: 2022
LATITUDE: 27 58 N
LONGITUDE: 82 32 W
TEMPERATURE IN F: :PCPN: SNOW: WIND :SUNSHINE: SKY :PK WND
================================================================================
1 2 3 4 5 6A 6B 7 8 9 10 11 12 13 14 15 16 17 18
12Z AVG MX 2MIN
DY MAX MIN AVG DEP HDD CDD WTR SNW DPTH SPD SPD DIR MIN PSBL S-S WX SPD DR
================================================================================
1 83 68 76 5 0 11 1.37 0.0 0 6.1 18 190 M M 9 138 27 180
2 83 65 74 3 0 9 1.11 0.0 0 6.7 25 320 M M 8 13 35 300
3 80 68 74 3 0 9 0.00 0.0 0 4.3 12 350 M M 6 21 350
4 85 65 75 3 0 10 0.00 0.0 0 4.6 14 130 M M 4 3 25 130
5 88 72 80 8 0 15 0.00 0.0 0 11.2 22 190 M M 4 30 190
6 87 77 82 10 0 17 0.00 0.0 0 11.2 20 180 M M 5 26 180
7 81 71 76 4 0 11 1.34 0.0 0 11.7 25 270 M M 7 138 42 290
8 76 66 71 -1 0 6 0.00 0.0 0 13.0 21 270 M M 4 39 270
9 76 58 67 -6 0 2 0.00 0.0 0 10.1 22 300 M M 4 42 270
10 77 56 67 -6 0 2 0.00 0.0 0 4.4 12 240 M M 0 16 250
11 85 62 74 1 0 9 0.00 0.0 0 7.2 13 330 M M 0 21 130
12 88 66 77 4 0 12 0.00 0.0 0 8.1 16 290 M M 3 23 120
13 86 70 78 5 0 13 0.00 0.0 0 7.1 15 120 M M 6 23 110
14 86 75 81 7 0 16 0.00 0.0 0 6.5 15 290 M M 7 22 280
15 87 73 80 6 0 15 0.02 0.0 0 5.9 15 100 M M 5 3 25 110
16 88 73 81 7 0 16 0.00 0.0 0 6.6 16 280 M M 3 22 280
17 88 75 82 8 0 17 0.00 0.0 0 7.0 15 260 M M 5 27 280
18 91 73 82 8 0 17 0.00 0.0 0 6.1 17 330 M M 4 29 280
19 84 66 75 0 0 10 0.00 0.0 0 9.0 15 360 M M 1 22 30
20 85 61 73 -2 0 8 0.00 0.0 0 7.9 16 80 M M 1 30 60
21 87 67 77 2 0 12 0.00 0.0 0 8.1 17 80 M M 3 29 100
22 87 67 77 2 0 12 0.00 0.0 0 7.9 17 80 M M 2 31 30
23 88 68 78 3 0 13 0.00 0.0 0 8.3 21 90 M M 3 27 100
24 90 69 80 4 0 15 0.00 0.0 0 8.2 16 90 M M 3 28 110
25 90 71 81 5 0 16 0.00 0.0 0 6.6 14 310 M M 3 21 70
26 87 72 80 4 0 15 0.00 0.0 0 7.5 16 290 M M 2 23 260
27 88 66 77 1 0 12 0.00 0.0 0 6.8 14 270 M M 6 8 18 270
28 88 70 79 3 0 14 0.14 0.0 0 7.3 22 350 M M 6 138 31 20
29 89 69 79 2 0 14 1.22 0.0 0 6.9 21 240 M M 5 13 29 240
30 87 67 77 0 0 12 1.56 0.0 0 7.4 21 350 M M 5 13 28 140
================================================================================
SM 2565 2046 0 360 6.76 0.0 229.7 M 124
================================================================================
AV 85.5 68.2 7.7 FASTST M M 4 MAX(MPH)
MISC ----> # 25 320 # 42 290
================================================================================
NOTES:
# LAST OF SEVERAL OCCURRENCES
COLUMN 17 PEAK WIND IN M.P.H.
PRELIMINARY LOCAL CLIMATOLOGICAL DATA (WS FORM: F-6) , PAGE 2
STATION: TAMPA
MONTH: APRIL
YEAR: 2022
LATITUDE: 27 58 N
LONGITUDE: 82 32 W
[TEMPERATURE DATA] [PRECIPITATION DATA] SYMBOLS USED IN COLUMN 16
AVERAGE MONTHLY: 76.9 TOTAL FOR MONTH: 6.76 1 = FOG OR MIST
DPTR FM NORMAL: 2.9 DPTR FM NORMAL: 4.21 2 = FOG REDUCING VISIBILITY
HIGHEST: 91 ON 18 GRTST 24HR 2.06 ON 29-30 TO 1/4 MILE OR LESS
LOWEST: 56 ON 10 3 = THUNDER
SNOW, ICE PELLETS, HAIL 4 = ICE PELLETS
TOTAL MONTH: 0.0 INCH 5 = HAIL
GRTST 24HR 0.0 6 = FREEZING RAIN OR DRIZZLE
GRTST DEPTH: 0 7 = DUSTSTORM OR SANDSTORM:
VSBY 1/2 MILE OR LESS
8 = SMOKE OR HAZE
[NO. OF DAYS WITH] [WEATHER - DAYS WITH] 9 = BLOWING SNOW
X = TORNADO
MAX 32 OR BELOW: 0 0.01 INCH OR MORE: 7
MAX 90 OR ABOVE: 3 0.10 INCH OR MORE: 6
MIN 32 OR BELOW: 0 0.50 INCH OR MORE: 5
MIN 0 OR BELOW: 0 1.00 INCH OR MORE: 5
[HDD (BASE 65) ]
TOTAL THIS MO. 0 CLEAR (SCALE 0-3) 10
DPTR FM NORMAL -7 PTCLDY (SCALE 4-7) 19
TOTAL FM JUL 1 218 CLOUDY (SCALE 8-10) 1
DPTR FM NORMAL -208
[CDD (BASE 65) ]
TOTAL THIS MO. 360
DPTR FM NORMAL 86 [PRESSURE DATA]
TOTAL FM JAN 1 871 HIGHEST SLP 30.30 ON 21
DPTR FM NORMAL 301 LOWEST SLP 29.80 ON 7
[REMARKS]
#FINAL-04-22#