000
CXUS56 KLKN 102206
CF6TPH
PRELIMINARY LOCAL CLIMATOLOGICAL DATA (WS FORM: F-6)
STATION: TONOPAH AIRPORT NV
MONTH: JUNE
YEAR: 2023
LATITUDE: 38 3 N
LONGITUDE: 117 5 W
TEMPERATURE IN F: :PCPN: SNOW: WIND :SUNSHINE: SKY :PK WND
================================================================================
1 2 3 4 5 6A 6B 7 8 9 10 11 12 13 14 15 16 17 18
12Z AVG MX 2MIN
DY MAX MIN AVG DEP HDD CDD WTR SNW DPTH SPD SPD DIR MIN PSBL S-S WX SPD DR
================================================================================
1 79 53 66 2 0 1 T M M 9.9 29 350 M M 2 3 38 350
2 80 49 65 0 0 0 0.00 M M 9.4 25 360 M M 1 30 360
3 81 49 65 0 0 0 0.00 M M 10.3 22 330 M M 0 30 250
4 84 53 69 4 0 4 T M M 11.1 25 280 M M 1 3 38 220
5 82 57 70 4 0 5 T M M 10.7 32 100 M M 5 38 47 100
6 79 50 65 -1 0 0 0.00 M M 11.2 26 180 M M 0 36 170
7 70 48 59 -7 6 0 T M M 10.9 35 180 M M 1 45 180
8 74 43 59 -8 6 0 T M M 8.6 32 260 M M 3 43 260
9 75 50 63 -4 2 0 T M M 7.6 22 240 M M 4 29 230
10 77 54 66 -1 0 1 T M M 9.8 25 190 M M 3 3 37 50
11 74 50 62 -6 3 0 T M M 11.8 30 350 M M 4 3 48 140
12 74 44 59 -9 6 0 T M M 8.2 25 30 M M 2 3 31 20
13 78 46 62 -6 3 0 0.00 M M 10.4 28 320 M M 1 37 320
14 76 57 67 -2 0 2 T M M 7.5 28 90 M M 4 3 36 80
15 80 51 66 -3 0 1 0.00 M M 11.4 24 320 M M 0 8 34 320
16 79 49 64 -5 1 0 0.00 M M 11.7 23 310 M M 0 30 310
17 85 49 67 -3 0 2 0.00 M M 8.8 17 260 M M 1 25 280
18 89 53 71 1 0 6 0.00 M M 10.5 26 290 M M 1 35 290
19 84 53 69 -1 0 4 0.00 M M 15.4 31 320 M M 0 43 230
20 73 47 60 -11 5 0 0.00 M M 11.1 23 320 M M M 32 330
21 79 45 62 -9 3 0 0.00 M M 8.1 18 200 M M 0 24 190
22 80 45 63 -8 2 0 0.00 M M 13.3 29 160 M M 0 41 160
23 75 50 63 -9 2 0 0.00 M M 13.2 40 310 M M 1 57 310
24 79 47 63 -9 2 0 0.00 M M 9.3 22 170 M M 0 29 140
25 82 46 64 -8 1 0 0.00 M M 10.3 21 200 M M 0 32 220
26 82 50 66 -6 0 1 T M M 10.5 35 310 M M 2 48 300
27 78 48 63 -10 2 0 0.00 M M 7.8 17 300 M M 1 24 300
28 83 59 71 -2 0 6 0.00 M M 12.4 30 20 M M 1 40 360
29 86 56 71 -2 0 6 0.00 M M 10.4 18 10 M M 0 26 10
30 91 59 75 1 0 10 0.00 M M 9.7 17 10 M M 0 8 24 330
================================================================================
SM 2388 1510 44 49 T M 311.3 M 38
================================================================================
AV 79.6 50.3 10.4 FASTST M M 1 MAX(MPH)
MISC ----> 40 310 57 310
================================================================================
NOTES:
# LAST OF SEVERAL OCCURRENCES
COLUMN 17 PEAK WIND IN M.P.H.
PRELIMINARY LOCAL CLIMATOLOGICAL DATA (WS FORM: F-6) , PAGE 2
STATION: TONOPAH AIRPORT NV
MONTH: JUNE
YEAR: 2023
LATITUDE: 38 3 N
LONGITUDE: 117 5 W
[TEMPERATURE DATA] [PRECIPITATION DATA] SYMBOLS USED IN COLUMN 16
AVERAGE MONTHLY: 65.0 TOTAL FOR MONTH: T 1 = FOG OR MIST
DPTR FM NORMAL: -4.1 DPTR FM NORMAL: -0.23 2 = FOG REDUCING VISIBILITY
HIGHEST: 91 ON 30 GRTST 24HR T ON 1- 1 TO 1/4 MILE OR LESS
LOWEST: 43 ON 8 3 = THUNDER
SNOW, ICE PELLETS, HAIL 4 = ICE PELLETS
TOTAL MONTH: M 5 = HAIL
GRTST 24HR M ON M 6 = FREEZING RAIN OR DRIZZLE
GRTST DEPTH: M ON M 7 = DUSTSTORM OR SANDSTORM:
VSBY 1/2 MILE OR LESS
8 = SMOKE OR HAZE
[NO. OF DAYS WITH] [WEATHER - DAYS WITH] 9 = BLOWING SNOW
X = TORNADO
MAX 32 OR BELOW: 0 0.01 INCH OR MORE: 0
MAX 90 OR ABOVE: 1 0.10 INCH OR MORE: 0
MIN 32 OR BELOW: 0 0.50 INCH OR MORE: 0
MIN 0 OR BELOW: 0 1.00 INCH OR MORE: 0
[HDD (BASE 65) ]
TOTAL THIS MO. 44 CLEAR (SCALE 0-3) 23
DPTR FM NORMAL 0 PTCLDY (SCALE 4-7) 6
TOTAL FM JUL 1 5738 CLOUDY (SCALE 8-10) 1
DPTR FM NORMAL 472
[CDD (BASE 65) ]
TOTAL THIS MO. 49
DPTR FM NORMAL -118 [PRESSURE DATA]
TOTAL FM JAN 1 62 HIGHEST SLP 30.01 ON 30
DPTR FM NORMAL -136 LOWEST SLP 29.53 ON 19
[REMARKS]
#FINAL-06-23#