000
CXUS55 KLKN 042205
CLATPH
CLIMATE REPORT
NATIONAL WEATHER SERVICE ELKO, NV
205 PM PST WED JAN 04 2023
...................................
...THE TONOPAH AIRPORT NV CLIMATE SUMMARY FOR THE YEAR OF 2022...
CLIMATE NORMAL PERIOD 1991 TO 2020
CLIMATE RECORD PERIOD 1954 TO 2023
WEATHER OBSERVED NORMAL DEPART LAST YEAR`S
VALUE DATE(S) VALUE FROM VALUE DATE(S)
NORMAL
................................................................
TEMPERATURE (F)
RECORD
HIGH 105 07/11/2021
LOW -15 01/24/1962
01/23/1962
HIGHEST 101 07/22 100 1 105 07/11
09/06
LOWEST 4 12/17 0 4 -1 12/18
AVG. MAXIMUM 68.3 67.4 0.9 69.0
AVG. MINIMUM 38.9 38.5 0.4 39.0
MEAN 53.6 52.9 0.7 54.0
DAYS MAX >= 90 69 58.6 10.4 75
DAYS MAX <= 32 7 5.6 1.4 9
DAYS MIN <= 32 147 148.5 -1.5 144
DAYS MIN <= 0 0 0.6 -0.6 1
PRECIPITATION (INCHES)
RECORD
MAXIMUM 9.64 1983
MINIMUM 1.96 2020
TOTALS 3.70 4.79 -1.09 3.48
DAILY AVG. T 0.01 -0.01 T
DAYS >= .01 27 36.9 -9.9 26
DAYS >= .10 10 14.6 -4.6 10
DAYS >= .50 2 1.2 0.8 2
DAYS >= 1.00 1 0.1 0.9 0
GREATEST
24 HR. TOTAL 1.09 0.67
DEGREE DAYS
HEATING TOTAL 5223 5268 -45 5138
SINCE 7/1 2238 2158 80 MM
COOLING TOTAL 1177 894 283 1239
SINCE 1/1 1177 894 283 MM
................................................................
WIND (MPH)
AVERAGE WIND SPEED 9.9
HIGHEST WIND SPEED/DIRECTION 48/280 DATE 04/11
HIGHEST GUST SPEED/DIRECTION 68/270 DATE 04/11
AVERAGE RH (PERCENT) 39
WEATHER CONDITIONS. NUMBER OF DAYS WITH
THUNDERSTORM 21 MIXED PRECIP 0
HEAVY RAIN 4 RAIN 11
LIGHT RAIN 37 FREEZING RAIN 0
LT FREEZING RAIN 0 HAIL 0
HEAVY SNOW 4 SNOW 6
LIGHT SNOW 14 SLEET 0
FOG 21 FOG W/VIS <= 1/4 MILE 7
HAZE 14
- INDICATES NEGATIVE NUMBERS.
R INDICATES RECORD WAS SET OR TIED.
MM INDICATES DATA IS MISSING.
T INDICATES TRACE AMOUNT.
=====================================================================
...2022 WAS WARMER AND DRIER THAN NORMAL IN TONOPAH...
...2022 WAS THE 8TH WARMEST ON RECORD FOR TONOPAH...
...1ST DRIEST JANUARY ON RECORD FOR TONOPAH...
...9TH DRIEST FEBRUARY ON RECORD FOR TONOPAH...
...8TH (TIED) DRIEST MAY ON RECORD FOR TONOPAH...
...5TH DRIEST METEORLOGICAL SPRING ON RECORD FOR TONOPAH...
...9TH (TIED) DRIEST JUNE ON RECORD FOR TONOPAH...
...10TH (TIED) WARMEST AND 10TH WETTEST JULY ON RECORD FOR TONOPAH...
...2ND WARMEST AUGUST ON RECORD FOR TONOPAH...
...5TH (TIED) WARMEST METEORLOGICAL SUMMER ON RECORD FOR TONOPAH...
...1ST WARMEST SEPTEMBER ON RECORD FOR TONOPAH...
...10TH (TIED) DRIEST OCTOBER ON RECORD FOR TONOPAH...
...2ND COLDEST NOVEMBER ON RECORD FOR TONOPAH...
$$