000
CXUS54 KFWD 072154
CF6TPL
PRELIMINARY LOCAL CLIMATOLOGICAL DATA (WS FORM: F-6)
STATION: TEMPLE
MONTH: AUGUST
YEAR: 2022
LATITUDE: 31 8 N
LONGITUDE: 97 25 W
TEMPERATURE IN F: :PCPN: SNOW: WIND :SUNSHINE: SKY :PK WND
================================================================================
1 2 3 4 5 6A 6B 7 8 9 10 11 12 13 14 15 16 17 18
12Z AVG MX 2MIN
DY MAX MIN AVG DEP HDD CDD WTR SNW DPTH SPD SPD DIR MIN PSBL S-S WX SPD DR
================================================================================
1 101 75 88 4 0 23 0.00 M M 11.3 20 160 M M 1 24 170
2 103 77 90 6 0 25 0.00 M M 15.6 22 160 M M 0 31 180
3 103 77 90 6 0 25 0.00 M M 16.9 23 170 M M 1 31 180
4 103 77 90 6 0 25 0.00 M M 13.5 17 170 M M 1 25 150
5 102 77 90 6 0 25 0.00 M M 12.5 16 120 M M 1 23 120
6 98 77 88 4 0 23 0.00 M M 12.5 18 150 M M 2 22 150
7 100 75 88 4 0 23 0.00 M M 11.8 18 170 M M 1 23 200
8 100 75 88 4 0 23 0.00 M M 9.4 20 160 M M 1 31 160
9 101 75 88 4 0 23 0.00 M M 9.0 15 150 M M 1 M M
10 100 76 88 4 0 23 0.02 M M 9.3 23 340 M M 1 33 340
11 101 72 87 3 0 22 0.00 M M 5.9 13 60 M M 1 16 60
12 99 74 87 3 0 22 0.00 M M 8.1 15 60 M M 2 23 50
13 101 73 87 3 0 22 0.00 M M 8.3 18 60 M M 1 23 60
14 96 73 85 1 0 20 0.00 M M 9.0 21 140 M M 2 26 140
15 100 71 86 2 0 21 0.00 M M 7.9 14 160 M M 1 8 21 140
16 101 75 88 4 0 23 0.00 M M 8.4 15 170 M M 2 M M
17 103 77 90 6 0 25 0.00 M M 7.6 15 50 M M 1 M M
18 95 73 84 0 0 19 0.11 M M 7.8 17 200 M M 3 24 200
19 92 74 83 -1 0 18 0.33 M M 5.4 20 150 M M 4 13 M M
20 98 75 87 3 0 22 0.00 M M 11.4 17 130 M M 4 28 130
21 94 75 85 2 0 20 0.23 M M 12.3 18 170 M M 3 1 23 170
22 90 73 82 -1 0 17 0.40 M M 10.0 21 200 M M 6 1 26 270
23 92 73 83 0 0 18 0.00 M M 5.6 13 300 M M 4 M M
24 93 73 83 0 0 18 0.00 M M 7.2 14 20 M M 5 21 50
25 95 69 82 -1 0 17 0.00 M M 7.6 13 20 M M 2 18 50
26 96 70 83 0 0 18 0.00 M M 5.8 10 40 M M 2 17 40
27 96 73 85 3 0 20 0.00 M M 8.1 21 180 M M 1 25 180
28 98 76 87 5 0 22 0.00 M M 13.4 20 200 M M 2 25 140
29 97 75 86 4 0 21 T M M 10.0 20 100 M M 4 23 140
30 85 73 79 -3 0 14 1.45 M M 7.7 25 150 M M 7 13 31 150
31 87 73 80 -2 0 15 T M M 4.0 15 170 M M 5 1 21 170
================================================================================
SM 3020 2301 0 652 2.54 M 292.8 M 72
================================================================================
AV 97.4 74.2 9.4 FASTST M M 2 MAX(MPH)
MISC ----> 25 150 33 340
================================================================================
NOTES:
# LAST OF SEVERAL OCCURRENCES
COLUMN 17 PEAK WIND IN M.P.H.
PRELIMINARY LOCAL CLIMATOLOGICAL DATA (WS FORM: F-6) , PAGE 2
STATION: TEMPLE
MONTH: AUGUST
YEAR: 2022
LATITUDE: 31 8 N
LONGITUDE: 97 25 W
[TEMPERATURE DATA] [PRECIPITATION DATA] SYMBOLS USED IN COLUMN 16
AVERAGE MONTHLY: 85.8 TOTAL FOR MONTH: 2.54 1 = FOG OR MIST
DPTR FM NORMAL: 2.4 DPTR FM NORMAL: -0.10 2 = FOG REDUCING VISIBILITY
HIGHEST: 103 ON 17, 4 GRTST 24HR 1.45 ON 30-30 TO 1/4 MILE OR LESS
LOWEST: 69 ON 25 3 = THUNDER
SNOW, ICE PELLETS, HAIL 4 = ICE PELLETS
TOTAL MONTH: M 5 = HAIL
GRTST 24HR M ON M 6 = FREEZING RAIN OR DRIZZLE
GRTST DEPTH: M ON M 7 = DUSTSTORM OR SANDSTORM:
VSBY 1/2 MILE OR LESS
8 = SMOKE OR HAZE
[NO. OF DAYS WITH] [WEATHER - DAYS WITH] 9 = BLOWING SNOW
X = TORNADO
MAX 32 OR BELOW: 0 0.01 INCH OR MORE: 6
MAX 90 OR ABOVE: 29 0.10 INCH OR MORE: 5
MIN 32 OR BELOW: 0 0.50 INCH OR MORE: 1
MIN 0 OR BELOW: 0 1.00 INCH OR MORE: 1
[HDD (BASE 65) ]
TOTAL THIS MO. 0 CLEAR (SCALE 0-3) 22
DPTR FM NORMAL 0 PTCLDY (SCALE 4-7) 9
TOTAL FM JUL 1 0 CLOUDY (SCALE 8-10) 0
DPTR FM NORMAL 0
[CDD (BASE 65) ]
TOTAL THIS MO. 652
DPTR FM NORMAL 80 [PRESSURE DATA]
TOTAL FM JAN 1 2683 HIGHEST SLP M ON M
DPTR FM NORMAL 728 LOWEST SLP M ON M
[REMARKS]
#FINAL-08-22#