990
CXUS54 KFWD 010731
CF6TPL
PRELIMINARY LOCAL CLIMATOLOGICAL DATA (WS FORM: F-6)
STATION: TEMPLE
MONTH: SEPTEMBER
YEAR: 2020
LATITUDE: 31 8 N
LONGITUDE: 97 25 W
TEMPERATURE IN F: :PCPN: SNOW: WIND :SUNSHINE: SKY :PK WND
================================================================================
1 2 3 4 5 6A 6B 7 8 9 10 11 12 13 14 15 16 17 18
12Z AVG MX 2MIN
DY MAX MIN AVG DEP HDD CDD WTR SNW DPTH SPD SPD DIR MIN PSBL S-S WX SPD DR
================================================================================
1 100 72 86 4 0 21 1.14 0.0 0 17.6 22 150 M M 6 13 32 190
2 79 69 74 -7 0 9 3.82 0.0 0 6.2 15 290 M M 6 13 M M
3 78 71 75 -6 0 10 1.63 0.0 0 3.2 8 90 M M 7 13 M M
4 84 70 77 -4 0 12 1.48 0.0 0 6.0 12 90 M M 5 13 M M
5 88 72 80 0 0 15 0.00 0.0 0 5.7 16 50 M M 2 21 50
6 94 70 82 2 0 17 0.00 0.0 0 3.5 8 130 M M 1 M M
7 95 72 84 4 0 19 0.00 0.0 0 9.4 15 150 M M 0 21 150
8 87 73 80 0 0 15 0.04 0.0 0 11.0 15 170 M M 3 3 M M
9 85 58 72 -7 0 7 0.72 0.0 0 10.8 17 320 M M 7 13 M M
10 65 56 61 -18 4 0 T 0.0 0 12.2 16 330 M M 10 23 330
11 78 62 70 -9 0 5 0.00 0.0 0 8.4 13 10 M M 7 M M
12 90 64 77 -1 0 12 0.00 0.0 0 4.8 8 340 M M 1 M M
13 90 69 80 2 0 15 0.00 0.0 0 8.7 15 10 M M 1 22 360
14 88 69 79 1 0 14 0.00 0.0 0 9.1 16 20 M M 3 23 20
15 88 71 80 2 0 15 0.00 0.0 0 7.0 13 20 M M 3 M M
16 89 69 79 2 0 14 T 0.0 0 6.6 13 360 M M 2 18 360
17 88 68 78 1 0 13 0.35 0.0 0 7.5 14 340 M M 3 13 18 20
18 85 66 76 0 0 11 0.00 0.0 0 7.8 14 60 M M 1 20 40
19 81 62 72 -4 0 7 0.00 0.0 0 8.1 15 30 M M 0 1 21 30
20 82 55 69 -7 0 4 T 0.0 0 9.7 16 40 M M 3 24 30
21 74 66 70 -5 0 5 0.96 0.0 0 10.3 13 40 M M 10 1 20 10
22 72 66 69 -6 0 4 0.88 0.0 0 10.3 14 10 M M 10 1 20 360
23 75 66 71 -4 0 6 0.00 0.0 0 9.5 13 340 M M 10 1 18 340
24 76 62 69 -5 0 4 0.00 0.0 0 5.8 12 330 M M 7 M M
25 85 57 71 -3 0 6 0.00 0.0 0 5.2 9 130 M M 1 128 M M
26 88 63 76 2 0 11 0.00 0.0 0 10.5 17 190 M M 3 1 23 180
27 90 75 83 10 0 18 0.00 0.0 0 16.0 21 190 M M 6 31 170
28 79 53 66 -7 0 1 0.00 0.0 0 14.4 22 360 M M 5 33 340
29 81 46 64 -9 1 0 0.00 0.0 0 5.6 13 330 M M 0 17 310
30 88 51 70 -2 0 5 0.00 0.0 0 5.8 12 170 M M 0 M M
================================================================================
SM 2522 1943 5 295 11.02 0.0 256.7 M 123
================================================================================
AV 84.1 64.8 8.6 FASTST M M 4 MAX(MPH)
MISC ----> # 22 150 # 33 340
================================================================================
NOTES:
# LAST OF SEVERAL OCCURRENCES
COLUMN 17 PEAK WIND IN M.P.H.
PRELIMINARY LOCAL CLIMATOLOGICAL DATA (WS FORM: F-6) , PAGE 2
STATION: TEMPLE
MONTH: SEPTEMBER
YEAR: 2020
LATITUDE: 31 8 N
LONGITUDE: 97 25 W
[TEMPERATURE DATA] [PRECIPITATION DATA] SYMBOLS USED IN COLUMN 16
AVERAGE MONTHLY: 74.4 TOTAL FOR MONTH: 11.02 1 = FOG OR MIST
DPTR FM NORMAL: -2.7 DPTR FM NORMAL: 7.23 2 = FOG REDUCING VISIBILITY
HIGHEST: 100 ON 1 GRTST 24HR 3.82 ON 2- 2 TO 1/4 MILE OR LESS
LOWEST: 46 ON 29 3 = THUNDER
SNOW, ICE PELLETS, HAIL 4 = ICE PELLETS
TOTAL MONTH: 0.0 INCH 5 = HAIL
GRTST 24HR 0.0 6 = FREEZING RAIN OR DRIZZLE
GRTST DEPTH: 0 7 = DUSTSTORM OR SANDSTORM:
VSBY 1/2 MILE OR LESS
8 = SMOKE OR HAZE
[NO. OF DAYS WITH] [WEATHER - DAYS WITH] 9 = BLOWING SNOW
X = TORNADO
MAX 32 OR BELOW: 0 0.01 INCH OR MORE: 9
MAX 90 OR ABOVE: 6 0.10 INCH OR MORE: 8
MIN 32 OR BELOW: 0 0.50 INCH OR MORE: 7
MIN 0 OR BELOW: 0 1.00 INCH OR MORE: 4
[HDD (BASE 65) ]
TOTAL THIS MO. 5 CLEAR (SCALE 0-3) 15
DPTR FM NORMAL -2 PTCLDY (SCALE 4-7) 11
TOTAL FM JUL 1 5 CLOUDY (SCALE 8-10) 4
DPTR FM NORMAL -2
[CDD (BASE 65) ]
TOTAL THIS MO. 295
DPTR FM NORMAL -76 [PRESSURE DATA]
TOTAL FM JAN 1 2609 HIGHEST SLP M ON M
DPTR FM NORMAL 283 LOWEST SLP M ON M
[REMARKS]
#FINAL-09-20#