000
CXUS53 KOAX 010930
CF6TQE
PRELIMINARY LOCAL CLIMATOLOGICAL DATA (WS FORM: F-6)
STATION: TEKAMAH NE
MONTH: SEPTEMBER
YEAR: 2023
LATITUDE: 41 46 N
LONGITUDE: 96 11 W
TEMPERATURE IN F: :PCPN: SNOW: WIND :SUNSHINE: SKY :PK WND
================================================================================
1 2 3 4 5 6A 6B 7 8 9 10 11 12 13 14 15 16 17 18
12Z AVG MX 2MIN
DY MAX MIN AVG DEP HDD CDD WTR SNW DPTH SPD SPD DIR MIN PSBL S-S WX SPD DR
================================================================================
1 91 57 74 4 0 9 0.00 M M 11.5 20 180 M M 0 30 170
2 99 59 79 10 0 14 0.00 M M 9.7 21 190 M M 0 27 190
3 98 61 80 11 0 15 0.00 M M 11.3 21 200 M M 0 29 210
4 96 62 79 10 0 14 0.00 M M 10.3 23 160 M M 0 32 150
5 89 64 77 9 0 12 0.01 M M 13.6 23 310 M M 2 38 34 310
6 79 49 64 -4 1 0 0.00 M M 10.9 24 310 M M 5 18 35 310
7 81 45 63 -5 2 0 0.12 M M 4.3 8 350 M M 3 138 M M
8 86 54 70 2 0 5 0.00 M M 3.1 8 120 M M 1 1 12 120
9 84 52 68 1 0 3 0.00 M M 3.7 10 150 M M 0 18 14 150
10 69 61 65 -2 0 0 0.39 M M 6.6 15 350 M M 9 13 22 340
11 77 49 63 -4 2 0 0.00 M M 7.4 16 360 M M 3 1 23 360
12 81 43 62 -4 3 0 0.00 M M 3.3 8 280 M M 1 1 14 300
13 83 43 63 -3 2 0 0.00 M M 4.3 17 200 M M 4 1 24 210
14 84 52 68 2 0 3 0.00 M M 7.5 16 170 M M 7 22 170
15 75 54 65 -1 0 0 0.07 M M 4.3 8 330 M M 5 1 12 330
16 81 49 65 0 0 0 0.00 M M 6.3 20 350 M M 2 18 29 330
17 79 44 62 -3 3 0 0.00 M M 4.3 10 350 M M 0 18 14 350
18 90 45 68 4 0 3 0.04 M M 11.5 25 170 M M 1 138 33 150
19 90 60 75 11 0 10 0.00 M M 11.3 24 120 M M 0 3 33 110
20 86 61 74 10 0 9 0.00 M M 9.7 18 150 M M 3 3 25 130
21 81 61 71 8 0 6 0.11 M M 9.0 21 80 M M 4 13 29 350
22 70 60 65 2 0 0 0.17 M M 4.4 12 110 M M 9 13 16 100
23 75 53 64 2 1 0 1.38 M M 6.7 31 310 M M 6 123 45 290
24 82 52 67 5 0 2 0.00 M M 7.7 18 260 M M 2 1 26 280
25 80 52 66 4 0 1 0.00 M M 6.2 16 310 M M 1 23 330
26 75 48 62 1 3 0 0.00 M M 6.1 13 360 M M 4 12 19 40
27 78 50 64 3 1 0 0.00 M M 4.5 12 50 M M 4 12 14 50
28 88 44 66 6 0 1 0.00 M M 9.6 21 150 M M 1 12 29 140
29 98 66 82 22 0 17 0.00 M M 12.3 26 180 M M 0 36 180
30 98 71 85 25 0 20 0.00 M M 12.6 25 160 M M 1 35 150
================================================================================
SM 2523 1621 18 144 2.29 M 234.0 M 78
================================================================================
AV 84.1 54.0 7.8 FASTST M M 3 MAX(MPH)
MISC ----> 31 310 45 290
================================================================================
NOTES:
# LAST OF SEVERAL OCCURRENCES
COLUMN 17 PEAK WIND IN M.P.H.
PRELIMINARY LOCAL CLIMATOLOGICAL DATA (WS FORM: F-6) , PAGE 2
STATION: TEKAMAH NE
MONTH: SEPTEMBER
YEAR: 2023
LATITUDE: 41 46 N
LONGITUDE: 96 11 W
[TEMPERATURE DATA] [PRECIPITATION DATA] SYMBOLS USED IN COLUMN 16
AVERAGE MONTHLY: 69.1 TOTAL FOR MONTH: 2.29 1 = FOG OR MIST
DPTR FM NORMAL: 4.1 DPTR FM NORMAL: -0.95 2 = FOG REDUCING VISIBILITY
HIGHEST: 99 ON 2 GRTST 24HR 1.52 ON 22-23 TO 1/4 MILE OR LESS
LOWEST: 43 ON 13,12 3 = THUNDER
SNOW, ICE PELLETS, HAIL 4 = ICE PELLETS
TOTAL MONTH: M 5 = HAIL
GRTST 24HR M ON M 6 = FREEZING RAIN OR DRIZZLE
GRTST DEPTH: M ON M 7 = DUSTSTORM OR SANDSTORM:
VSBY 1/2 MILE OR LESS
8 = SMOKE OR HAZE
[NO. OF DAYS WITH] [WEATHER - DAYS WITH] 9 = BLOWING SNOW
X = TORNADO
MAX 32 OR BELOW: 0 0.01 INCH OR MORE: 8
MAX 90 OR ABOVE: 8 0.10 INCH OR MORE: 5
MIN 32 OR BELOW: 0 0.50 INCH OR MORE: 1
MIN 0 OR BELOW: 0 1.00 INCH OR MORE: 1
[HDD (BASE 65) ]
TOTAL THIS MO. 18 CLEAR (SCALE 0-3) 20
DPTR FM NORMAL -82 PTCLDY (SCALE 4-7) 8
TOTAL FM JUL 1 24 CLOUDY (SCALE 8-10) 2
DPTR FM NORMAL -88
[CDD (BASE 65) ]
TOTAL THIS MO. 144
DPTR FM NORMAL 44 [PRESSURE DATA]
TOTAL FM JAN 1 1129 HIGHEST SLP 30.23 ON 10
DPTR FM NORMAL 129 LOWEST SLP 29.55 ON 5
[REMARKS]
#FINAL-09-23#