000
CXUS54 KMRX 011130
CF6TRI
PRELIMINARY LOCAL CLIMATOLOGICAL DATA (WS FORM: F-6)
STATION: TRI-CITIES AIRPORT
MONTH: FEBRUARY
YEAR: 2024
LATITUDE: 36 28 N
LONGITUDE: 82 24 W
TEMPERATURE IN F: :PCPN: SNOW: WIND :SUNSHINE: SKY :PK WND
================================================================================
1 2 3 4 5 6A 6B 7 8 9 10 11 12 13 14 15 16 17 18
12Z AVG MX 2MIN
DY MAX MIN AVG DEP HDD CDD WTR SNW DPTH SPD SPD DIR MIN PSBL S-S WX SPD DR
================================================================================
1 53 26 40 3 25 0 0.00 0.0 0 2.1 10 220 M M 4 1 14 210
2 59 29 44 7 21 0 0.00 0.0 0 1.1 10 340 M M 4 18 270
3 61 26 44 6 21 0 0.00 0.0 0 2.0 8 60 M M 0 1 12 220
4 62 26 44 6 21 0 0.00 0.0 0 2.4 8 80 M M 4 12 20
5 64 30 47 9 18 0 0.00 0.0 0 3.1 12 350 M M 3 17 360
6 59 26 43 5 22 0 0.00 0.0 0 1.7 10 350 M M 1 8 15 350
7 63 23 43 5 22 0 0.00 0.0 0 1.0 6 170 M M 2 9 170
8 63 27 45 7 20 0 0.00 0.0 0 2.3 10 250 M M 6 13 250
9 48 42 45 6 20 0 0.49 0.0 0 1.3 9 90 M M 10 13 13 90
10 57 46 52 13 13 0 0.69 0.0 0 1.8 9 210 M M 10 123 12 200
11 58 49 54 15 11 0 0.52 0.0 0 2.4 12 120 M M 10 1 19 110
12 60 48 54 15 11 0 0.39 0.0 0 1.8 26 240 M M 9 1 36 260
13 51 32 42 2 23 0 0.01 0.0 0 11.2 25 310 M M 5 1 36 240
14 57 26 42 2 23 0 0.00 0.0 0 4.2 16 250 M M 2 22 220
15 63 29 46 6 19 0 0.00 0.0 0 7.4 31 240 M M 3 40 220
16 53 33 43 3 22 0 0.06 0.0 0 1.7 14 280 M M 7 1 20 290
17 49 24 37 -3 28 0 0.07 0.0 0 8.5 18 300 M M 8 18 27 300
18 45 21 33 -8 32 0 0.00 0.0 0 4.6 13 230 M M 5 18 240
19 54 19 37 -4 28 0 0.00 0.0 0 0.9 7 340 M M 1 11 320
20 60 21 41 0 24 0 0.00 0.0 0 1.0 10 280 M M 2 14 290
21 61 25 43 1 22 0 0.00 0.0 0 2.1 14 240 M M 2 21 250
22 70 37 54 12 11 0 0.91 0.0 0 5.8 25 240 M M 9 1 37 230
23 60 42 51 9 14 0 0.51 0.0 0 7.8 18 300 M M 8 18 26 300
24 48 34 41 -1 24 0 0.11 T 0 7.7 25 300 M M 8 48 39 280
25 57 24 41 -1 24 0 T 0.0 0 1.5 10 260 M M 4 14 220
26 69 37 53 10 12 0 T 0.0 0 2.3 13 250 M M 7 17 260
27 70 41 56 13 9 0 0.07 0.0 0 3.3 21 230 M M 9 13 31 240
28 69 34 52 9 13 0 0.39 0.0 0 8.8 30 240 M M 8 13 42 240
29 46 24 35 -8 30 0 0.00 0.0 0 2.0 10 280 M M 5 15 310
================================================================================
SM 1689 901 583 0 4.22 T 103.8 M 156
================================================================================
AV 58.2 31.1 3.6 FASTST M M 5 MAX(MPH)
MISC ----> 31 240 42 240
================================================================================
NOTES:
# LAST OF SEVERAL OCCURRENCES
COLUMN 17 PEAK WIND IN M.P.H.
PRELIMINARY LOCAL CLIMATOLOGICAL DATA (WS FORM: F-6) , PAGE 2
STATION: TRI-CITIES AIRPORT
MONTH: FEBRUARY
YEAR: 2024
LATITUDE: 36 28 N
LONGITUDE: 82 24 W
[TEMPERATURE DATA] [PRECIPITATION DATA] SYMBOLS USED IN COLUMN 16
AVERAGE MONTHLY: 44.7 TOTAL FOR MONTH: 4.22 1 = FOG OR MIST
DPTR FM NORMAL: 4.7 DPTR FM NORMAL: 0.41 2 = FOG REDUCING VISIBILITY
HIGHEST: 70 ON 27,22 GRTST 24HR 1.42 ON 22-23 TO 1/4 MILE OR LESS
LOWEST: 19 ON 19 3 = THUNDER
SNOW, ICE PELLETS, HAIL 4 = ICE PELLETS
TOTAL MONTH: T 5 = HAIL
GRTST 24HR T ON 24-24 6 = FREEZING RAIN OR DRIZZLE
GRTST DEPTH: 0 7 = DUSTSTORM OR SANDSTORM:
VSBY 1/2 MILE OR LESS
8 = SMOKE OR HAZE
[NO. OF DAYS WITH] [WEATHER - DAYS WITH] 9 = BLOWING SNOW
X = TORNADO
MAX 32 OR BELOW: 0 0.01 INCH OR MORE: 12
MAX 90 OR ABOVE: 0 0.10 INCH OR MORE: 8
MIN 32 OR BELOW: 18 0.50 INCH OR MORE: 4
MIN 0 OR BELOW: 0 1.00 INCH OR MORE: 0
[HDD (BASE 65) ]
TOTAL THIS MO. 583 CLEAR (SCALE 0-3) 8
DPTR FM NORMAL -116 PTCLDY (SCALE 4-7) 14
TOTAL FM JUL 1 2887 CLOUDY (SCALE 8-10) 7
DPTR FM NORMAL -389
[CDD (BASE 65) ]
TOTAL THIS MO. 0
DPTR FM NORMAL 0 [PRESSURE DATA]
TOTAL FM JAN 1 0 HIGHEST SLP 30.50 ON 29
DPTR FM NORMAL 0 LOWEST SLP 29.37 ON 12
[REMARKS]
#FINAL-02-24#