000
CXUS54 KFWD 041950
CF6TRL
PRELIMINARY LOCAL CLIMATOLOGICAL DATA (WS FORM: F-6)
STATION: TERRELL
MONTH: MARCH
YEAR: 2023
LATITUDE: 32 42 N
LONGITUDE: 96 16 W
TEMPERATURE IN F: :PCPN: SNOW: WIND :SUNSHINE: SKY :PK WND
================================================================================
1 2 3 4 5 6A 6B 7 8 9 10 11 12 13 14 15 16 17 18
12Z AVG MX 2MIN
DY MAX MIN AVG DEP HDD CDD WTR SNW DPTH SPD SPD DIR MIN PSBL S-S WX SPD DR
================================================================================
1 76 62 69 15 0 4 0.06 M M 7.6 22 190 M M 4 138 28 180
2 82 54 68 14 0 3 0.39 M M 11.6 41 330 M M 3 13 65 270
3 63 45 54 0 11 0 0.27 M M 9.9 29 270 M M 3 1 37 270
4 72 41 57 2 8 0 0.00 M M 5.5 15 210 M M 0 23 160
5 77 50 64 9 1 0 0.00 M M 9.7 22 170 M M 0 30 170
6 78 56 67 12 0 2 0.00 M M 8.6 20 180 M M 1 25 180
7 75 60 68 12 0 3 0.00 M M 5.6 14 170 M M 5 128 20 160
8 69 55 62 6 3 0 T M M 7.7 21 310 M M 10 18 29 310
9 74 56 65 9 0 0 0.11 M M 8.7 18 10 M M 9 138 26 10
10 66 47 57 1 8 0 0.00 M M 8.3 18 20 M M 5 27 30
11 82 58 70 13 0 5 0.00 M M 10.8 22 200 M M 6 1 31 210
12 71 50 61 4 4 0 0.00 M M 13.6 24 10 M M 4 36 350
13 60 44 52 -5 13 0 0.00 M M 10.2 16 40 M M 2 27 10
14 63 41 52 -6 13 0 0.00 M M 6.0 14 100 M M 2 18 80
15 68 43 56 -2 9 0 0.00 M M 11.4 24 170 M M 4 34 170
16 70 44 57 -1 8 0 0.82 M M 15.9 30 330 M M 9 13 44 330
17 54 40 47 -11 18 0 T M M 12.9 23 360 M M 2 37 360
18 54 35 45 -14 20 0 0.00 M M 6.8 20 20 M M 0 27 350
19 53 30 42 -17 23 0 0.00 M M 6.0 14 40 M M 0 20 40
20 55 34 45 -14 20 0 0.00 M M 11.4 20 160 M M 5 26 180
21 64 49 57 -2 8 0 0.03 M M 12.1 23 170 M M 10 1 30 160
22 80 64 72 12 0 7 T M M 12.9 22 180 M M 7 1 33 210
23 83 67 75 15 0 10 0.00 M M 12.9 25 180 M M 8 40 190
24 75 57 66 6 0 1 0.20 M M 10.1 21 260 M M 6 13 32 180
25 75 49 62 2 3 0 0.00 M M 7.4 18 280 M M 0 25 240
26 80 45 63 3 2 0 0.00 M M 5.4 16 10 M M 1 8 24 20
27 71 47 59 -2 6 0 0.11 M M 7.5 15 30 M M 3 21 30
28 65 48 57 -4 8 0 0.00 M M 9.8 22 10 M M 0 28 330
29 64 48 56 -5 9 0 T M M 5.5 12 160 M M 6 16 130
30 74 58 66 5 0 1 T M M 12.8 29 180 M M 10 42 170
31 85 51 68 6 0 3 T M M 13.3 33 170 M M 4 3 43 170
================================================================================
SM 2178 1528 195 39 1.99 M 297.9 M 129
================================================================================
AV 70.3 49.3 9.6 FASTST M M 4 MAX(MPH)
MISC ----> 41 330 65 270
================================================================================
NOTES:
# LAST OF SEVERAL OCCURRENCES
COLUMN 17 PEAK WIND IN M.P.H.
PRELIMINARY LOCAL CLIMATOLOGICAL DATA (WS FORM: F-6) , PAGE 2
STATION: TERRELL
MONTH: MARCH
YEAR: 2023
LATITUDE: 32 42 N
LONGITUDE: 96 16 W
[TEMPERATURE DATA] [PRECIPITATION DATA] SYMBOLS USED IN COLUMN 16
AVERAGE MONTHLY: 59.8 TOTAL FOR MONTH: 1.99 1 = FOG OR MIST
DPTR FM NORMAL: 1.9 DPTR FM NORMAL: -1.70 2 = FOG REDUCING VISIBILITY
HIGHEST: 85 ON 31 GRTST 24HR 0.82 ON 16-16 TO 1/4 MILE OR LESS
LOWEST: 30 ON 19 3 = THUNDER
SNOW, ICE PELLETS, HAIL 4 = ICE PELLETS
TOTAL MONTH: M 5 = HAIL
GRTST 24HR M ON M 6 = FREEZING RAIN OR DRIZZLE
GRTST DEPTH: M ON M 7 = DUSTSTORM OR SANDSTORM:
VSBY 1/2 MILE OR LESS
8 = SMOKE OR HAZE
[NO. OF DAYS WITH] [WEATHER - DAYS WITH] 9 = BLOWING SNOW
X = TORNADO
MAX 32 OR BELOW: 0 0.01 INCH OR MORE: 8
MAX 90 OR ABOVE: 0 0.10 INCH OR MORE: 6
MIN 32 OR BELOW: 1 0.50 INCH OR MORE: 1
MIN 0 OR BELOW: 0 1.00 INCH OR MORE: 0
[HDD (BASE 65) ]
TOTAL THIS MO. 195 CLEAR (SCALE 0-3) 14
DPTR FM NORMAL -55 PTCLDY (SCALE 4-7) 11
TOTAL FM JUL 1 1904 CLOUDY (SCALE 8-10) 6
DPTR FM NORMAL -207
[CDD (BASE 65) ]
TOTAL THIS MO. 39
DPTR FM NORMAL 8 [PRESSURE DATA]
TOTAL FM JAN 1 61 HIGHEST SLP 30.60 ON 19
DPTR FM NORMAL 19 LOWEST SLP 29.29 ON 2
[REMARKS]
#FINAL-03-23#