000
CXUS54 KFWD 010141
CF6TRL
PRELIMINARY LOCAL CLIMATOLOGICAL DATA (WS FORM: F-6)
STATION: TERRELL
MONTH: DECEMBER
YEAR: 2020
LATITUDE: 32 42 N
LONGITUDE: 96 16 W
TEMPERATURE IN F: :PCPN: SNOW: WIND :SUNSHINE: SKY :PK WND
================================================================================
1 2 3 4 5 6A 6B 7 8 9 10 11 12 13 14 15 16 17 18
12Z AVG MX 2MIN
DY MAX MIN AVG DEP HDD CDD WTR SNW DPTH SPD SPD DIR MIN PSBL S-S WX SPD DR
================================================================================
1 58 24 41 -9 24 0 0.00 M M 8.4 24 170 M M 0 33 170
2 52 37 45 -5 20 0 0.02 M M 7.8 18 140 M M 8 1 24 160
3 49 31 40 -9 25 0 0.00 M M 7.5 15 320 M M 8 20 320
4 55 31 43 -6 22 0 0.00 M M 3.6 12 330 M M 2 8 15 320
5 64 27 46 -3 19 0 T M M 2.3 10 280 M M 2 18 15 220
6 59 40 50 2 15 0 T M M 6.8 16 350 M M 5 25 330
7 61 34 48 0 17 0 0.00 M M 3.6 13 320 M M 0 21 350
8 71 30 51 3 14 0 0.00 M M 2.3 10 290 M M 0 1 14 310
9 79 31 55 7 10 0 0.00 M M 2.6 13 230 M M 0 8 17 210
10 77 39 58 11 7 0 0.00 M M 7.6 21 170 M M 0 31 200
11 64 46 55 8 10 0 0.05 M M 7.5 15 330 M M 6 1 22 340
12 54 37 46 -1 19 0 0.00 M M 5.3 12 310 M M 0 17 350
13 43 36 40 -7 25 0 0.69 M M 11.6 22 360 M M 10 13 33 350
14 50 32 41 -6 24 0 0.00 M M 5.3 16 330 M M 3 24 330
15 41 33 37 -9 28 0 T M M 6.6 14 120 M M 8 1 19 90
16 43 28 36 -10 29 0 T M M 6.3 17 320 M M 7 1 26 330
17 59 24 42 -4 23 0 0.00 M M 4.0 10 150 M M 0 1 14 150
18 63 34 49 3 16 0 T M M 10.1 20 180 M M 4 28 160
19 59 37 48 2 17 0 T M M 5.7 17 320 M M 9 12 23 310
20 63 32 48 2 17 0 0.00 M M 2.3 14 290 M M 5 12 22 250
21 71 30 51 5 14 0 0.00 M M 3.8 15 220 M M 0 1 20 220
22 69 37 53 8 12 0 0.00 M M 9.6 22 170 M M 1 1 29 160
23 74 37 56 11 9 0 0.00 M M 15.9 29 330 M M 5 43 320
24 51 28 40 -5 25 0 0.00 M M 11.0 25 260 M M 0 35 340
25 57 26 42 -3 23 0 0.00 M M 3.2 9 220 M M 0 12 220
26 68 34 51 6 14 0 0.00 M M 7.8 22 200 M M 0 30 190
27 73 44 59 14 6 0 0.00 M M 10.9 29 200 M M 0 42 220
28 60 41 51 6 14 0 T M M 9.0 15 30 M M 5 22 50
29 71 54 63 18 2 0 T M M 13.9 25 160 M M 7 1 35 180
30 62 40 51 6 14 0 0.62 M M 11.7 23 20 M M 10 1 38 10
31 42 37 40 -5 25 0 2.74 M M 14.0 23 20 M M 10 1 35 40
================================================================================
SM 1862 1071 539 0 4.12 M 228.0 M 115
================================================================================
AV 60.1 34.5 7.4 FASTST M M 4 MAX(MPH)
MISC ----> # 29 330 43 320
================================================================================
NOTES:
# LAST OF SEVERAL OCCURRENCES
COLUMN 17 PEAK WIND IN M.P.H.
PRELIMINARY LOCAL CLIMATOLOGICAL DATA (WS FORM: F-6) , PAGE 2
STATION: TERRELL
MONTH: DECEMBER
YEAR: 2020
LATITUDE: 32 42 N
LONGITUDE: 96 16 W
[TEMPERATURE DATA] [PRECIPITATION DATA] SYMBOLS USED IN COLUMN 16
AVERAGE MONTHLY: 47.3 TOTAL FOR MONTH: 4.12 1 = FOG OR MIST
DPTR FM NORMAL: 0.6 DPTR FM NORMAL: 0.67 2 = FOG REDUCING VISIBILITY
HIGHEST: 79 ON 9 GRTST 24HR 2.76 ON 30-31 TO 1/4 MILE OR LESS
LOWEST: 24 ON 17, 1 3 = THUNDER
SNOW, ICE PELLETS, HAIL 4 = ICE PELLETS
TOTAL MONTH: M 5 = HAIL
GRTST 24HR M ON M 6 = FREEZING RAIN OR DRIZZLE
GRTST DEPTH: M ON M 7 = DUSTSTORM OR SANDSTORM:
VSBY 1/2 MILE OR LESS
8 = SMOKE OR HAZE
[NO. OF DAYS WITH] [WEATHER - DAYS WITH] 9 = BLOWING SNOW
X = TORNADO
MAX 32 OR BELOW: 0 0.01 INCH OR MORE: 5
MAX 90 OR ABOVE: 0 0.10 INCH OR MORE: 3
MIN 32 OR BELOW: 13 0.50 INCH OR MORE: 3
MIN 0 OR BELOW: 0 1.00 INCH OR MORE: 1
[HDD (BASE 65) ]
TOTAL THIS MO. 539 CLEAR (SCALE 0-3) 16
DPTR FM NORMAL -34 PTCLDY (SCALE 4-7) 10
TOTAL FM JUL 1 893 CLOUDY (SCALE 8-10) 5
DPTR FM NORMAL -46
[CDD (BASE 65) ]
TOTAL THIS MO. 0
DPTR FM NORMAL -5 [PRESSURE DATA]
TOTAL FM JAN 1 2542 HIGHEST SLP 30.37 ON 24
DPTR FM NORMAL -11 LOWEST SLP 29.57 ON 31
[REMARKS]
#FINAL-12-20#