000
CXUS54 KFWD 280731
CF6TRL
PRELIMINARY LOCAL CLIMATOLOGICAL DATA (WS FORM: F-6)
STATION: TERRELL
MONTH: MARCH
YEAR: 2024
LATITUDE: 32 42 N
LONGITUDE: 96 16 W
TEMPERATURE IN F: :PCPN: SNOW: WIND :SUNSHINE: SKY :PK WND
================================================================================
1 2 3 4 5 6A 6B 7 8 9 10 11 12 13 14 15 16 17 18
12Z AVG MX 2MIN
DY MAX MIN AVG DEP HDD CDD WTR SNW DPTH SPD SPD DIR MIN PSBL S-S WX SPD DR
================================================================================
1 65 42 54 0 11 0 0.00 M M 6.0 14 160 M M 5 17 170
2 79 49 64 10 1 0 0.00 M M 12.2 22 170 M M 0 1 29 170
3 78 61 70 16 0 5 0.00 M M 13.5 22 170 M M 4 31 180
4 82 65 74 19 0 9 0.00 M M 10.2 22 190 M M 4 1 30 180
5 79 60 70 15 0 5 T M M 5.4 14 350 M M 3 3 20 340
6 77 53 65 10 0 0 T M M 5.9 30 270 M M 3 38 42 280
7 69 61 65 9 0 0 0.22 M M 6.1 15 110 M M 6 13 22 130
8 71 46 59 3 6 0 1.40 M M 10.2 26 320 M M 8 13 33 320
9 59 43 51 -5 14 0 0.00 M M 9.5 20 320 M M 6 30 320
10 64 37 51 -5 14 0 0.00 M M 1.9 8 160 M M 0 13 80
11 69 43 56 -1 9 0 T M M 5.6 16 160 M M 3 8 22 160
12 74 50 62 5 3 0 0.00 M M 10.2 23 200 M M 5 33 180
13 78 62 70 13 0 5 0.00 M M 13.7 24 160 M M 5 32 190
14 79 69 74 16 0 9 T M M 9.7 17 180 M M 9 24 160
15 71 56 64 6 1 0 0.34 M M 9.7 28 10 M M 9 13 41 20
16 65 56 61 3 4 0 0.78 M M 6.9 16 60 M M 9 13 25 70
17 69 52 61 3 4 0 T M M 9.8 21 20 M M 6 1 29 20
18 59 39 49 -10 16 0 0.00 M M 8.5 21 30 M M 2 27 40
19 64 33 49 -10 16 0 0.00 M M 3.8 13 170 M M 0 16 170
20 70 47 59 0 6 0 0.00 M M 6.9 16 160 M M 5 21 160
21 63 56 60 1 5 0 0.80 M M 6.9 17 270 M M 8 13 23 280
22 64 53 59 -1 6 0 0.01 M M 4.9 16 360 M M 8 1 24 320
23 68 47 58 -2 7 0 0.00 M M 6.2 16 10 M M 0 22 30
24 68 55 62 2 3 0 0.00 M M 15.7 29 170 M M 3 38 170
25 72 47 60 0 5 0 1.62 M M 10.2 24 180 M M 6 13 37 320
26 59 39 49 -11 16 0 0.00 M M 6.8 17 320 M M 0 25 280
27 65 38 52 -9 13 0 0.00 M M 4.8 10 60 M M 1 16 60
================================================================================
SM 1880 1359 160 33 5.17 M 221.2 M 118
================================================================================
AV 69.6 50.3 8.2 FASTST M M 4 MAX(MPH)
MISC ----> 30 270 42 280
================================================================================
NOTES:
# LAST OF SEVERAL OCCURRENCES
COLUMN 17 PEAK WIND IN M.P.H.
PRELIMINARY LOCAL CLIMATOLOGICAL DATA (WS FORM: F-6) , PAGE 2
STATION: TERRELL
MONTH: MARCH
YEAR: 2024
LATITUDE: 32 42 N
LONGITUDE: 96 16 W
[TEMPERATURE DATA] [PRECIPITATION DATA] SYMBOLS USED IN COLUMN 16
AVERAGE MONTHLY: 60.0 TOTAL FOR MONTH: 5.17 1 = FOG OR MIST
DPTR FM NORMAL: 2.5 DPTR FM NORMAL: 1.93 2 = FOG REDUCING VISIBILITY
HIGHEST: 82 ON 4 GRTST 24HR 1.62 ON 25-25 TO 1/4 MILE OR LESS
LOWEST: 33 ON 19 3 = THUNDER
SNOW, ICE PELLETS, HAIL 4 = ICE PELLETS
TOTAL MONTH: M 5 = HAIL
GRTST 24HR M ON M 6 = FREEZING RAIN OR DRIZZLE
GRTST DEPTH: M ON M 7 = DUSTSTORM OR SANDSTORM:
VSBY 1/2 MILE OR LESS
8 = SMOKE OR HAZE
[NO. OF DAYS WITH] [WEATHER - DAYS WITH] 9 = BLOWING SNOW
X = TORNADO
MAX 32 OR BELOW: 0 0.01 INCH OR MORE: 7
MAX 90 OR ABOVE: 0 0.10 INCH OR MORE: 6
MIN 32 OR BELOW: 0 0.50 INCH OR MORE: 4
MIN 0 OR BELOW: 0 1.00 INCH OR MORE: 2
[HDD (BASE 65) ]
TOTAL THIS MO. 160 CLEAR (SCALE 0-3) 10
DPTR FM NORMAL -69 PTCLDY (SCALE 4-7) 12
TOTAL FM JUL 1 1940 CLOUDY (SCALE 8-10) 5
DPTR FM NORMAL -150
[CDD (BASE 65) ]
TOTAL THIS MO. 33
DPTR FM NORMAL 7 [PRESSURE DATA]
TOTAL FM JAN 1 59 HIGHEST SLP M ON M
DPTR FM NORMAL 22 LOWEST SLP 29.46 ON 25
[REMARKS]