000
CXUS56 KPQR 011155
CF6TTD
PRELIMINARY LOCAL CLIMATOLOGICAL DATA (WS FORM: F-6)
STATION: TROUTDALE OR
MONTH: OCTOBER
YEAR: 2022
LATITUDE: 45 33 N
LONGITUDE: 122 25 W
TEMPERATURE IN F: :PCPN: SNOW: WIND :SUNSHINE: SKY :PK WND
================================================================================
1 2 3 4 5 6A 6B 7 8 9 10 11 12 13 14 15 16 17 18
12Z AVG MX 2MIN
DY MAX MIN AVG DEP HDD CDD WTR SNW DPTH SPD SPD DIR MIN PSBL S-S WX SPD DR
================================================================================
1 86 53 70 10 0 5 0.00 M M 5.2 18 80 M M 0 1 25 80
2 88 57 73 13 0 8 0.00 M M 5.8 17 90 M M 0 23 90
3 83 52 68 9 0 3 0.00 M M 1.4 8 240 M M 1 18 12 250
4 67 53 60 1 5 0 0.00 M M 1.2 6 100 M M 4 18 8 80
5 68 52 60 1 5 0 0.00 M M 1.9 7 100 M M 7 12 9 110
6 81 56 69 11 0 4 0.00 M M 2.3 8 260 M M 4 12 12 320
7 82 51 67 9 0 2 0.00 M M 2.2 10 260 M M 0 18 13 250
8 86 50 68 10 0 3 0.00 M M 1.0 8 250 M M 2 12 11 260
9 85 49 67 10 0 2 0.00 M M 1.9 7 250 M M 0 10 260
10 79 48 64 7 1 0 T M M 2.4 9 320 M M 3 8 15 320
11 73 51 62 5 3 0 0.00 M M 2.3 10 260 M M 2 12 270
12 80 46 63 7 2 0 0.00 M M 2.7 9 250 M M 0 8 13 250
13 84 53 69 13 0 4 0.00 M M 3.6 14 80 M M 0 21 50
14 83 47 65 9 0 0 0.00 M M 2.2 9 240 M M 0 11 240
15 87 52 70 15 0 5 0.00 M M 15.7 25 100 M M 0 32 80
16 83 53 68 13 0 3 0.00 M M 16.1 29 100 M M 0 8 36 90
17 72 48 60 5 5 0 0.00 M M 2.5 7 260 M M 1 128 10 250
18 71 46 59 5 6 0 0.00 M M 2.1 8 240 M M 6 128 15 260
19 76 44 60 6 5 0 0.00 M M 2.4 9 240 M M 2 128 12 240
20 70 45 58 4 7 0 0.00 M M 1.8 7 320 M M 2 18 11 320
21 55 44 50 -4 15 0 0.48 M M 2.8 16 320 M M 7 1 26 310
22 60 43 52 -1 13 0 0.17 M M 4.6 16 230 M M 7 1 21 240
23 60 46 53 0 12 0 0.01 M M 2.6 8 250 M M 7 1 12 240
24 57 48 53 0 12 0 0.32 M M 3.3 12 210 M M 9 13 15 220
25 58 42 50 -2 15 0 0.41 M M 4.9 18 220 M M 9 128 24 210
26 56 46 51 -1 14 0 0.31 M M 3.6 14 220 M M 9 18 19 220
27 64 46 55 3 10 0 0.00 M M 2.7 7 100 M M 3 8 10 150
28 55 44 50 -2 15 0 0.65 M M 2.0 9 100 M M 8 12 100
29 58 53 56 4 9 0 0.28 M M 1.4 6 250 M M 10 8 260
30 59 53 56 5 9 0 0.04 M M 3.5 10 210 M M 10 13 220
31 60 49 55 4 10 0 1.07 M M 5.5 17 210 M M 10 24 220
================================================================================
SM 2226 1520 173 39 3.74 M 113.6 M 123
================================================================================
AV 71.8 49.0 3.7 FASTST M M 4 MAX(MPH)
MISC ----> 29 100 36 90
================================================================================
NOTES:
# LAST OF SEVERAL OCCURRENCES
COLUMN 17 PEAK WIND IN M.P.H.
PRELIMINARY LOCAL CLIMATOLOGICAL DATA (WS FORM: F-6) , PAGE 2
STATION: TROUTDALE OR
MONTH: OCTOBER
YEAR: 2022
LATITUDE: 45 33 N
LONGITUDE: 122 25 W
[TEMPERATURE DATA] [PRECIPITATION DATA] SYMBOLS USED IN COLUMN 16
AVERAGE MONTHLY: 60.4 TOTAL FOR MONTH: 3.74 1 = FOG OR MIST
DPTR FM NORMAL: 5.1 DPTR FM NORMAL: -0.28 2 = FOG REDUCING VISIBILITY
HIGHEST: 88 ON 2 GRTST 24HR 1.07 ON 31-31 TO 1/4 MILE OR LESS
LOWEST: 42 ON 25 3 = THUNDER
SNOW, ICE PELLETS, HAIL 4 = ICE PELLETS
TOTAL MONTH: M 5 = HAIL
GRTST 24HR M ON M 6 = FREEZING RAIN OR DRIZZLE
GRTST DEPTH: M ON M 7 = DUSTSTORM OR SANDSTORM:
VSBY 1/2 MILE OR LESS
8 = SMOKE OR HAZE
[NO. OF DAYS WITH] [WEATHER - DAYS WITH] 9 = BLOWING SNOW
X = TORNADO
MAX 32 OR BELOW: 0 0.01 INCH OR MORE: 10
MAX 90 OR ABOVE: 0 0.10 INCH OR MORE: 8
MIN 32 OR BELOW: 0 0.50 INCH OR MORE: 2
MIN 0 OR BELOW: 0 1.00 INCH OR MORE: 1
[HDD (BASE 65) ]
TOTAL THIS MO. 173 CLEAR (SCALE 0-3) 17
DPTR FM NORMAL -133 PTCLDY (SCALE 4-7) 8
TOTAL FM JUL 1 184 CLOUDY (SCALE 8-10) 6
DPTR FM NORMAL -222
[CDD (BASE 65) ]
TOTAL THIS MO. 39
DPTR FM NORMAL 35 [PRESSURE DATA]
TOTAL FM JAN 1 780 HIGHEST SLP 30.32 ON 29
DPTR FM NORMAL 353 LOWEST SLP 29.53 ON 21
[REMARKS]
#FINAL-10-22#