000
CXUS56 KPQR 011730
CLMTTD
CLIMATE REPORT
NATIONAL WEATHER SERVICE PORTLAND OREGON
930 AM PST THU FEB 01 2024
...................................
...THE TROUTDALE OR CLIMATE SUMMARY FOR THE MONTH OF JANUARY 2024...
CLIMATE NORMAL PERIOD 1991 TO 2020
CLIMATE RECORD PERIOD 1948 TO 2024
WEATHER OBSERVED NORMAL DEPART LAST YEAR`S
VALUE DATE(S) VALUE FROM VALUE DATE(S)
NORMAL
................................................................
TEMPERATURE (F)
HIGHEST 56 56 01/08
LOWEST 14 27 01/31
AVG. MAXIMUM 43.9 46.7 -2.8 47.7
AVG. MINIMUM 35.6 37.3 -1.7 39.1
MEAN 39.7 42.0 -2.3 43.4
DAYS MAX >= 90 0 0.0 0.0 0
DAYS MAX <= 32 4 1.1 2.9 0
DAYS MIN <= 32 7 7.3 -0.3 5
DAYS MIN <= 0 0 0.0 0.0 0
PRECIPITATION (INCHES)
RECORD
MAXIMUM 5.47 2021
MINIMUM 2.80 2023
TOTALS 9.22 5.01 4.21 2.80
DAYS >= .01 22 18.3 3.7 19
DAYS >= .10 20 13.0 7.0 11
DAYS >= .50 8 3.1 4.9 0
DAYS >= 1.00 0 0.4 -0.4 0
GREATEST
24 HR. TOTAL MM
DEGREE DAYS
HEATING TOTAL 775 713 62 661
SINCE 7/1 2055 2381 -326 MM
COOLING TOTAL 0 0 0 0
SINCE 1/1 0 0 MM
................................................................
WIND (MPH)
AVERAGE WIND SPEED 16.3
RESULTANT WIND SPEED/DIRECTION 13/090
HIGHEST WIND SPEED/DIRECTION 38/080 DATE 01/13
HIGHEST GUST SPEED/DIRECTION 54/060 DATE 01/17
SKY COVER
POSSIBLE SUNSHINE (PERCENT) MM
AVERAGE SKY COVER 0.77
NUMBER OF DAYS FAIR 5
NUMBER OF DAYS PC 2
NUMBER OF DAYS CLOUDY 24
AVERAGE RH (PERCENT) 77
WEATHER CONDITIONS. NUMBER OF DAYS WITH
THUNDERSTORM 1 MIXED PRECIP 0
HEAVY RAIN 2 RAIN 13
LIGHT RAIN 24 FREEZING RAIN 3
LT FREEZING RAIN 3 HAIL 0
HEAVY SNOW 0 SNOW 1
LIGHT SNOW 2 SLEET 0
FOG 22 FOG W/VIS <= 1/4 MILE 2
HAZE 3
- INDICATES NEGATIVE NUMBERS.
R INDICATES RECORD WAS SET OR TIED.
MM INDICATES DATA IS MISSING.
T INDICATES TRACE AMOUNT.
$$