000
CXUS51 KPHI 010815
CF6TTN
PRELIMINARY LOCAL CLIMATOLOGICAL DATA (WS FORM: F-6)
STATION: TRENTON NJ
MONTH: APRIL
YEAR: 2023
LATITUDE: 40 16 N
LONGITUDE: 74 49 W
TEMPERATURE IN F: :PCPN: SNOW: WIND :SUNSHINE: SKY :PK WND
================================================================================
1 2 3 4 5 6A 6B 7 8 9 10 11 12 13 14 15 16 17 18
12Z AVG MX 2MIN
DY MAX MIN AVG DEP HDD CDD WTR SNW DPTH SPD SPD DIR MIN PSBL S-S WX SPD DR
================================================================================
1 69 49 59 12 6 0 0.40 T 0 16.8 28 310 M M 8 135 39 310
2 50 35 43 -5 22 0 0.00 0.0 0 16.1 23 350 M M 2 33 340
3 62 30 46 -2 19 0 0.00 0.0 0 8.8 22 200 M M 0 30 220
4 76 43 60 12 5 0 0.00 0.0 0 6.9 23 200 M M 2 1 29 200
5 61 48 55 6 10 0 0.00 0.0 0 9.6 17 70 M M 9 12 21 70
6 80 49 65 16 0 0 0.03 0.0 0 5.8 23 340 M M 6 12 31 340
7 59 42 51 2 14 0 0.00 0.0 0 7.9 15 340 M M 4 22 340
8 51 34 43 -7 22 0 0.00 0.0 0 5.6 17 150 M M 0 22 140
9 57 29 43 -7 22 0 0.00 0.0 0 6.1 15 130 M M 0 19 70
10 65 31 48 -3 17 0 0.00 0.0 0 4.7 12 250 M M 0 17 290
11 72 39 56 5 9 0 0.00 0.0 0 8.2 21 260 M M 0 25 250
12 82 61 72 21 0 7 0.00 0.0 0 8.7 20 270 M M 0 26 270
13 85 54 70 18 0 5 0.00 0.0 0 6.4 17 240 M M 0 25 250
14 84 55 70 18 0 5 0.00 0.0 0 7.1 15 210 M M 0 20 260
15 78 58 68 16 0 3 0.25 0.0 0 4.7 16 350 M M 6 13 21 350
16 72 56 64 11 1 0 0.00 0.0 0 4.5 13 100 M M 8 18 16 120
17 66 51 59 6 6 0 0.06 0.0 0 8.9 23 260 M M 8 1 32 280
18 56 40 48 -6 17 0 0.00 0.0 0 10.2 21 290 M M 5 33 270
19 64 35 50 -4 15 0 0.00 0.0 0 6.5 18 260 M M 1 26 310
20 70 44 57 3 8 0 0.00 0.0 0 5.6 13 60 M M 1 18 200
21 74 45 60 5 5 0 0.00 0.0 0 8.1 15 100 M M 2 1 19 70
22 77 51 64 9 1 0 0.54 0.0 0 10.9 29 160 M M 7 13 39 140
23 66 47 57 2 8 0 0.19 0.0 0 7.6 16 310 M M 7 1 29 200
24 59 40 50 -6 15 0 0.00 0.0 0 6.1 15 300 M M 2 20 270
25 58 39 49 -7 16 0 0.00 0.0 0 5.3 14 290 M M 1 19 280
26 61 36 49 -7 16 0 0.03 0.0 0 5.1 15 150 M M 5 1 22 140
27 58 46 52 -5 13 0 0.08 0.0 0 5.6 13 140 M M 7 1 16 130
28 53 47 50 -7 15 0 0.86 0.0 0 12.7 25 100 M M 8 1 33 100
29 55 47 51 -6 14 0 0.82 0.0 0 11.5 22 70 M M 10 1 30 70
30 61 50 56 -2 9 0 1.60 0.0 0 9.7 22 300 M M 10 12 33 300
================================================================================
SM 1981 1331 305 20 4.86 T 241.7 M 119
================================================================================
AV 66.0 44.4 8.1 FASTST M M 4 MAX(MPH)
MISC ----> 29 160 # 39 310
================================================================================
NOTES:
# LAST OF SEVERAL OCCURRENCES
COLUMN 17 PEAK WIND IN M.P.H.
PRELIMINARY LOCAL CLIMATOLOGICAL DATA (WS FORM: F-6) , PAGE 2
STATION: TRENTON NJ
MONTH: APRIL
YEAR: 2023
LATITUDE: 40 16 N
LONGITUDE: 74 49 W
[TEMPERATURE DATA] [PRECIPITATION DATA] SYMBOLS USED IN COLUMN 16
AVERAGE MONTHLY: 55.2 TOTAL FOR MONTH: 4.86 1 = FOG OR MIST
DPTR FM NORMAL: 2.7 DPTR FM NORMAL: 1.23 2 = FOG REDUCING VISIBILITY
HIGHEST: 85 ON 13 GRTST 24HR 1.66 ON 28-29 TO 1/4 MILE OR LESS
LOWEST: 29 ON 9 3 = THUNDER
SNOW, ICE PELLETS, HAIL 4 = ICE PELLETS
TOTAL MONTH: T 5 = HAIL
GRTST 24HR T ON 1- 1 6 = FREEZING RAIN OR DRIZZLE
GRTST DEPTH: 0 7 = DUSTSTORM OR SANDSTORM:
VSBY 1/2 MILE OR LESS
8 = SMOKE OR HAZE
[NO. OF DAYS WITH] [WEATHER - DAYS WITH] 9 = BLOWING SNOW
X = TORNADO
MAX 32 OR BELOW: 0 0.01 INCH OR MORE: 11
MAX 90 OR ABOVE: 0 0.10 INCH OR MORE: 7
MIN 32 OR BELOW: 3 0.50 INCH OR MORE: 4
MIN 0 OR BELOW: 0 1.00 INCH OR MORE: 1
[HDD (BASE 65) ]
TOTAL THIS MO. 305 CLEAR (SCALE 0-3) 15
DPTR FM NORMAL -82 PTCLDY (SCALE 4-7) 10
TOTAL FM JUL 1 4334 CLOUDY (SCALE 8-10) 5
DPTR FM NORMAL -474
[CDD (BASE 65) ]
TOTAL THIS MO. 20
DPTR FM NORMAL 8 [PRESSURE DATA]
TOTAL FM JAN 1 20 HIGHEST SLP 30.53 ON 8
DPTR FM NORMAL 7 LOWEST SLP 29.03 ON 30
[REMARKS]
#FINAL-04-23#