000
CXUS54 KTSA 011231
CF6TUL
PRELIMINARY LOCAL CLIMATOLOGICAL DATA (WS FORM: F-6)
STATION: TULSA OKLAHOMA
MONTH: OCTOBER
YEAR: 2022
LATITUDE: 36 12 N
LONGITUDE: 95 54 W
TEMPERATURE IN F: :PCPN: SNOW: WIND :SUNSHINE: SKY :PK WND
================================================================================
1 2 3 4 5 6A 6B 7 8 9 10 11 12 13 14 15 16 17 18
12Z AVG MX 2MIN
DY MAX MIN AVG DEP HDD CDD WTR SNW DPTH SPD SPD DIR MIN PSBL S-S WX SPD DR
================================================================================
1 84 46 65 -3 0 0 0.00 0.0 0 3.2 10 100 M M 4 14 50
2 85 47 66 -2 0 1 0.00 0.0 0 3.3 10 80 M M 0 16 80
3 86 49 68 1 0 3 0.00 0.0 0 2.9 12 180 M M 0 16 170
4 86 53 70 3 0 5 0.00 0.0 0 3.9 15 190 M M 6 19 200
5 89 56 73 7 0 8 0.00 0.0 0 5.9 15 300 M M 7 21 280
6 88 54 71 5 0 6 0.00 0.0 0 3.5 16 350 M M 2 22 350
7 77 52 65 -1 0 0 0.00 0.0 0 10.4 22 10 M M 3 30 10
8 74 45 60 -5 5 0 0.00 0.0 0 4.2 12 10 M M 5 15 360
9 80 48 64 -1 1 0 0.00 0.0 0 5.9 17 230 M M 5 26 270
10 75 59 67 2 0 2 0.17 0.0 0 7.1 15 270 M M 9 1 20 160
11 79 64 72 8 0 7 0.08 0.0 0 13.1 28 180 M M 7 1 37 180
12 81 52 67 3 0 2 T 0.0 0 9.3 21 170 M M 2 30 170
13 76 46 61 -2 4 0 0.00 0.0 0 6.8 20 300 M M 1 8 30 270
14 87 47 67 4 0 2 0.01 0.0 0 7.7 23 340 M M 2 3 33 360
15 85 53 69 6 0 4 0.15 0.0 0 6.0 16 40 M M 3 3 24 10
16 72 50 61 -1 4 0 0.01 0.0 0 6.8 17 40 M M 9 3 23 40
17 62 37 50 -12 15 0 0.00 0.0 0 10.7 21 340 M M 1 27 350
18 52 30 41 -21 24 0 0.00 0.0 0 8.4 18 350 M M 1 26 340
19 63 26 45 -16 20 0 0.00 0.0 0 3.5 14 190 M M 1 19 170
20 76 39 58 -3 7 0 0.00 0.0 0 5.0 12 170 M M 2 16 170
21 89 47 68 8 0 3 0.00 0.0 0 11.4 22 170 M M 2 29 170
22 85 68 77 17 0 12 0.00 0.0 0 20.2 30 170 M M 3 40 170
23 86 69 78 18 0 13 0.00 0.0 0 24.8 35 170 M M 5 49 180
24 77 52 65 6 0 0 1.04 0.0 0 14.6 30 300 M M 10 1 40 310
25 66 47 57 -2 8 0 0.34 0.0 0 11.8 37 40 M M 5 1 55 40
26 68 38 53 -5 12 0 0.00 0.0 0 3.1 14 120 M M 0 8 19 120
27 69 45 57 -1 8 0 0.00 0.0 0 8.6 23 140 M M 5 34 140
28 71 47 59 1 6 0 T 0.0 0 6.4 20 350 M M 9 28 10
29 70 51 61 4 4 0 0.01 0.0 0 6.8 20 70 M M 10 1 31 70
30 71 53 62 5 3 0 0.11 0.0 0 7.4 15 350 M M 9 1 26 330
31 75 46 61 5 4 0 0.00 0.0 0 2.5 14 270 M M 2 20 270
================================================================================
SM 2384 1516 125 68 1.92 0.0 245.2 M 130
================================================================================
AV 76.9 48.9 7.9 FASTST M M 4 MAX(MPH)
MISC ----> 37 40 55 40
================================================================================
NOTES:
# LAST OF SEVERAL OCCURRENCES
COLUMN 17 PEAK WIND IN M.P.H.
PRELIMINARY LOCAL CLIMATOLOGICAL DATA (WS FORM: F-6) , PAGE 2
STATION: TULSA OKLAHOMA
MONTH: OCTOBER
YEAR: 2022
LATITUDE: 36 12 N
LONGITUDE: 95 54 W
[TEMPERATURE DATA] [PRECIPITATION DATA] SYMBOLS USED IN COLUMN 16
AVERAGE MONTHLY: 62.9 TOTAL FOR MONTH: 1.92 1 = FOG OR MIST
DPTR FM NORMAL: 0.6 DPTR FM NORMAL: -1.86 2 = FOG REDUCING VISIBILITY
HIGHEST: 89 ON 21, 5 GRTST 24HR 1.37 ON 24-25 TO 1/4 MILE OR LESS
LOWEST: 26 ON 19 3 = THUNDER
SNOW, ICE PELLETS, HAIL 4 = ICE PELLETS
TOTAL MONTH: 0.0 INCH 5 = HAIL
GRTST 24HR 0.0 6 = FREEZING RAIN OR DRIZZLE
GRTST DEPTH: 0 7 = DUSTSTORM OR SANDSTORM:
VSBY 1/2 MILE OR LESS
8 = SMOKE OR HAZE
[NO. OF DAYS WITH] [WEATHER - DAYS WITH] 9 = BLOWING SNOW
X = TORNADO
MAX 32 OR BELOW: 0 0.01 INCH OR MORE: 9
MAX 90 OR ABOVE: 0 0.10 INCH OR MORE: 5
MIN 32 OR BELOW: 2 0.50 INCH OR MORE: 1
MIN 0 OR BELOW: 0 1.00 INCH OR MORE: 1
[HDD (BASE 65) ]
TOTAL THIS MO. 125 CLEAR (SCALE 0-3) 15
DPTR FM NORMAL -35 PTCLDY (SCALE 4-7) 10
TOTAL FM JUL 1 125 CLOUDY (SCALE 8-10) 6
DPTR FM NORMAL -52
[CDD (BASE 65) ]
TOTAL THIS MO. 68
DPTR FM NORMAL -6 [PRESSURE DATA]
TOTAL FM JAN 1 2523 HIGHEST SLP 30.48 ON 8
DPTR FM NORMAL 404 LOWEST SLP 29.54 ON 25
[REMARKS]
#FINAL-10-22#