000
CXUS54 KTSA 011200
CLMTUL
CLIMATE REPORT
NATIONAL WEATHER SERVICE TULSA OK
600 AM CST THU FEB 01 2024
...................................
...THE TULSA OKLAHOMA CLIMATE SUMMARY FOR THE MONTH OF JANUARY 2024...
CLIMATE NORMAL PERIOD 1991 TO 2020
CLIMATE RECORD PERIOD 1882 TO 2024
WEATHER OBSERVED NORMAL DEPART LAST YEAR`S
VALUE DATE(S) VALUE FROM VALUE DATE(S)
NORMAL
................................................................
TEMPERATURE (F)
RECORD
HIGH 82 01/28/1909
LOW -16 01/22/1930
HIGHEST 71 01/31 47 24 72 01/01
LOWEST -3 01/15 26 -29 18 01/31
AVG. MAXIMUM 43.1 48.9 -5.8 53.6
AVG. MINIMUM 23.7 28.0 -4.3 30.1
MEAN 33.4 38.5 -5.1 41.9
DAYS MAX >= 90 0 0.0 0.0 0
DAYS MAX <= 32 7 3.5 3.5 2
DAYS MIN <= 32 20 21.5 -1.5 21
DAYS MIN <= 0 3 0.0 3.0 0
PRECIPITATION (INCHES)
RECORD
MAXIMUM 6.74 1916
MINIMUM 0.00 1986
TOTALS 3.00 1.63 1.37 1.33
DAILY AVG. 0.10 0.05 0.04 0.04
DAYS >= .01 10 6.0 3.0 7
DAYS >= .10 6 3.2 1.8 2
DAYS >= .50 2 1.0 0.0 1
DAYS >= 1.00 0 0.4 -0.4 0
GREATEST
24 HR. TOTAL 1.06 01/08 TO 01/09
SNOWFALL (INCHES)
RECORDS
TOTAL 12.7 1979
TOTALS 1.5 1.9 -0.4 0.5
SINCE 7/1 1.5 4.4 -2.9 MM
SNOWDEPTH AVG. 0 -1
DAYS >= 1.0 1 0.6 0.4 0
GREATEST
SNOW DEPTH 1 01/15 MM 01/29
01/16
01/30
01/31
24 HR TOTAL 1.4 01/14
DEGREE DAYS
HEATING TOTAL 972 823 149 710
SINCE 7/1 2142 2192 -50 MM
................................................................
WIND (MPH)
AVERAGE WIND SPEED 8.2
HIGHEST WIND SPEED/DIRECTION 32/330 DATE 01/19
HIGHEST GUST SPEED/DIRECTION 44/350 DATE 01/19
SKY COVER
POSSIBLE SUNSHINE (PERCENT) MM
AVERAGE SKY COVER 0.61
NUMBER OF DAYS FAIR 9
NUMBER OF DAYS PC 10
NUMBER OF DAYS CLOUDY 12
AVERAGE RH (PERCENT) 70
WEATHER CONDITIONS. NUMBER OF DAYS WITH
THUNDERSTORM 1 MIXED PRECIP 0
HEAVY RAIN 1 RAIN 2
LIGHT RAIN 9 FREEZING RAIN 0
LT FREEZING RAIN 2 HAIL 0
HEAVY SNOW 1 SNOW 1
LIGHT SNOW 3 SLEET 0
FOG 14 FOG W/VIS <= 1/4 MILE 4
HAZE 4
- INDICATES NEGATIVE NUMBERS.
R INDICATES RECORD WAS SET OR TIED.
MM INDICATES DATA IS MISSING.
T INDICATES TRACE AMOUNT.
$$