000
CXUS54 KMEG 101250
CF6TUP
PRELIMINARY LOCAL CLIMATOLOGICAL DATA (WS FORM: F-6)
STATION: TUPELO
MONTH: MAY
YEAR: 2021
LATITUDE: 34 16 N
LONGITUDE: 88 46 W
TEMPERATURE IN F: :PCPN: SNOW: WIND :SUNSHINE: SKY :PK WND
================================================================================
1 2 3 4 5 6A 6B 7 8 9 10 11 12 13 14 15 16 17 18
12Z AVG MX 2MIN
DY MAX MIN AVG DEP HDD CDD WTR SNW DPTH SPD SPD DIR MIN PSBL S-S WX SPD DR
================================================================================
1 84 51 68 0 0 3 0.00 0.0 0 3.2 12 140 M M 0 15 120
2 75 65 70 2 0 5 1.97 0.0 0 8.7 25 300 M M 7 13 45 280
3 87 70 79 11 0 14 0.00 0.0 0 8.8 17 180 M M 6 1 24 180
4 78 65 72 4 0 7 2.00 0.0 0 6.5 20 340 M M 8 138 26 350
5 74 54 64 -5 1 0 0.00 0.0 0 8.1 14 10 M M 5 18 19 330
6 77 50 64 -5 1 0 0.14 0.0 0 3.3 39 360 M M 1 3 60 360
7 72 50 61 -8 4 0 0.00 0.0 0 4.1 13 10 M M 0 16 30
8 80 55 68 -2 0 3 T 0.0 0 6.4 16 170 M M 2 20 170
9 77 64 71 1 0 6 0.56 0.0 0 10.0 24 260 M M 7 13 41 260
10 66 57 62 -8 3 0 0.00 0.0 0 9.5 17 20 M M 10 1 19 20
11 68 55 62 -8 3 0 0.25 0.0 0 7.9 14 40 M M 8 1 18 330
12 74 55 65 -6 0 0 0.02 0.0 0 11.5 20 10 M M 4 27 40
13 74 50 62 -9 3 0 0.00 0.0 0 6.3 15 40 M M 1 19 40
14 77 48 63 -8 2 0 0.00 0.0 0 5.3 12 30 M M 0 14 50
15 81 50 66 -6 0 1 0.00 0.0 0 4.8 14 170 M M 0 18 200
16 84 56 70 -2 0 5 0.00 0.0 0 5.8 14 180 M M 3 18 150
17 80 64 72 0 0 7 0.16 0.0 0 7.2 16 150 M M 4 1 21 150
18 75 68 72 0 0 7 0.04 0.0 0 8.6 18 140 M M 9 1 25 150
19 86 69 78 5 0 13 0.02 0.0 0 10.4 22 130 M M 2 30 120
20 86 70 78 5 0 13 0.00 0.0 0 11.8 23 130 M M 2 28 170
21 87 67 77 4 0 12 0.00 0.0 0 8.6 20 140 M M 1 26 140
22 87 63 75 1 0 10 0.00 0.0 0 3.4 12 170 M M 2 16 110
23 91 62 77 3 0 12 0.00 0.0 0 1.8 9 200 M M 2 1 14 210
24 92 63 78 4 0 13 0.00 0.0 0 1.6 9 110 M M 1 13 200
25 92 70 81 7 0 16 0.00 0.0 0 6.4 21 200 M M 1 24 190
26 84 69 77 2 0 12 0.10 0.0 0 5.4 13 270 M M 7 1 18 220
27 92 67 80 5 0 15 0.00 0.0 0 3.4 13 190 M M 0 2 17 190
28 85 65 75 0 0 10 0.04 0.0 0 8.6 23 360 M M 4 26 350
29 65 57 61 -14 4 0 0.00 0.0 0 10.4 17 350 M M 8 21 360
30 77 53 65 -11 0 0 0.00 0.0 0 6.3 17 30 M M 3 22 40
31 85 52 69 -7 0 4 0.00 0.0 0 2.8 10 140 M M 0 15 170
================================================================================
SM 2492 1854 21 188 5.30 0.0 206.9 M 108
================================================================================
AV 80.4 59.8 6.7 FASTST M M 3 MAX(MPH)
MISC ----> 39 360 60 360
================================================================================
NOTES:
# LAST OF SEVERAL OCCURRENCES
COLUMN 17 PEAK WIND IN M.P.H.
PRELIMINARY LOCAL CLIMATOLOGICAL DATA (WS FORM: F-6) , PAGE 2
STATION: TUPELO
MONTH: MAY
YEAR: 2021
LATITUDE: 34 16 N
LONGITUDE: 88 46 W
[TEMPERATURE DATA] [PRECIPITATION DATA] SYMBOLS USED IN COLUMN 16
AVERAGE MONTHLY: 70.1 TOTAL FOR MONTH: 5.30 1 = FOG OR MIST
DPTR FM NORMAL: -1.7 DPTR FM NORMAL: 0.08 2 = FOG REDUCING VISIBILITY
HIGHEST: 92 ON 27,25 GRTST 24HR 2.00 ON 4- 4 TO 1/4 MILE OR LESS
LOWEST: 48 ON 14 3 = THUNDER
SNOW, ICE PELLETS, HAIL 4 = ICE PELLETS
TOTAL MONTH: 0.0 INCH 5 = HAIL
GRTST 24HR 0.0 6 = FREEZING RAIN OR DRIZZLE
GRTST DEPTH: 0 7 = DUSTSTORM OR SANDSTORM:
VSBY 1/2 MILE OR LESS
8 = SMOKE OR HAZE
[NO. OF DAYS WITH] [WEATHER - DAYS WITH] 9 = BLOWING SNOW
X = TORNADO
MAX 32 OR BELOW: 0 0.01 INCH OR MORE: 11
MAX 90 OR ABOVE: 4 0.10 INCH OR MORE: 7
MIN 32 OR BELOW: 0 0.50 INCH OR MORE: 3
MIN 0 OR BELOW: 0 1.00 INCH OR MORE: 2
[HDD (BASE 65) ]
TOTAL THIS MO. 21 CLEAR (SCALE 0-3) 17
DPTR FM NORMAL 1 PTCLDY (SCALE 4-7) 11
TOTAL FM JUL 1 2562 CLOUDY (SCALE 8-10) 3
DPTR FM NORMAL -162
[CDD (BASE 65) ]
TOTAL THIS MO. 188
DPTR FM NORMAL -42 [PRESSURE DATA]
TOTAL FM JAN 1 303 HIGHEST SLP 30.37 ON 22
DPTR FM NORMAL -22 LOWEST SLP 29.62 ON 2
[REMARKS]
#FINAL-05-21#