000
CXUS55 KREV 011900
CF6TVL
PRELIMINARY LOCAL CLIMATOLOGICAL DATA (WS FORM: F-6)
STATION: SOUTH LAKE TAHOE CA
MONTH: MARCH
YEAR: 2022
LATITUDE: 38 53 N
LONGITUDE: 119 60 W
TEMPERATURE IN F: :PCPN: SNOW: WIND :SUNSHINE: SKY :PK WND
================================================================================
1 2 3 4 5 6A 6B 7 8 9 10 11 12 13 14 15 16 17 18
12Z AVG MX 2MIN
DY MAX MIN AVG DEP HDD CDD WTR SNW DPTH SPD SPD DIR MIN PSBL S-S WX SPD DR
================================================================================
1 55 22 39 6 26 0 0.00 M M 3.0 12 30 M M 0 15 20
2 58 24 41 8 24 0 0.00 M M 3.5 13 200 M M 0 18 190
3 53 24 39 6 26 0 0.00 M M 4.4 16 190 M M 0 24 180
4 42 23 33 -1 32 0 0.07 M M 9.4 23 190 M M 7 128 37 200
5 31 19 25 -9 40 0 0.01 M M 5.6 14 20 M M 9 20 10
6 39 11 25 -9 40 0 0.00 M M 4.9 13 30 M M 0 20 20
7 40 22 31 -3 34 0 0.00 M M 4.9 17 20 M M 0 26 80
8 47 18 33 -1 32 0 0.00 M M 3.4 14 20 M M 0 19 20
9 45 24 35 0 30 0 T M M 5.5 15 190 M M 4 23 180
10 37 21 29 -6 36 0 0.01 M M 4.2 15 100 M M 2 1 23 30
11 53 16 35 0 30 0 0.00 M M 3.8 12 30 M M 0 14 30
12 52 22 37 2 28 0 0.00 M M 10.6 25 200 M M 0 39 190
13 46 28 37 2 28 0 T M M 10.0 29 200 M M 3 47 190
14 56 24 40 4 25 0 0.00 M M 6.3 15 190 M M 2 22 190
15 48 31 40 4 25 0 0.04 M M 6.0 17 190 M M 6 1 25 180
16 50 26 38 2 27 0 0.00 M M 3.5 12 30 M M 0 17 30
17 50 24 37 1 28 0 0.00 M M 4.1 20 190 M M 3 29 190
18 57 23 40 4 25 0 0.00 M M 4.6 13 200 M M 0 19 190
19 43 30 37 1 28 0 0.05 M M 7.0 23 180 M M 7 1 31 180
20 48 29 39 3 26 0 0.00 M M 3.0 17 20 M M 4 21 20
21 58 26 42 5 23 0 0.00 M M 3.9 16 20 M M 1 23 40
22 61 31 46 9 19 0 0.00 M M 2.4 12 30 M M 0 16 30
23 66 28 47 10 18 0 0.00 M M 3.4 12 40 M M 0 8 15 200
24 65 29 47 10 18 0 0.00 M M 2.4 12 30 M M 0 14 30
25 67 28 48 11 17 0 0.00 M M 6.1 18 190 M M 0 25 190
26 65 31 48 11 17 0 0.00 M M 3.9 18 180 M M 0 25 180
27 61 33 47 9 18 0 0.00 M M 9.4 31 180 M M 0 43 180
28 48 33 41 3 24 0 0.07 M M 5.1 18 200 M M 8 1 26 230
29 54 31 43 5 22 0 0.04 M M 2.9 14 40 M M 5 1 17 40
30 54 28 41 3 24 0 0.00 M M 3.9 17 190 M M 1 24 190
31 55 27 41 3 24 0 0.00 M M 3.3 13 30 M M 0 19 40
================================================================================
SM 1604 786 814 0 0.29 M 154.4 M 62
================================================================================
AV 51.7 25.4 5.0 FASTST M M 2 MAX(MPH)
MISC ----> 31 180 47 190
================================================================================
NOTES:
# LAST OF SEVERAL OCCURRENCES
COLUMN 17 PEAK WIND IN M.P.H.
PRELIMINARY LOCAL CLIMATOLOGICAL DATA (WS FORM: F-6) , PAGE 2
STATION: SOUTH LAKE TAHOE CA
MONTH: MARCH
YEAR: 2022
LATITUDE: 38 53 N
LONGITUDE: 119 60 W
[TEMPERATURE DATA] [PRECIPITATION DATA] SYMBOLS USED IN COLUMN 16
AVERAGE MONTHLY: 38.5 TOTAL FOR MONTH: 0.29 1 = FOG OR MIST
DPTR FM NORMAL: 2.7 DPTR FM NORMAL: -2.58 2 = FOG REDUCING VISIBILITY
HIGHEST: 67 ON 25 GRTST 24HR 0.11 ON 28-29 TO 1/4 MILE OR LESS
LOWEST: 11 ON 6 3 = THUNDER
SNOW, ICE PELLETS, HAIL 4 = ICE PELLETS
TOTAL MONTH: M 5 = HAIL
GRTST 24HR M ON M 6 = FREEZING RAIN OR DRIZZLE
GRTST DEPTH: M ON M 7 = DUSTSTORM OR SANDSTORM:
VSBY 1/2 MILE OR LESS
8 = SMOKE OR HAZE
[NO. OF DAYS WITH] [WEATHER - DAYS WITH] 9 = BLOWING SNOW
X = TORNADO
MAX 32 OR BELOW: 1 0.01 INCH OR MORE: 7
MAX 90 OR ABOVE: 0 0.10 INCH OR MORE: 0
MIN 32 OR BELOW: 29 0.50 INCH OR MORE: 0
MIN 0 OR BELOW: 0 1.00 INCH OR MORE: 0
[HDD (BASE 65) ]
TOTAL THIS MO. 814 CLEAR (SCALE 0-3) 23
DPTR FM NORMAL -93 PTCLDY (SCALE 4-7) 7
TOTAL FM JUL 1 5859 CLOUDY (SCALE 8-10) 1
DPTR FM NORMAL -164
[CDD (BASE 65) ]
TOTAL THIS MO. 0
DPTR FM NORMAL 0 [PRESSURE DATA]
TOTAL FM JAN 1 0 HIGHEST SLP 30.44 ON 11
DPTR FM NORMAL 0 LOWEST SLP 29.56 ON 28
[REMARKS]
#FINAL-03-22#