000
CXUS55 KREV 011137
CLMTVL
CLIMATE REPORT
NATIONAL WEATHER SERVICE RENO NV
437 AM PDT SAT JUL 01 2023
...................................
...THE SOUTH LAKE TAHOE CA CLIMATE SUMMARY FOR THE MONTH OF JUNE 2023...
THE AVERAGE TEMPERATURE FOR JUNE 2023 AT THE SOUTH LAKE TAHOE
AIRPORT WAS 53.5 DEGREES, WHICH IS 1.6 DEGREES BELOW NORMAL. THE
HIGHEST TEMPERATURE FOR JUNE WAS 81 DEGREES, WHICH OCCURRED ON THE
30TH. THE LOWEST TEMPERATURE FOR THE MONTH WAS 28 DEGREES, WHICH
OCCURRED ON THE 20TH.
FOR JUNE 2023, 0.93 INCHES OF PRECIPITATION WERE RECORDED AT THE
SOUTH LAKE TAHOE AIRPORT. THIS IS 0.38 INCHES ABOVE NORMAL FOR THE
MONTH.
THE AVERAGE WIND SPEED FOR JUNE 2023 WAS 4.5 MPH. THE PEAK WIND GUST
FOR THE MONTH WAS 53 MPH FROM THE SOUTH ON THE 19TH.
CLIMATE NORMAL PERIOD 1991 TO 2020
CLIMATE RECORD PERIOD 1968 TO 2023
WEATHER OBSERVED NORMAL DEPART LAST YEAR`S
VALUE DATE(S) VALUE FROM VALUE
NORMAL
..............................................................
TEMPERATURE (F)
RECORD
HIGH 91 06/17/2021
LOW 21 06/09/1988
HIGHEST 81 06/30 90 -9
LOWEST 28 06/20 21 7
AVG. MAXIMUM 68.1 72.0 -3.9
AVG. MINIMUM 39.0 38.1 0.9
MEAN 53.5 55.1 -1.6
DAYS MAX >= 90 0 0.1 -0.1
DAYS MAX <= 32 0 0.0 0.0
DAYS MIN <= 32 3 5.0 -2.0
DAYS MIN <= 0 0 0.0 0.0
PRECIPITATION (INCHES)
RECORD
MAXIMUM 2.37 2011
MINIMUM T 2021
TOTALS 0.93
DAILY AVG. 0.03 0.02 0.01
DAYS >= .01 5 2.4 2.6
DAYS >= .10 2 0.9 1.1
DAYS >= .50 1 0.1 0.9
DAYS >= 1.00 0 0.1 -0.1
GREATEST
24 HR. TOTAL 0.67 06/11 TO 06/11
STORM TOTAL 0.67
(MM/DD(HH))
DEGREE DAYS
HEATING TOTAL 336 301 35
SINCE 7/1 8030 7598 432
COOLING TOTAL 0 2 -2
SINCE 1/1 0 2 -2
..............................................................
WIND (MPH)
AVERAGE WIND SPEED 4.5
HIGHEST WIND SPEED/DIRECTION 30/190 DATE 06/19
HIGHEST GUST SPEED/DIRECTION 53/180 DATE 06/19
AVERAGE RH (PERCENT) 58
WEATHER CONDITIONS. NUMBER OF DAYS WITH
THUNDERSTORM 13 MIXED PRECIP 0
HEAVY RAIN 0 RAIN 3
LIGHT RAIN 8 FREEZING RAIN 0
LT FREEZING RAIN 0 HAIL 0
HEAVY SNOW 0 SNOW 0
LIGHT SNOW 0 SLEET 0
FOG 3 FOG W/VIS <= 1/4 MILE 1
HAZE 2
- INDICATES NEGATIVE NUMBERS.
R INDICATES RECORD WAS SET OR TIED.
MM INDICATES DATA IS MISSING.
T INDICATES TRACE AMOUNT.
$$