000
CXUS54 KSHV 030333
CF6TXK
PRELIMINARY LOCAL CLIMATOLOGICAL DATA (WS FORM: F-6)
STATION: TEXARKANA
MONTH: MAY
YEAR: 2021
LATITUDE: 33 27 N
LONGITUDE: 94 0 W
TEMPERATURE IN F: :PCPN: SNOW: WIND :SUNSHINE: SKY :PK WND
================================================================================
1 2 3 4 5 6A 6B 7 8 9 10 11 12 13 14 15 16 17 18
12Z AVG MX 2MIN
DY MAX MIN AVG DEP HDD CDD WTR SNW DPTH SPD SPD DIR MIN PSBL S-S WX SPD DR
================================================================================
1 76 60 68 1 0 3 0.01 0.0 0 4.6 13 150 M M 6 1 17 150
2 77 64 71 3 0 6 0.31 0.0 0 4.9 14 170 M M 7 13 17 170
3 89 69 79 11 0 14 T 0.0 0 9.9 35 270 M M 4 47 280
4 80 58 69 1 0 4 0.03 0.0 0 10.4 26 280 M M 7 36 280
5 78 54 66 -2 0 1 0.00 0.0 0 5.8 14 50 M M 1 18 40
6 83 54 69 0 0 4 0.00 0.0 0 4.3 14 270 M M 0 8 19 270
7 80 55 68 -1 0 3 0.00 0.0 0 6.4 12 160 M M 0 8 17 70
8 87 61 74 5 0 9 0.00 0.0 0 12.1 24 210 M M 1 32 210
9 88 67 78 8 0 13 0.33 0.0 0 11.1 25 230 M M 8 138 31 240
10 67 56 62 -8 3 0 0.02 0.0 0 9.4 16 60 M M 10 138 23 70
11 61 56 59 -11 6 0 1.44 0.0 0 9.3 22 110 M M 10 13 35 120
12 68 57 63 -7 2 0 0.00 0.0 0 7.5 15 50 M M 10 1 18 50
13 76 53 65 -6 0 0 0.00 0.0 0 5.8 14 10 M M 2 17 10
14 77 49 63 -8 2 0 0.00 0.0 0 5.1 13 40 M M 0 21 50
15 83 55 69 -2 0 4 0.00 0.0 0 6.9 14 200 M M 2 19 160
16 83 63 73 1 0 8 0.36 0.0 0 7.9 20 190 M M 3 1 29 170
17 75 67 71 -1 0 6 0.39 0.0 0 7.3 15 250 M M 7 13 22 160
18 81 66 74 2 0 9 1.11 0.0 0 6.5 21 250 M M 8 123 26 260
19 81 66 74 2 0 9 0.04 0.0 0 6.7 16 190 M M 6 1 23 150
20 80 70 75 2 0 10 0.14 0.0 0 8.4 16 70 M M 8 1 27 110
21 76 70 73 0 0 8 0.21 0.0 0 6.9 15 130 M M 10 18 24 140
22 84 67 76 3 0 11 0.00 0.0 0 4.1 14 140 M M 6 20 110
23 85 69 77 3 0 12 0.00 0.0 0 5.4 12 110 M M 1 18 150
24 85 70 78 4 0 13 0.00 0.0 0 6.0 15 160 M M 3 22 170
25 86 69 78 4 0 13 0.15 0.0 0 9.2 25 210 M M 7 3 30 210
26 87 58 73 -1 0 8 3.65 0.0 0 5.2 13 240 M M 6 13 18 210
27 89 68 79 4 0 14 0.64 0.0 0 8.8 29 360 M M 2 138 39 350
28 83 67 75 0 0 10 0.34 0.0 0 6.4 17 150 M M 4 13 21 150
29 78 59 69 -6 0 4 0.00 0.0 0 9.2 17 80 M M 2 26 70
30 72 54 63 -13 2 0 0.00 0.0 0 5.6 14 80 M M 2 20 80
31 82 57 70 -6 0 5 0.14 0.0 0 4.5 16 140 M M 2 1 23 140
================================================================================
SM 2477 1908 15 201 9.31 0.0 221.6 M 145
================================================================================
AV 79.9 61.5 7.1 FASTST M M 5 MAX(MPH)
MISC ----> 35 270 47 280
================================================================================
NOTES:
# LAST OF SEVERAL OCCURRENCES
COLUMN 17 PEAK WIND IN M.P.H.
PRELIMINARY LOCAL CLIMATOLOGICAL DATA (WS FORM: F-6) , PAGE 2
STATION: TEXARKANA
MONTH: MAY
YEAR: 2021
LATITUDE: 33 27 N
LONGITUDE: 94 0 W
[TEMPERATURE DATA] [PRECIPITATION DATA] SYMBOLS USED IN COLUMN 16
AVERAGE MONTHLY: 70.7 TOTAL FOR MONTH: 9.31 1 = FOG OR MIST
DPTR FM NORMAL: -0.9 DPTR FM NORMAL: 4.21 2 = FOG REDUCING VISIBILITY
HIGHEST: 89 ON 27, 3 GRTST 24HR 3.80 ON 25-26 TO 1/4 MILE OR LESS
LOWEST: 49 ON 14 3 = THUNDER
SNOW, ICE PELLETS, HAIL 4 = ICE PELLETS
TOTAL MONTH: 0.0 INCH 5 = HAIL
GRTST 24HR 0.0 6 = FREEZING RAIN OR DRIZZLE
GRTST DEPTH: 0 7 = DUSTSTORM OR SANDSTORM:
VSBY 1/2 MILE OR LESS
8 = SMOKE OR HAZE
[NO. OF DAYS WITH] [WEATHER - DAYS WITH] 9 = BLOWING SNOW
X = TORNADO
MAX 32 OR BELOW: 0 0.01 INCH OR MORE: 17
MAX 90 OR ABOVE: 0 0.10 INCH OR MORE: 13
MIN 32 OR BELOW: 0 0.50 INCH OR MORE: 4
MIN 0 OR BELOW: 0 1.00 INCH OR MORE: 3
[HDD (BASE 65) ]
TOTAL THIS MO. 15 CLEAR (SCALE 0-3) 12
DPTR FM NORMAL -3 PTCLDY (SCALE 4-7) 14
TOTAL FM JUL 1 2288 CLOUDY (SCALE 8-10) 5
DPTR FM NORMAL -287
[CDD (BASE 65) ]
TOTAL THIS MO. 201
DPTR FM NORMAL -22 [PRESSURE DATA]
TOTAL FM JAN 1 320 HIGHEST SLP 30.34 ON 13
DPTR FM NORMAL -1 LOWEST SLP 29.54 ON 2
[REMARKS]
#FINAL-05-21#