000
CXUS54 KSHV 011300
CF6TYR
PRELIMINARY LOCAL CLIMATOLOGICAL DATA (WS FORM: F-6)
STATION: TYLER
MONTH: OCTOBER
YEAR: 2021
LATITUDE: 32 22 N
LONGITUDE: 95 24 W
TEMPERATURE IN F: :PCPN: SNOW: WIND :SUNSHINE: SKY :PK WND
================================================================================
1 2 3 4 5 6A 6B 7 8 9 10 11 12 13 14 15 16 17 18
12Z AVG MX 2MIN
DY MAX MIN AVG DEP HDD CDD WTR SNW DPTH SPD SPD DIR MIN PSBL S-S WX SPD DR
================================================================================
1 81 69 75 2 0 10 1.08 0.0 0 5.0 20 160 M M 5 18 24 150
2 86 72 79 6 0 14 0.04 0.0 0 4.7 13 210 M M 6 16 210
3 88 68 78 6 0 13 0.00 0.0 0 4.6 14 320 M M 3 18 320
4 87 62 75 3 0 10 0.00 0.0 0 4.4 16 360 M M 1 20 350
5 87 56 72 0 0 7 0.00 0.0 0 3.5 14 50 M M 0 18 30
6 86 60 73 2 0 8 0.00 0.0 0 3.5 9 230 M M 0 16 250
7 89 60 75 4 0 10 0.00 0.0 0 5.8 13 190 M M 0 17 200
8 91 64 78 7 0 13 0.00 0.0 0 7.7 15 200 M M 0 18 200
9 91 65 78 8 0 13 0.00 0.0 0 10.0 18 180 M M 0 23 230
10 91 68 80 10 0 15 0.27 0.0 0 14.8 28 160 M M 6 13 36 170
11 82 62 72 2 0 7 T 0.0 0 4.9 13 300 M M 2 3 18 230
12 82 63 73 4 0 8 T 0.0 0 6.4 20 150 M M 4 43 130
13 90 69 80 11 0 15 0.03 0.0 0 11.9 21 190 M M 4 26 180
14 84 68 76 8 0 11 0.40 0.0 0 8.0 21 190 M M 9 1 25 190
15 85 61 73 5 0 8 0.00 0.0 0 11.5 24 330 M M 6 1 27 330
16 74 50 62 -6 3 0 0.00 0.0 0 6.3 16 330 M M 0 20 30
17 74 46 60 -7 5 0 0.00 0.0 0 2.2 10 130 M M 0 15 140
18 77 48 63 -4 2 0 0.00 0.0 0 5.2 14 140 M M 0 20 210
19 80 52 66 -1 0 1 0.00 0.0 0 7.0 15 140 M M 0 20 190
20 85 59 72 6 0 7 0.00 0.0 0 4.3 12 240 M M 0 17 210
21 87 63 75 9 0 10 0.00 0.0 0 3.8 10 10 M M 2 17 10
22 85 61 73 7 0 8 0.00 0.0 0 6.4 13 110 M M 1 17 110
23 88 65 77 12 0 12 T 0.0 0 10.4 20 170 M M 4 1 26 170
24 88 66 77 12 0 12 0.00 0.0 0 9.8 21 210 M M 3 25 170
25 91 67 79 15 0 14 0.00 0.0 0 4.5 12 130 M M 2 14 320
26 86 70 78 14 0 13 0.00 0.0 0 10.6 18 150 M M 5 1 25 150
27 76 58 67 3 0 2 0.57 0.0 0 10.6 24 320 M M 5 1 30 290
28 73 58 66 3 0 1 T 0.0 0 19.2 39 320 M M 2 51 310
29 71 51 61 -2 4 0 0.00 0.0 0 14.7 30 320 M M 0 40 340
30 75 44 60 -3 5 0 0.00 0.0 0 4.6 14 310 M M 0 22 320
31 80 47 64 2 1 0 0.00 0.0 0 2.4 8 140 M M 0 11 30
================================================================================
SM 2590 1872 20 242 2.39 0.0 228.7 M 70
================================================================================
AV 83.5 60.4 7.4 FASTST M M 2 MAX(MPH)
MISC ----> 39 320 51 310
================================================================================
NOTES:
# LAST OF SEVERAL OCCURRENCES
COLUMN 17 PEAK WIND IN M.P.H.
PRELIMINARY LOCAL CLIMATOLOGICAL DATA (WS FORM: F-6) , PAGE 2
STATION: TYLER
MONTH: OCTOBER
YEAR: 2021
LATITUDE: 32 22 N
LONGITUDE: 95 24 W
[TEMPERATURE DATA] [PRECIPITATION DATA] SYMBOLS USED IN COLUMN 16
AVERAGE MONTHLY: 72.0 TOTAL FOR MONTH: 2.39 1 = FOG OR MIST
DPTR FM NORMAL: 4.3 DPTR FM NORMAL: -1.92 2 = FOG REDUCING VISIBILITY
HIGHEST: 91 ON 25,10 GRTST 24HR 1.53 ON 30- 1 TO 1/4 MILE OR LESS
LOWEST: 44 ON 30 3 = THUNDER
SNOW, ICE PELLETS, HAIL 4 = ICE PELLETS
TOTAL MONTH: 0.0 INCH 5 = HAIL
GRTST 24HR 0.0 6 = FREEZING RAIN OR DRIZZLE
GRTST DEPTH: 0 7 = DUSTSTORM OR SANDSTORM:
VSBY 1/2 MILE OR LESS
8 = SMOKE OR HAZE
[NO. OF DAYS WITH] [WEATHER - DAYS WITH] 9 = BLOWING SNOW
X = TORNADO
MAX 32 OR BELOW: 0 0.01 INCH OR MORE: 6
MAX 90 OR ABOVE: 5 0.10 INCH OR MORE: 4
MIN 32 OR BELOW: 0 0.50 INCH OR MORE: 2
MIN 0 OR BELOW: 0 1.00 INCH OR MORE: 1
[HDD (BASE 65) ]
TOTAL THIS MO. 20 CLEAR (SCALE 0-3) 20
DPTR FM NORMAL -46 PTCLDY (SCALE 4-7) 10
TOTAL FM JUL 1 20 CLOUDY (SCALE 8-10) 1
DPTR FM NORMAL -48
[CDD (BASE 65) ]
TOTAL THIS MO. 242
DPTR FM NORMAL 92 [PRESSURE DATA]
TOTAL FM JAN 1 2683 HIGHEST SLP 30.34 ON 17
DPTR FM NORMAL 35 LOWEST SLP 29.51 ON 27
[REMARKS]
#FINAL-10-21#