000
CXUS54 KMRX 011130
CF6TYS
PRELIMINARY LOCAL CLIMATOLOGICAL DATA (WS FORM: F-6)
STATION: KNOXVILLE MCGHEE TYSON AIRPORT
MONTH: NOVEMBER
YEAR: 2023
LATITUDE: 35 49 N
LONGITUDE: 83 59 W
TEMPERATURE IN F: :PCPN: SNOW: WIND :SUNSHINE: SKY :PK WND
================================================================================
1 2 3 4 5 6A 6B 7 8 9 10 11 12 13 14 15 16 17 18
12Z AVG MX 2MIN
DY MAX MIN AVG DEP HDD CDD WTR SNW DPTH SPD SPD DIR MIN PSBL S-S WX SPD DR
================================================================================
1 49 29 39 -15 26 0 0.00 0.0 0 7.2 21 350 M M 1 30 350
2 57 25 41 -13 24 0 0.00 0.0 0 1.4 10 220 M M 1 15 230
3 63 29 46 -7 19 0 0.00 0.0 0 1.3 8 230 M M 1 11 280
4 69 31 50 -3 15 0 0.00 0.0 0 1.1 9 320 M M 1 12 10
5 72 43 58 6 7 0 0.00 0.0 0 1.1 10 10 M M 3 16 20
6 75 39 57 5 8 0 0.00 0.0 0 5.0 16 230 M M 1 20 230
7 79 52 66 14 0 1 0.00 0.0 0 5.5 17 280 M M 3 22 280
8 81 51 66 15 0 1 0.00 0.0 0 7.1 21 240 M M 2 25 240
9 77 63 70 19 0 5 T 0.0 0 10.2 17 240 M M 7 24 200
10 63 48 56 5 9 0 0.02 0.0 0 8.6 16 360 M M 8 1 23 340
11 64 47 56 6 9 0 0.00 0.0 0 7.2 16 40 M M 6 21 60
12 69 46 58 8 7 0 0.00 0.0 0 3.2 10 10 M M 5 14 10
13 69 42 56 6 9 0 0.00 0.0 0 1.2 8 270 M M 7 10 270
14 70 38 54 5 11 0 0.00 0.0 0 6.5 16 60 M M 8 21 50
15 69 42 56 7 9 0 T 0.0 0 2.9 8 40 M M 8 M M
16 76 50 63 14 2 0 T 0.0 0 4.2 12 160 M M 5 14 160
17 74 51 63 15 2 0 0.01 0.0 0 4.6 16 220 M M 9 22 220
18 65 47 56 8 9 0 T 0.0 0 6.5 14 20 M M 5 20 20
19 65 40 53 5 12 0 0.00 0.0 0 6.1 12 40 M M 2 14 20
20 68 41 55 7 10 0 0.00 0.0 0 6.4 18 150 M M 7 26 160
21 65 52 59 12 6 0 1.48 0.0 0 7.9 20 170 M M 9 1 30 300
22 53 44 49 2 16 0 0.04 0.0 0 5.1 10 350 M M 10 1 14 360
23 57 40 49 2 16 0 0.00 0.0 0 3.1 10 10 M M 7 13 30
24 59 39 49 3 16 0 0.00 0.0 0 6.6 14 10 M M 8 21 360
25 59 41 50 4 15 0 0.00 0.0 0 4.2 13 20 M M 6 16 30
26 50 36 43 -3 22 0 0.29 0.0 0 5.8 20 230 M M 9 1 25 230
27 46 30 38 -8 27 0 0.01 0.0 0 7.2 22 270 M M 5 1 29 270
28 44 26 35 -10 30 0 0.00 0.0 0 6.7 15 230 M M 1 23 220
29 52 21 37 -8 28 0 0.00 0.0 0 6.0 20 220 M M 2 23 210
30 62 30 46 1 19 0 0.00 0.0 0 3.5 17 230 M M 6 23 230
================================================================================
SM 1921 1213 383 7 1.85 0.0 153.4 M 153
================================================================================
AV 64.0 40.4 5.1 FASTST M M 5 MAX(MPH)
MISC ----> 22 270 # 30 350
================================================================================
NOTES:
# LAST OF SEVERAL OCCURRENCES
COLUMN 17 PEAK WIND IN M.P.H.
PRELIMINARY LOCAL CLIMATOLOGICAL DATA (WS FORM: F-6) , PAGE 2
STATION: KNOXVILLE MCGHEE TYSON AIRPORT
MONTH: NOVEMBER
YEAR: 2023
LATITUDE: 35 49 N
LONGITUDE: 83 59 W
[TEMPERATURE DATA] [PRECIPITATION DATA] SYMBOLS USED IN COLUMN 16
AVERAGE MONTHLY: 52.2 TOTAL FOR MONTH: 1.85 1 = FOG OR MIST
DPTR FM NORMAL: 3.2 DPTR FM NORMAL: -2.36 2 = FOG REDUCING VISIBILITY
HIGHEST: 81 ON 8 GRTST 24HR 1.48 ON 21-21 TO 1/4 MILE OR LESS
LOWEST: 21 ON 29 3 = THUNDER
SNOW, ICE PELLETS, HAIL 4 = ICE PELLETS
TOTAL MONTH: 0.0 INCH 5 = HAIL
GRTST 24HR 0.0 6 = FREEZING RAIN OR DRIZZLE
GRTST DEPTH: 0 7 = DUSTSTORM OR SANDSTORM:
VSBY 1/2 MILE OR LESS
8 = SMOKE OR HAZE
[NO. OF DAYS WITH] [WEATHER - DAYS WITH] 9 = BLOWING SNOW
X = TORNADO
MAX 32 OR BELOW: 0 0.01 INCH OR MORE: 6
MAX 90 OR ABOVE: 0 0.10 INCH OR MORE: 2
MIN 32 OR BELOW: 8 0.50 INCH OR MORE: 1
MIN 0 OR BELOW: 0 1.00 INCH OR MORE: 1
[HDD (BASE 65) ]
TOTAL THIS MO. 383 CLEAR (SCALE 0-3) 10
DPTR FM NORMAL -99 PTCLDY (SCALE 4-7) 13
TOTAL FM JUL 1 529 CLOUDY (SCALE 8-10) 7
DPTR FM NORMAL -158
[CDD (BASE 65) ]
TOTAL THIS MO. 7
DPTR FM NORMAL 4 [PRESSURE DATA]
TOTAL FM JAN 1 1557 HIGHEST SLP 30.52 ON 2
DPTR FM NORMAL -15 LOWEST SLP 29.77 ON 21
[REMARKS]
#FINAL-11-23#