000
CXUS56 KPQR 011155
CF6UAO
PRELIMINARY LOCAL CLIMATOLOGICAL DATA (WS FORM: F-6)
STATION: AURORA STATE OR
MONTH: MAY
YEAR: 2022
LATITUDE: 45 15 N
LONGITUDE: 122 46 W
TEMPERATURE IN F: :PCPN: SNOW: WIND :SUNSHINE: SKY :PK WND
================================================================================
1 2 3 4 5 6A 6B 7 8 9 10 11 12 13 14 15 16 17 18
12Z AVG MX 2MIN
DY MAX MIN AVG DEP HDD CDD WTR SNW DPTH SPD SPD DIR MIN PSBL S-S WX SPD DR
================================================================================
1 65 48 57 1 8 0 0.00 M M 2.3 14 240 M M 7 21 240
2 55 46 51 -5 14 0 0.23 M M 11.3 29 190 M M 10 1 36 200
3 62 46 54 -2 11 0 0.00 M M 3.1 9 10 M M 7 11 180
4 71 45 58 2 7 0 0.00 M M 4.3 8 200 M M 1 11 210
5 60 46 53 -4 12 0 0.64 M M 6.9 20 210 M M 10 1 28 210
6 60 49 55 -2 10 0 0.61 M M 8.3 20 210 M M 10 18 30 200
7 55 43 49 -8 16 0 0.30 M M 8.1 18 250 M M 9 18 26 240
8 52 39 46 -11 19 0 0.19 M M 5.1 13 250 M M 8 1 19 240
9 55 37 46 -12 19 0 0.05 M M 4.7 13 330 M M 7 19 270
10 62 43 53 -5 12 0 0.01 M M 2.9 13 350 M M 8 8 17 350
11 61 42 52 -6 13 0 0.00 M M 4.7 14 250 M M 7 19 260
12 54 40 47 -11 18 0 0.21 M M 10.3 31 180 M M 8 1 42 180
13 57 35 46 -12 19 0 0.39 M M 2.9 14 200 M M 6 1 19 190
14 69 50 60 1 5 0 0.25 M M 9.3 20 180 M M 8 1 27 190
15 70 56 63 4 2 0 0.10 M M 5.4 17 230 M M 9 27 210
16 64 50 57 -2 8 0 0.01 M M 5.8 14 230 M M 9 19 190
17 65 45 55 -4 10 0 0.00 M M 3.3 10 240 M M 4 15 230
18 61 45 53 -6 12 0 0.17 M M 9.8 21 180 M M 7 1 28 190
19 56 42 49 -11 16 0 0.20 M M 4.1 14 40 M M 6 3 20 60
20 60 40 50 -10 15 0 0.00 M M 1.6 7 360 M M 7 10 140
21 73 42 58 -2 7 0 0.00 M M 5.3 14 360 M M 0 17 340
22 73 45 59 -1 6 0 0.00 M M 2.5 8 250 M M 1 11 240
23 73 51 62 2 3 0 0.00 M M 3.3 15 350 M M 6 22 350
24 69 47 58 -2 7 0 T M M 2.9 9 210 M M 7 13 280
25 75 54 65 5 0 0 0.01 M M 4.4 10 180 M M 6 18 13 170
26 73 56 65 5 0 0 0.12 M M 4.2 14 180 M M 7 1 18 170
27 62 53 58 -2 7 0 0.01 M M 5.2 12 180 M M 9 16 170
28 62 50 56 -5 9 0 0.37 M M 6.7 26 190 M M 10 18 40 180
29 60 49 55 -6 10 0 0.19 M M 7.0 17 250 M M 9 1 23 250
30 63 48 56 -5 9 0 0.01 M M 4.3 9 340 M M 8 13 320
31 77 47 62 1 3 0 0.00 M M 3.5 10 20 M M 3 14 350
================================================================================
SM 1974 1429 307 0 4.07 M 163.5 M 214
================================================================================
AV 63.7 46.1 5.3 FASTST M M 7 MAX(MPH)
MISC ----> 31 180 42 180
================================================================================
NOTES:
# LAST OF SEVERAL OCCURRENCES
COLUMN 17 PEAK WIND IN M.P.H.
PRELIMINARY LOCAL CLIMATOLOGICAL DATA (WS FORM: F-6) , PAGE 2
STATION: AURORA STATE OR
MONTH: MAY
YEAR: 2022
LATITUDE: 45 15 N
LONGITUDE: 122 46 W
[TEMPERATURE DATA] [PRECIPITATION DATA] SYMBOLS USED IN COLUMN 16
AVERAGE MONTHLY: 54.9 TOTAL FOR MONTH: 4.07 1 = FOG OR MIST
DPTR FM NORMAL: -3.8 DPTR FM NORMAL: 1.52 2 = FOG REDUCING VISIBILITY
HIGHEST: 77 ON 31 GRTST 24HR 0.71 ON 6- 7 TO 1/4 MILE OR LESS
LOWEST: 35 ON 13 3 = THUNDER
SNOW, ICE PELLETS, HAIL 4 = ICE PELLETS
TOTAL MONTH: M 5 = HAIL
GRTST 24HR M ON M 6 = FREEZING RAIN OR DRIZZLE
GRTST DEPTH: M ON M 7 = DUSTSTORM OR SANDSTORM:
VSBY 1/2 MILE OR LESS
8 = SMOKE OR HAZE
[NO. OF DAYS WITH] [WEATHER - DAYS WITH] 9 = BLOWING SNOW
X = TORNADO
MAX 32 OR BELOW: 0 0.01 INCH OR MORE: 20
MAX 90 OR ABOVE: 0 0.10 INCH OR MORE: 14
MIN 32 OR BELOW: 0 0.50 INCH OR MORE: 2
MIN 0 OR BELOW: 0 1.00 INCH OR MORE: 0
[HDD (BASE 65) ]
TOTAL THIS MO. 307 CLEAR (SCALE 0-3) 3
DPTR FM NORMAL 93 PTCLDY (SCALE 4-7) 18
TOTAL FM JUL 1 4248 CLOUDY (SCALE 8-10) 10
DPTR FM NORMAL 182
[CDD (BASE 65) ]
TOTAL THIS MO. 0
DPTR FM NORMAL -20 [PRESSURE DATA]
TOTAL FM JAN 1 0 HIGHEST SLP 30.33 ON 20
DPTR FM NORMAL -22 LOWEST SLP 29.57 ON 28
[REMARKS]
#FINAL-05-22#