000
CXUS56 KPQR 011155
CF6UAO
PRELIMINARY LOCAL CLIMATOLOGICAL DATA (WS FORM: F-6)
STATION: AURORA STATE OR
MONTH: AUGUST
YEAR: 2021
LATITUDE: 45 15 N
LONGITUDE: 122 46 W
TEMPERATURE IN F: :PCPN: SNOW: WIND :SUNSHINE: SKY :PK WND
================================================================================
1 2 3 4 5 6A 6B 7 8 9 10 11 12 13 14 15 16 17 18
12Z AVG MX 2MIN
DY MAX MIN AVG DEP HDD CDD WTR SNW DPTH SPD SPD DIR MIN PSBL S-S WX SPD DR
================================================================================
1 92 62 77 6 0 12 0.00 M M 5.3 13 40 M M 0 16 30
2 95 60 78 7 0 13 0.00 M M 5.1 13 10 M M 0 16 10
3 92 61 77 6 0 12 0.00 M M 4.2 14 340 M M 0 21 330
4 97 60 79 8 0 14 0.00 M M 6.2 14 10 M M 0 21 20
5 83 64 74 3 0 9 0.00 M M 4.6 14 180 M M 1 20 180
6 84 65 75 4 0 10 0.00 M M 6.2 12 240 M M 7 17 240
7 84 60 72 1 0 7 0.00 M M 5.1 13 340 M M 6 19 250
8 78 54 66 -5 0 1 0.00 M M 5.6 14 320 M M 5 20 310
9 86 55 71 0 0 6 0.00 M M 7.1 15 360 M M 2 19 10
10 93 59 76 6 0 11 0.00 M M 6.9 20 10 M M 0 24 10
11 103 67 85 15 0 20 0.00 M M 4.7 13 30 M M 0 14 10
12 104 68 86 16 0 21 0.00 M M 2.3 8 200 M M 0 10 320
13 95 68 82 12 0 17 0.00 M M 2.0 7 170 M M 0 8 9 240
14 94 65 80 10 0 15 0.00 M M 2.3 9 30 M M 0 8 12 20
15 96 64 80 10 0 15 0.00 M M 2.0 8 250 M M 0 8 11 70
16 86 58 72 2 0 7 0.00 M M 5.7 18 340 M M 1 27 340
17 72 56 64 -6 1 0 0.00 M M 4.0 14 340 M M 7 20 350
18 82 52 67 -3 0 2 0.00 M M 2.6 10 230 M M 1 13 220
19 82 54 68 -2 0 3 0.00 M M 3.7 17 360 M M 2 21 360
20 75 57 66 -4 0 1 0.00 M M 4.8 13 360 M M 9 16 360
21 74 59 67 -2 0 2 0.01 M M 2.6 10 250 M M 9 1 12 310
22 69 54 62 -7 3 0 0.00 M M 4.1 13 350 M M 9 19 330
23 74 47 61 -8 4 0 0.00 M M 5.3 15 20 M M 1 18 40
24 87 48 68 -1 0 3 0.00 M M 4.7 12 20 M M 0 8 14 30
25 80 52 66 -3 0 1 0.00 M M 4.3 13 260 M M 1 17 260
26 78 56 67 -2 0 2 0.02 M M 4.6 12 340 M M 9 18 16 250
27 74 57 66 -3 0 1 0.00 M M 6.0 15 10 M M 7 19 30
28 89 50 70 2 0 5 0.00 M M 7.5 16 10 M M 0 22 20
29 90 55 73 5 0 8 0.00 M M 5.8 14 340 M M 0 19 340
30 72 52 62 -6 3 0 0.00 M M 5.2 12 360 M M 7 14 360
31 71 52 62 -6 3 0 0.00 M M 6.1 15 360 M M 4 20 10
================================================================================
SM 2631 1791 14 218 0.03 M 146.6 M 88
================================================================================
AV 84.9 57.8 4.7 FASTST M M 3 MAX(MPH)
MISC ----> 20 10 27 340
================================================================================
NOTES:
# LAST OF SEVERAL OCCURRENCES
COLUMN 17 PEAK WIND IN M.P.H.
PRELIMINARY LOCAL CLIMATOLOGICAL DATA (WS FORM: F-6) , PAGE 2
STATION: AURORA STATE OR
MONTH: AUGUST
YEAR: 2021
LATITUDE: 45 15 N
LONGITUDE: 122 46 W
[TEMPERATURE DATA] [PRECIPITATION DATA] SYMBOLS USED IN COLUMN 16
AVERAGE MONTHLY: 71.3 TOTAL FOR MONTH: 0.03 1 = FOG OR MIST
DPTR FM NORMAL: 1.5 DPTR FM NORMAL: -0.49 2 = FOG REDUCING VISIBILITY
HIGHEST: 104 ON 12 GRTST 24HR 0.02 ON 26-26 TO 1/4 MILE OR LESS
LOWEST: 47 ON 23 3 = THUNDER
SNOW, ICE PELLETS, HAIL 4 = ICE PELLETS
TOTAL MONTH: M 5 = HAIL
GRTST 24HR M ON M 6 = FREEZING RAIN OR DRIZZLE
GRTST DEPTH: M ON M 7 = DUSTSTORM OR SANDSTORM:
VSBY 1/2 MILE OR LESS
8 = SMOKE OR HAZE
[NO. OF DAYS WITH] [WEATHER - DAYS WITH] 9 = BLOWING SNOW
X = TORNADO
MAX 32 OR BELOW: 0 0.01 INCH OR MORE: 2
MAX 90 OR ABOVE: 11 0.10 INCH OR MORE: 0
MIN 32 OR BELOW: 0 0.50 INCH OR MORE: 0
MIN 0 OR BELOW: 0 1.00 INCH OR MORE: 0
[HDD (BASE 65) ]
TOTAL THIS MO. 14 CLEAR (SCALE 0-3) 20
DPTR FM NORMAL 2 PTCLDY (SCALE 4-7) 7
TOTAL FM JUL 1 15 CLOUDY (SCALE 8-10) 4
DPTR FM NORMAL -4
[CDD (BASE 65) ]
TOTAL THIS MO. 218
DPTR FM NORMAL 57 [PRESSURE DATA]
TOTAL FM JAN 1 645 HIGHEST SLP 30.17 ON 18
DPTR FM NORMAL 258 LOWEST SLP 29.82 ON 16
[REMARKS]
#FINAL-08-21#