000
CXUS56 KPQR 011552
CLMUAO
CLIMATE REPORT
NATIONAL WEATHER SERVICE PORTLAND OREGON
852 AM PDT WED NOV 01 2023
...................................
...THE AURORA STATE OR CLIMATE SUMMARY FOR THE MONTH OF OCTOBER 2023...
CLIMATE NORMAL PERIOD 1991 TO 2020
CLIMATE RECORD PERIOD 9999 TO 9999
WEATHER OBSERVED NORMAL DEPART LAST YEAR`S
VALUE DATE(S) VALUE FROM VALUE DATE(S)
NORMAL
................................................................
TEMPERATURE (F)
HIGHEST 88 90 10/15
LOWEST 28 39 10/27
AVG. MAXIMUM 65.3 64.3 1.0 71.0
AVG. MINIMUM 47.2 45.5 1.7 47.5
MEAN 56.3 54.9 1.4 59.3
DAYS MAX >= 90 0 0.0 0.0 1
DAYS MAX <= 32 0 0.0 0.0 0
DAYS MIN <= 32 3 0.6 2.4 0
DAYS MIN <= 0 0 0.0 0.0 0
PRECIPITATION (INCHES)
RECORD
MAXIMUM 4.13 2021
MINIMUM 1.69 2020
TOTALS 2.50 3.70 -1.20 2.91
DAYS >= .01 12 15.3 -3.3 9
DAYS >= .10 8 8.2 -0.2 7
DAYS >= .50 0 2.2 -2.2 3
DAYS >= 1.00 0 0.4 -0.4 0
GREATEST
24 HR. TOTAL 0.65 10/10 TO 10/11
DEGREE DAYS
HEATING TOTAL 276 317 -41 195
SINCE 7/1 360 412 -52 MM
COOLING TOTAL 14 4 10 25
SINCE 1/1 678 456 222 MM
................................................................
WIND (MPH)
AVERAGE WIND SPEED 4.4
RESULTANT WIND SPEED/DIRECTION 0/130
HIGHEST WIND SPEED/DIRECTION 26/190 DATE 10/10
HIGHEST GUST SPEED/DIRECTION 37/180 DATE 10/10
SKY COVER
POSSIBLE SUNSHINE (PERCENT) MM
AVERAGE SKY COVER 0.49
AVERAGE RH (PERCENT) 76
WEATHER CONDITIONS. NUMBER OF DAYS WITH
THUNDERSTORM 0 MIXED PRECIP 0
HEAVY RAIN 1 RAIN 5
LIGHT RAIN 10 FREEZING RAIN 0
LT FREEZING RAIN 0 HAIL 0
HEAVY SNOW 0 SNOW 0
LIGHT SNOW 0 SLEET 0
FOG 21 FOG W/VIS <= 1/4 MILE 5
HAZE 7
- INDICATES NEGATIVE NUMBERS.
R INDICATES RECORD WAS SET OR TIED.
MM INDICATES DATA IS MISSING.
T INDICATES TRACE AMOUNT.
$$