000
CXUS54 KHGX 011510
CF6UTS
PRELIMINARY LOCAL CLIMATOLOGICAL DATA (WS FORM: F-6)
STATION: HUNTSVILLE
MONTH: JANUARY
YEAR: 2024
LATITUDE: 30 45 N
LONGITUDE: 95 35 W
TEMPERATURE IN F: :PCPN: SNOW: WIND :SUNSHINE: SKY :PK WND
================================================================================
1 2 3 4 5 6A 6B 7 8 9 10 11 12 13 14 15 16 17 18
12Z AVG MX 2MIN
DY MAX MIN AVG DEP HDD CDD WTR SNW DPTH SPD SPD DIR MIN PSBL S-S WX SPD DR
================================================================================
1 59 41 50 -1 15 0 0.00 0.0 0 7.3 13 360 M M 5 1 17 360
2 58 36 47 -4 18 0 0.89 0.0 0 6.3 24 300 M M 4 1 36 300
3 56 41 49 -2 16 0 0.05 0.0 0 5.9 18 90 M M 6 1 28 90
4 61 36 49 -2 16 0 T 0.0 0 7.1 18 150 M M 3 12 24 120
5 54 40 47 -4 18 0 1.09 0.0 0 6.5 20 280 M M 7 1 29 270
6 58 36 47 -4 18 0 0.00 0.0 0 3.5 12 300 M M 2 12 15 320
7 61 35 48 -3 17 0 0.00 0.0 0 7.1 17 120 M M 1 25 140
8 73 50 62 11 3 0 0.78 0.0 0 11.2 28 310 M M 9 13 48 310
9 52 34 43 -8 22 0 0.00 0.0 0 13.5 26 290 M M 1 38 290
10 66 36 51 0 14 0 0.00 0.0 0 9.4 25 210 M M 0 37 220
11 76 53 65 14 0 0 0.00 0.0 0 12.4 23 180 M M 5 12 35 190
12 70 33 52 1 13 0 T 0.0 0 12.1 29 300 M M 3 45 310
13 61 33 47 -4 18 0 0.00 0.0 0 8.0 21 180 M M 0 32 170
14 42 24 33 -18 32 0 0.00 0.0 0 12.3 20 360 M M 10 1 25 360
15 24 20 22 -29 43 0 T T 0 13.5 21 10 M M 10 16 28 10
16 29 15 22 -29 43 0 0.00 0.0 0 12.1 21 360 M M 0 29 10
17 45 16 31 -20 34 0 0.00 0.0 0 7.0 15 160 M M 2 1 23 190
18 71 38 55 4 10 0 0.00 0.0 0 7.7 17 220 M M 6 1 29 240
19 49 29 39 -12 26 0 0.00 0.0 0 11.8 21 360 M M 0 30 340
20 45 23 34 -17 31 0 0.00 0.0 0 6.3 13 10 M M 1 22 10
21 42 34 38 -13 27 0 0.01 0.0 0 8.7 14 110 M M 10 23 110
22 63 39 51 0 14 0 4.25 0.0 0 8.3 20 130 M M 10 13 33 120
23 68 61 65 14 0 0 3.40 0.0 0 8.6 20 230 M M 10 13 33 250
24 63 57 60 8 5 0 2.50 0.0 0 4.0 15 150 M M 10 13 22 130
25 58 52 55 3 10 0 0.49 0.0 0 5.7 12 80 M M 9 12 18 80
26 61 51 56 4 9 0 0.23 0.0 0 5.8 12 350 M M 10 12 19 90
27 57 43 50 -2 15 0 T 0.0 0 7.9 17 330 M M 8 1 28 310
28 61 39 50 -2 15 0 0.00 0.0 0 6.0 14 340 M M 2 20 340
29 69 37 53 1 12 0 0.00 0.0 0 4.8 10 210 M M 0 16 250
30 73 50 62 10 3 0 0.00 0.0 0 6.7 13 260 M M 0 18 260
31 76 48 62 10 3 0 0.00 0.0 0 3.3 7 180 M M 0 8 10 30
================================================================================
SM 1801 1180 520 0 13.69 T 250.8 M 144
================================================================================
AV 58.1 38.1 8.1 FASTST M M 5 MAX(MPH)
MISC ----> 29 300 48 310
================================================================================
NOTES:
# LAST OF SEVERAL OCCURRENCES
COLUMN 17 PEAK WIND IN M.P.H.
PRELIMINARY LOCAL CLIMATOLOGICAL DATA (WS FORM: F-6) , PAGE 2
STATION: HUNTSVILLE
MONTH: JANUARY
YEAR: 2024
LATITUDE: 30 45 N
LONGITUDE: 95 35 W
[TEMPERATURE DATA] [PRECIPITATION DATA] SYMBOLS USED IN COLUMN 16
AVERAGE MONTHLY: 48.1 TOTAL FOR MONTH: 13.69 1 = FOG OR MIST
DPTR FM NORMAL: -3.0 DPTR FM NORMAL: 10.05 2 = FOG REDUCING VISIBILITY
HIGHEST: 76 ON 31,11 GRTST 24HR 4.25 ON 22-22 TO 1/4 MILE OR LESS
LOWEST: 15 ON 16 3 = THUNDER
SNOW, ICE PELLETS, HAIL 4 = ICE PELLETS
TOTAL MONTH: T 5 = HAIL
GRTST 24HR T ON 15-15 6 = FREEZING RAIN OR DRIZZLE
GRTST DEPTH: 0 7 = DUSTSTORM OR SANDSTORM:
VSBY 1/2 MILE OR LESS
8 = SMOKE OR HAZE
[NO. OF DAYS WITH] [WEATHER - DAYS WITH] 9 = BLOWING SNOW
X = TORNADO
MAX 32 OR BELOW: 2 0.01 INCH OR MORE: 10
MAX 90 OR ABOVE: 0 0.10 INCH OR MORE: 8
MIN 32 OR BELOW: 6 0.50 INCH OR MORE: 6
MIN 0 OR BELOW: 0 1.00 INCH OR MORE: 4
[HDD (BASE 65) ]
TOTAL THIS MO. 520 CLEAR (SCALE 0-3) 15
DPTR FM NORMAL 78 PTCLDY (SCALE 4-7) 7
TOTAL FM JUL 1 1088 CLOUDY (SCALE 8-10) 9
DPTR FM NORMAL -23
[CDD (BASE 65) ]
TOTAL THIS MO. 0
DPTR FM NORMAL -12 [PRESSURE DATA]
TOTAL FM JAN 1 0 HIGHEST SLP 30.58 ON 20
DPTR FM NORMAL -12 LOWEST SLP 29.45 ON 8
[REMARKS]
#FINAL-01-24#