000
CXUS54 KEWX 011010
CF6UVA
PRELIMINARY LOCAL CLIMATOLOGICAL DATA (WS FORM: F-6)
STATION: UVALDE
MONTH: JUNE
YEAR: 2023
LATITUDE: 29 12 N
LONGITUDE: 99 44 W
TEMPERATURE IN F: :PCPN: SNOW: WIND :SUNSHINE: SKY :PK WND
================================================================================
1 2 3 4 5 6A 6B 7 8 9 10 11 12 13 14 15 16 17 18
12Z AVG MX 2MIN
DY MAX MIN AVG DEP HDD CDD WTR SNW DPTH SPD SPD DIR MIN PSBL S-S WX SPD DR
================================================================================
1 89 70 80 M 0 15 0.00 M M 8.6 14 130 M M 5 21 150
2 88 61 75 M 0 10 0.00 M M 10.1 15 120 M M 5 3 36 110
3 85 61 73 M 0 8 0.00 M M 2.1 10 240 M M 2 3 39 240
4 87 65 76 M 0 11 0.00 M M 2.3 22 60 M M 2 31 0
5 88 66 77 M 0 12 0.01 M M 0.7 5 70 M M 3 32 0
6 87 65 76 M 0 11 0.00 M M 0.8 10 40 M M 2 M M
7 89 68 79 M 0 14 0.00 M M 1.9 9 120 M M 2 M M
8 92 69 81 M 0 16 0.00 M M 3.6 9 160 M M 0 21 210
9 96 68 82 M 0 17 0.00 M M 4.3 8 80 M M 0 M M
10 95 74 85 M 0 20 0.00 M M 5.0 18 170 M M 1 17 140
11 M 75 M M M M 0.00 M M 4.8 10 120 M M 3 M M
12 96 76 86 M 0 21 0.00 M M 7.1 12 130 M M 5 20 110
13 94 77 86 M 0 21 0.00 M M 5.0 10 120 M M 5 17 120
14 91 77 84 M 0 19 0.00 M M 5.9 12 110 M M 4 18 110
15 96 76 86 M 0 21 0.00 M M 7.2 10 120 M M 4 17 70
16 100 77 89 M 0 24 0.00 M M 5.9 9 100 M M 2 M M
17 94 78 86 M 0 21 0.00 M M 6.4 18 90 M M 4 36 90
18 102 78 90 M 0 25 0.00 M M 5.8 8 120 M M 0 M M
19 106 76 91 M 0 26 0.00 M M 8.1 16 70 M M 1 17 120
20 106 74 90 M 0 25 0.00 M M 5.2 10 100 M M 0 17 220
21 M 75 M M M M 0.00 M M 4.7 6 70 M M 0 M M
22 103 79 91 M 0 26 0.00 M M 9.5 17 110 M M 1 25 130
23 83 74 79 M 0 14 0.00 M M 6.9 8 60 M M 0 M M
24 105 75 90 M 0 25 0.00 M M 9.2 16 130 M M 2 22 130
25 104 74 89 M 0 24 0.00 M M 6.9 13 150 M M 0 20 150
26 M 73 M M M M 0.00 M M 4.3 8 130 M M 0 M M
27 M M M M M M 0.00 M M M M M M M 0 M M
28 M M M M M M 0.00 M M M M M M M 0 M M
29 100 70 85 M 0 20 0.00 M M 10.9 22 120 M M 1 28 120
30 100 77 89 M 0 24 M M M 12.4 17 120 M M 5 26 120
================================================================================
SM 2376 2028 0 470 0.01 M 165.8 M 59
================================================================================
AV 95.0 72.4 5.9 FASTST M M 2 MAX(MPH)
MISC ----> 22 60 39 240
================================================================================
NOTES:
# LAST OF SEVERAL OCCURRENCES
COLUMN 17 PEAK WIND IN M.P.H.
PRELIMINARY LOCAL CLIMATOLOGICAL DATA (WS FORM: F-6) , PAGE 2
STATION: UVALDE
MONTH: JUNE
YEAR: 2023
LATITUDE: 29 12 N
LONGITUDE: 99 44 W
[TEMPERATURE DATA] [PRECIPITATION DATA] SYMBOLS USED IN COLUMN 16
AVERAGE MONTHLY: 83.7 TOTAL FOR MONTH: 0.01 1 = FOG OR MIST
DPTR FM NORMAL: 0.0 DPTR FM NORMAL: M 2 = FOG REDUCING VISIBILITY
HIGHEST: 106 ON 20,19 GRTST 24HR 0.01 ON 5- 5 TO 1/4 MILE OR LESS
LOWEST: 61 ON 3, 2 3 = THUNDER
SNOW, ICE PELLETS, HAIL 4 = ICE PELLETS
TOTAL MONTH: M 5 = HAIL
GRTST 24HR M ON M 6 = FREEZING RAIN OR DRIZZLE
GRTST DEPTH: M ON M 7 = DUSTSTORM OR SANDSTORM:
VSBY 1/2 MILE OR LESS
8 = SMOKE OR HAZE
[NO. OF DAYS WITH] [WEATHER - DAYS WITH] 9 = BLOWING SNOW
X = TORNADO
MAX 32 OR BELOW: 0 0.01 INCH OR MORE: 1
MAX 90 OR ABOVE: 17 0.10 INCH OR MORE: 0
MIN 32 OR BELOW: 0 0.50 INCH OR MORE: 0
MIN 0 OR BELOW: 0 1.00 INCH OR MORE: 0
[HDD (BASE 65) ]
TOTAL THIS MO. 0 CLEAR (SCALE 0-3) 21
DPTR FM NORMAL M PTCLDY (SCALE 4-7) 9
TOTAL FM JUL 1 1225 CLOUDY (SCALE 8-10) 0
DPTR FM NORMAL M
[CDD (BASE 65) ]
TOTAL THIS MO. 470
DPTR FM NORMAL M [PRESSURE DATA]
TOTAL FM JAN 1 1221 HIGHEST SLP M ON M
DPTR FM NORMAL M LOWEST SLP M ON M
[REMARKS]
#FINAL-06-23#