000
CXUS54 KEWX 011011
CF6UVA
PRELIMINARY LOCAL CLIMATOLOGICAL DATA (WS FORM: F-6)
STATION: UVALDE
MONTH: AUGUST
YEAR: 2020
LATITUDE: 29 12 N
LONGITUDE: 99 44 W
TEMPERATURE IN F: :PCPN: SNOW: WIND :SUNSHINE: SKY :PK WND
================================================================================
1 2 3 4 5 6A 6B 7 8 9 10 11 12 13 14 15 16 17 18
12Z AVG MX 2MIN
DY MAX MIN AVG DEP HDD CDD WTR SNW DPTH SPD SPD DIR MIN PSBL S-S WX SPD DR
================================================================================
1 98 70 84 M 0 19 0.01 M M 6.5 17 150 M M 1 24 150
2 98 70 84 M 0 19 0.08 M M 5.1 10 130 M M 3 1 M M
3 100 69 85 M 0 20 0.00 M M 7.2 20 50 M M 2 24 50
4 99 70 85 M 0 20 0.00 M M 7.5 15 190 M M 0 21 140
5 99 70 85 M 0 20 0.00 M M 7.8 15 150 M M 0 21 160
6 98 76 87 M 0 22 0.00 M M 9.6 16 130 M M 5 22 170
7 99 76 88 M 0 23 0.00 M M 11.1 16 120 M M 5 24 140
8 99 76 88 M 0 23 0.00 M M 9.7 17 130 M M 4 20 150
9 99 73 86 M 0 21 0.00 M M 10.8 16 150 M M 2 25 160
10 100 74 87 M 0 22 0.00 M M 11.2 16 190 M M 2 24 150
11 101 74 88 M 0 23 0.00 M M 10.5 16 190 M M 1 21 190
12 101 74 88 M 0 23 0.00 M M 10.2 17 160 M M 1 21 160
13 101 73 87 M 0 22 0.00 M M 7.5 12 140 M M 0 18 170
14 103 73 88 M 0 23 0.00 M M 7.0 12 150 M M 0 17 200
15 105 72 89 M 0 24 0.00 M M 5.3 12 120 M M 0 17 120
16 103 75 89 M 0 24 0.00 M M 6.0 14 100 M M 1 20 100
17 97 76 87 M 0 22 0.00 M M 6.7 16 40 M M 2 22 40
18 95 72 84 M 0 19 0.00 M M 4.8 16 190 M M 2 3 23 190
19 100 68 84 M 0 19 0.00 M M 3.1 8 90 M M 2 M M
20 100 73 87 M 0 22 0.00 M M 6.1 10 120 M M 2 3 M M
21 100 71 86 M 0 21 0.00 M M 6.2 13 130 M M 1 17 180
22 96 73 85 M 0 20 0.00 M M 8.2 15 90 M M 1 21 90
23 97 69 83 M 0 18 0.00 M M 6.6 14 140 M M 3 21 90
24 96 69 83 M 0 18 0.00 M M 6.8 15 110 M M 1 23 130
25 98 69 84 M 0 19 0.00 M M 3.8 8 80 M M 1 M M
26 100 73 87 M 0 22 0.00 M M 6.7 10 110 M M 1 17 40
27 101 76 89 M 0 24 0.00 M M 5.6 9 170 M M 4 M M
28 103 77 90 M 0 25 0.00 M M 7.8 16 130 M M 1 18 130
29 101 76 89 M 0 24 0.00 M M 7.7 17 140 M M 1 25 130
30 101 74 88 M 0 23 0.00 M M 8.9 15 130 M M 1 22 130
31 101 76 89 M 0 24 0.00 M M 9.4 15 120 M M 2 22 100
================================================================================
SM 3089 2257 0 668 0.09 M 231.4 M 52
================================================================================
AV 99.7 72.8 7.5 FASTST M M 2 MAX(MPH)
MISC ----> # 20 50 # 25 160
================================================================================
NOTES:
# LAST OF SEVERAL OCCURRENCES
COLUMN 17 PEAK WIND IN M.P.H.
PRELIMINARY LOCAL CLIMATOLOGICAL DATA (WS FORM: F-6) , PAGE 2
STATION: UVALDE
MONTH: AUGUST
YEAR: 2020
LATITUDE: 29 12 N
LONGITUDE: 99 44 W
[TEMPERATURE DATA] [PRECIPITATION DATA] SYMBOLS USED IN COLUMN 16
AVERAGE MONTHLY: 86.2 TOTAL FOR MONTH: 0.09 1 = FOG OR MIST
DPTR FM NORMAL: M DPTR FM NORMAL: M 2 = FOG REDUCING VISIBILITY
HIGHEST: 105 ON 15 GRTST 24HR 0.08 ON 2- 2 TO 1/4 MILE OR LESS
LOWEST: 68 ON 19 3 = THUNDER
SNOW, ICE PELLETS, HAIL 4 = ICE PELLETS
TOTAL MONTH: M 5 = HAIL
GRTST 24HR M ON M 6 = FREEZING RAIN OR DRIZZLE
GRTST DEPTH: M ON M 7 = DUSTSTORM OR SANDSTORM:
VSBY 1/2 MILE OR LESS
8 = SMOKE OR HAZE
[NO. OF DAYS WITH] [WEATHER - DAYS WITH] 9 = BLOWING SNOW
X = TORNADO
MAX 32 OR BELOW: 0 0.01 INCH OR MORE: 2
MAX 90 OR ABOVE: 31 0.10 INCH OR MORE: 0
MIN 32 OR BELOW: 0 0.50 INCH OR MORE: 0
MIN 0 OR BELOW: 0 1.00 INCH OR MORE: 0
[HDD (BASE 65) ]
TOTAL THIS MO. 0 CLEAR (SCALE 0-3) 26
DPTR FM NORMAL M PTCLDY (SCALE 4-7) 5
TOTAL FM JUL 1 0 CLOUDY (SCALE 8-10) 0
DPTR FM NORMAL M
[CDD (BASE 65) ]
TOTAL THIS MO. 668
DPTR FM NORMAL M [PRESSURE DATA]
TOTAL FM JAN 1 2514 HIGHEST SLP M ON M
DPTR FM NORMAL M LOWEST SLP M ON M
[REMARKS]
#FINAL-08-20#