000
CXUS54 KCRP 011310
CF6VCT
PRELIMINARY LOCAL CLIMATOLOGICAL DATA (WS FORM: F-6)
STATION: VICTORIA
MONTH: DECEMBER
YEAR: 2021
LATITUDE: 28 51 N
LONGITUDE: 96 55 W
TEMPERATURE IN F: :PCPN: SNOW: WIND :SUNSHINE: SKY :PK WND
================================================================================
1 2 3 4 5 6A 6B 7 8 9 10 11 12 13 14 15 16 17 18
12Z AVG MX 2MIN
DY MAX MIN AVG DEP HDD CDD WTR SNW DPTH SPD SPD DIR MIN PSBL S-S WX SPD DR
================================================================================
1 81 48 65 6 0 0 0.00 0.0 0 3.0 12 240 M M 4 12 16 240
2 81 53 67 9 0 2 0.00 0.0 0 4.5 13 150 M M 6 12 14 150
3 83 61 72 14 0 7 0.00 0.0 0 6.6 16 190 M M 7 12 22 190
4 83 63 73 15 0 8 0.00 0.0 0 6.9 21 150 M M 7 12 23 160
5 81 61 71 13 0 6 0.00 0.0 0 9.7 21 150 M M 8 12 25 140
6 83 54 69 11 0 4 0.01 0.0 0 12.1 28 350 M M 8 1 36 340
7 67 52 60 2 5 0 0.00 0.0 0 6.0 13 130 M M 9 15 360
8 73 60 67 10 0 2 0.00 0.0 0 3.6 12 140 M M 8 18 14 140
9 84 67 76 19 0 11 0.00 0.0 0 10.2 21 180 M M 9 128 27 170
10 85 76 81 24 0 16 0.00 0.0 0 17.6 33 180 M M 9 40 190
11 77 46 62 5 3 0 0.02 0.0 0 13.4 32 10 M M 5 1 44 10
12 64 40 52 -5 13 0 0.00 0.0 0 5.6 14 40 M M 1 17 40
13 63 47 55 -2 10 0 0.06 0.0 0 5.0 10 360 M M 9 128 16 40
14 83 62 73 17 0 8 0.08 0.0 0 9.4 22 170 M M 8 128 27 170
15 82 67 75 19 0 10 T 0.0 0 13.2 28 160 M M 9 128 34 170
16 83 66 75 19 0 10 T 0.0 0 11.2 23 170 M M 7 128 27 170
17 81 63 72 16 0 7 0.00 0.0 0 10.0 24 160 M M 8 128 30 160
18 79 52 66 10 0 1 0.36 0.0 0 12.1 36 320 M M 10 138 45 310
19 57 47 52 -4 13 0 0.02 0.0 0 11.5 26 360 M M 8 34 10
20 60 42 51 -5 14 0 0.01 0.0 0 5.8 20 70 M M 8 23 70
21 67 37 52 -3 13 0 0.00 0.0 0 4.1 12 160 M M 0 1 14 170
22 76 43 60 5 5 0 0.00 0.0 0 7.1 20 150 M M 0 1 26 160
23 78 53 66 11 0 1 0.00 0.0 0 9.2 21 170 M M 4 12 32 140
24 81 59 70 15 0 5 0.00 0.0 0 13.7 28 180 M M 1 35 170
25 83 65 74 19 0 9 0.00 0.0 0 10.4 22 200 M M 0 1 28 200
26 83 61 72 17 0 7 0.00 0.0 0 12.9 25 180 M M 2 12 34 170
27 83 64 74 19 0 9 0.00 0.0 0 11.3 28 170 M M 8 128 36 190
28 82 70 76 21 0 11 0.00 0.0 0 12.7 23 190 M M 7 1 29 180
29 83 64 74 20 0 9 0.00 0.0 0 5.8 16 160 M M 6 128 20 160
30 79 62 71 17 0 6 0.00 0.0 0 3.8 12 140 M M 9 128 14 140
31 83 69 76 22 0 11 0.00 0.0 M 15.2 29 170 M M 9 128 35 170
================================================================================
SM 2408 1774 76 160 0.56 0.0 283.6 M 194
================================================================================
AV 77.7 57.2 9.1 FASTST M M 6 MAX(MPH)
MISC ----> 36 320 45 310
================================================================================
NOTES:
# LAST OF SEVERAL OCCURRENCES
COLUMN 17 PEAK WIND IN M.P.H.
PRELIMINARY LOCAL CLIMATOLOGICAL DATA (WS FORM: F-6) , PAGE 2
STATION: VICTORIA
MONTH: DECEMBER
YEAR: 2021
LATITUDE: 28 51 N
LONGITUDE: 96 55 W
[TEMPERATURE DATA] [PRECIPITATION DATA] SYMBOLS USED IN COLUMN 16
AVERAGE MONTHLY: 67.5 TOTAL FOR MONTH: 0.56 1 = FOG OR MIST
DPTR FM NORMAL: 11.3 DPTR FM NORMAL: -1.78 2 = FOG REDUCING VISIBILITY
HIGHEST: 85 ON 10 GRTST 24HR 0.36 ON 18-18 TO 1/4 MILE OR LESS
LOWEST: 37 ON 21 3 = THUNDER
SNOW, ICE PELLETS, HAIL 4 = ICE PELLETS
TOTAL MONTH: 0.0 INCH 5 = HAIL
GRTST 24HR 0.0 6 = FREEZING RAIN OR DRIZZLE
GRTST DEPTH: 0 7 = DUSTSTORM OR SANDSTORM:
VSBY 1/2 MILE OR LESS
8 = SMOKE OR HAZE
[NO. OF DAYS WITH] [WEATHER - DAYS WITH] 9 = BLOWING SNOW
X = TORNADO
MAX 32 OR BELOW: 0 0.01 INCH OR MORE: 7
MAX 90 OR ABOVE: 0 0.10 INCH OR MORE: 1
MIN 32 OR BELOW: 0 0.50 INCH OR MORE: 0
MIN 0 OR BELOW: 0 1.00 INCH OR MORE: 0
[HDD (BASE 65) ]
TOTAL THIS MO. 76 CLEAR (SCALE 0-3) 6
DPTR FM NORMAL -224 PTCLDY (SCALE 4-7) 14
TOTAL FM JUL 1 208 CLOUDY (SCALE 8-10) 11
DPTR FM NORMAL -259
[CDD (BASE 65) ]
TOTAL THIS MO. 160
DPTR FM NORMAL 131 [PRESSURE DATA]
TOTAL FM JAN 1 3465 HIGHEST SLP 30.34 ON 12
DPTR FM NORMAL 179 LOWEST SLP 29.64 ON 28
[REMARKS]
#FINAL-12-21#