000
CXUS55 KVEF 011010
CF6VGT
PRELIMINARY LOCAL CLIMATOLOGICAL DATA (WS FORM: F-6)
STATION: NORTH_LAS_VEGAS NV
MONTH: JANUARY
YEAR: 2023
LATITUDE: 36 12 N
LONGITUDE: 115 12 W
TEMPERATURE IN F: :PCPN: SNOW: WIND :SUNSHINE: SKY :PK WND
================================================================================
1 2 3 4 5 6A 6B 7 8 9 10 11 12 13 14 15 16 17 18
12Z AVG MX 2MIN
DY MAX MIN AVG DEP HDD CDD WTR SNW DPTH SPD SPD DIR MIN PSBL S-S WX SPD DR
================================================================================
1 60 48 54 7 11 0 0.18 M M 16.2 31 330 M M 8 44 320
2 54 42 48 1 17 0 0.01 M M 6.7 25 320 M M 2 35 320
3 53 42 48 1 17 0 0.00 M M 4.3 9 70 M M 5 11 10
4 51 41 46 -1 19 0 0.00 M M 4.5 10 90 M M 9 13 80
5 54 45 50 3 15 0 0.10 M M 5.8 21 270 M M 6 1 29 260
6 60 39 50 2 15 0 0.00 M M 6.4 15 360 M M 0 23 350
7 55 37 46 -2 19 0 0.00 M M 3.8 9 100 M M 0 11 90
8 58 39 49 1 16 0 0.00 M M 3.8 13 60 M M 1 15 80
9 57 47 52 4 13 0 0.05 M M 3.4 10 70 M M 9 13 40
10 61 48 55 7 10 0 0.13 M M 11.7 33 260 M M 5 3 47 260
11 56 38 47 -1 18 0 0.00 M M 4.1 14 350 M M 0 16 350
12 59 38 49 1 16 0 0.00 M M 2.9 8 280 M M 0 10 310
13 58 40 49 1 16 0 0.00 M M 3.4 10 110 M M 0 14 120
14 55 43 49 1 16 0 0.13 M M 5.9 16 150 M M 5 20 160
15 58 47 53 4 12 0 T M M 13.0 23 190 M M 3 33 220
16 61 45 53 4 12 0 0.08 M M 11.6 33 220 M M 5 3 47 220
17 55 44 50 1 15 0 0.00 M M 14.5 25 320 M M 6 36 330
18 54 38 46 -3 19 0 0.00 M M 8.0 20 310 M M 0 28 330
19 49 35 42 -7 23 0 T M M 6.3 25 340 M M 3 34 340
20 52 41 47 -2 18 0 0.00 M M 17.0 29 330 M M 2 40 310
21 53 37 45 -4 20 0 0.00 M M 6.9 18 350 M M 0 29 350
22 54 32 43 -6 22 0 0.00 M M 11.4 33 310 M M 1 47 300
23 55 41 48 -2 17 0 0.00 M M 18.9 31 320 M M 1 42 330
24 61 39 50 0 15 0 0.00 M M 11.6 24 340 M M 0 32 340
25 59 38 49 -1 16 0 0.00 M M 7.8 21 80 M M 1 29 350
26 59 41 50 0 15 0 0.00 M M 7.1 20 330 M M 0 26 330
27 57 36 47 -3 18 0 0.00 M M 3.7 12 300 M M 0 13 300
28 57 35 46 -4 19 0 0.00 M M 2.5 7 310 M M 0 11 140
29 60 36 48 -2 17 0 0.01 M M 7.5 23 200 M M 2 30 180
30 48 39 44 -6 21 0 0.13 M M 8.0 22 340 M M 8 32 340
31 52 34 43 -7 22 0 0.00 M M 11.3 25 340 M M 0 35 350
================================================================================
SM 1735 1245 519 0 0.82 M 250.0 M 82
================================================================================
AV 56.0 40.2 8.1 FASTST M M 3 MAX(MPH)
MISC ----> # 33 260 # 47 260
================================================================================
NOTES:
# LAST OF SEVERAL OCCURRENCES
COLUMN 17 PEAK WIND IN M.P.H.
PRELIMINARY LOCAL CLIMATOLOGICAL DATA (WS FORM: F-6) , PAGE 2
STATION: NORTH_LAS_VEGAS NV
MONTH: JANUARY
YEAR: 2023
LATITUDE: 36 12 N
LONGITUDE: 115 12 W
[TEMPERATURE DATA] [PRECIPITATION DATA] SYMBOLS USED IN COLUMN 16
AVERAGE MONTHLY: 48.1 TOTAL FOR MONTH: 0.82 1 = FOG OR MIST
DPTR FM NORMAL: -0.6 DPTR FM NORMAL: 0.15 2 = FOG REDUCING VISIBILITY
HIGHEST: 61 ON 24,16 GRTST 24HR 0.52 ON 14-15 TO 1/4 MILE OR LESS
LOWEST: 32 ON 22 3 = THUNDER
SNOW, ICE PELLETS, HAIL 4 = ICE PELLETS
TOTAL MONTH: M 5 = HAIL
GRTST 24HR M ON M 6 = FREEZING RAIN OR DRIZZLE
GRTST DEPTH: M ON M 7 = DUSTSTORM OR SANDSTORM:
VSBY 1/2 MILE OR LESS
8 = SMOKE OR HAZE
[NO. OF DAYS WITH] [WEATHER - DAYS WITH] 9 = BLOWING SNOW
X = TORNADO
MAX 32 OR BELOW: 0 0.01 INCH OR MORE: 9
MAX 90 OR ABOVE: 0 0.10 INCH OR MORE: 5
MIN 32 OR BELOW: 1 0.50 INCH OR MORE: 0
MIN 0 OR BELOW: 0 1.00 INCH OR MORE: 0
[HDD (BASE 65) ]
TOTAL THIS MO. 519 CLEAR (SCALE 0-3) 21
DPTR FM NORMAL 14 PTCLDY (SCALE 4-7) 8
TOTAL FM JUL 1 1395 CLOUDY (SCALE 8-10) 2
DPTR FM NORMAL 17
[CDD (BASE 65) ]
TOTAL THIS MO. 0
DPTR FM NORMAL 0 [PRESSURE DATA]
TOTAL FM JAN 1 0 HIGHEST SLP M ON M
DPTR FM NORMAL 0 LOWEST SLP 29.50 ON 1
[REMARKS]
#FINAL-01-23#