000
CXUS51 KBTV 211445
CF6VSF
PRELIMINARY LOCAL CLIMATOLOGICAL DATA (WS FORM: F-6)
STATION: SPRINGFIELD VT
MONTH: JUNE
YEAR: 2022
LATITUDE: 43 19 N
LONGITUDE: 72 31 W
TEMPERATURE IN F: :PCPN: SNOW: WIND :SUNSHINE: SKY :PK WND
================================================================================
1 2 3 4 5 6A 6B 7 8 9 10 11 12 13 14 15 16 17 18
12Z AVG MX 2MIN
DY MAX MIN AVG DEP HDD CDD WTR SNW DPTH SPD SPD DIR MIN PSBL S-S WX SPD DR
================================================================================
1 65 57 61 1 4 0 0.13 M M 3.2 8 170 M M 9 1 M M
2 77 56 67 7 0 2 0.03 M M 3.1 8 90 M M 8 1 M M
3 76 58 67 6 0 2 1.12 M M 3.0 10 50 M M 8 13 M M
4 79 52 66 5 0 1 0.00 M M 5.8 18 260 M M 4 12 24 250
5 74 44 59 -2 6 0 0.00 M M 5.3 15 290 M M 2 23 290
6 80 42 61 -1 4 0 0.00 M M 2.2 14 330 M M 2 18 310
7 76 53 65 3 0 0 0.05 M M 6.4 17 180 M M 2 28 180
8 75 56 66 4 0 1 0.08 M M 6.6 13 290 M M 3 1 18 270
9 67 55 61 -1 4 0 0.71 M M 2.4 8 330 M M 7 1 M M
10 72 50 61 -2 4 0 T M M 4.7 13 270 M M 6 1 31 250
11 77 47 62 -1 3 0 0.00 M M 2.5 10 260 M M 1 14 260
12 79 48 64 1 1 0 0.19 M M 4.3 16 160 M M 4 1 24 180
13 81 57 69 5 0 4 0.05 M M 3.9 14 300 M M 5 1 21 290
14 79 50 65 1 0 0 0.00 M M 3.1 9 270 M M 2 M M
15 81 51 66 2 0 1 0.00 M M 1.7 9 100 M M 4 13 130
16 77 58 68 4 0 3 T M M 7.7 20 170 M M 6 27 190
17 84 64 74 9 0 9 0.00 M M 7.5 25 260 M M 7 33 260
18 68 52 60 -5 5 0 0.03 M M 8.3 14 290 M M 9 32 270
19 67 51 59 -6 6 0 0.00 M M 9.4 18 290 M M 3 32 280
20 77 43 60 -6 5 0 0.00 M M 5.2 15 260 M M 0 24 330
21 75 45 60 -6 5 0 0.02 M M 2.5 12 170 M M 4 1 15 170
22 64 57 61 -5 4 0 0.04 M M 2.7 10 150 M M 10 1 14 160
23 77 59 68 2 0 3 0.06 M M 4.4 17 160 M M 9 1 23 160
24 84 58 71 4 0 6 T M M 2.4 13 270 M M 6 16 260
25 91 53 72 5 0 7 0.00 M M 1.9 9 290 M M 0 12 15 300
26 92 58 75 8 0 10 0.00 M M 3.6 16 180 M M 1 23 180
27 81 55 68 1 0 3 0.27 M M 4.7 15 260 M M 4 1 19 260
28 78 50 64 -4 1 0 0.00 M M 2.9 13 280 M M 3 17 280
29 82 49 66 -2 0 1 0.05 M M 3.1 20 270 M M 3 12 29 270
30 79 50 65 -3 0 0 0.00 M M 3.3 16 270 M M 2 12 23 280
================================================================================
SM 2314 1578 52 53 2.83 M 127.7 M 134
================================================================================
AV 77.1 52.6 4.3 FASTST M M 4 MAX(MPH)
MISC ----> 25 260 33 260
================================================================================
NOTES:
# LAST OF SEVERAL OCCURRENCES
COLUMN 17 PEAK WIND IN M.P.H.
PRELIMINARY LOCAL CLIMATOLOGICAL DATA (WS FORM: F-6) , PAGE 2
STATION: SPRINGFIELD VT
MONTH: JUNE
YEAR: 2022
LATITUDE: 43 19 N
LONGITUDE: 72 31 W
[TEMPERATURE DATA] [PRECIPITATION DATA] SYMBOLS USED IN COLUMN 16
AVERAGE MONTHLY: 64.9 TOTAL FOR MONTH: 2.83 1 = FOG OR MIST
DPTR FM NORMAL: 0.7 DPTR FM NORMAL: -0.95 2 = FOG REDUCING VISIBILITY
HIGHEST: 92 ON 26 GRTST 24HR 1.12 ON 3- 3 TO 1/4 MILE OR LESS
LOWEST: 42 ON 6 3 = THUNDER
SNOW, ICE PELLETS, HAIL 4 = ICE PELLETS
TOTAL MONTH: M 5 = HAIL
GRTST 24HR M ON M 6 = FREEZING RAIN OR DRIZZLE
GRTST DEPTH: M ON M 7 = DUSTSTORM OR SANDSTORM:
VSBY 1/2 MILE OR LESS
8 = SMOKE OR HAZE
[NO. OF DAYS WITH] [WEATHER - DAYS WITH] 9 = BLOWING SNOW
X = TORNADO
MAX 32 OR BELOW: 0 0.01 INCH OR MORE: 14
MAX 90 OR ABOVE: 2 0.10 INCH OR MORE: 5
MIN 32 OR BELOW: 0 0.50 INCH OR MORE: 2
MIN 0 OR BELOW: 0 1.00 INCH OR MORE: 1
[HDD (BASE 65) ]
TOTAL THIS MO. 52 CLEAR (SCALE 0-3) 12
DPTR FM NORMAL -39 PTCLDY (SCALE 4-7) 13
TOTAL FM JUL 1 6699 CLOUDY (SCALE 8-10) 5
DPTR FM NORMAL -731
[CDD (BASE 65) ]
TOTAL THIS MO. 53
DPTR FM NORMAL -14 [PRESSURE DATA]
TOTAL FM JAN 1 120 HIGHEST SLP 30.25 ON 29
DPTR FM NORMAL 39 LOWEST SLP 29.51 ON 18
[REMARKS]
#FINAL-06-22#