000
CXUS53 KLBF 011410
CF6VTN
PRELIMINARY LOCAL CLIMATOLOGICAL DATA (WS FORM: F-6)
STATION: VALENTINE
MONTH: JUNE
YEAR: 2023
LATITUDE: 42 52 N
LONGITUDE: 100 33 W
TEMPERATURE IN F: :PCPN: SNOW: WIND :SUNSHINE: SKY :PK WND
================================================================================
1 2 3 4 5 6A 6B 7 8 9 10 11 12 13 14 15 16 17 18
12Z AVG MX 2MIN
DY MAX MIN AVG DEP HDD CDD WTR SNW DPTH SPD SPD DIR MIN PSBL S-S WX SPD DR
================================================================================
1 84 57 71 7 0 6 0.00 0.0 0 8.9 26 170 M M 2 3 32 160
2 79 61 70 6 0 5 0.00 0.0 0 13.7 24 160 M M 3 32 150
3 84 56 70 5 0 5 0.19 0.0 0 7.8 25 170 M M 4 13 34 180
4 83 62 73 8 0 8 0.48 0.0 0 3.4 35 140 M M 4 13 52 120
5 84 60 72 6 0 7 0.00 0.0 0 3.9 15 110 M M 2 1 18 100
6 85 56 71 5 0 6 0.00 0.0 0 4.5 15 150 M M 0 1 20 190
7 88 56 72 6 0 7 0.00 0.0 0 4.2 12 140 M M 1 3 17 170
8 91 59 75 8 0 10 0.00 0.0 0 5.5 20 170 M M 1 25 160
9 88 60 74 7 0 9 0.00 0.0 0 8.6 23 120 M M 1 3 29 120
10 67 60 64 -3 1 0 2.53 0.0 0 9.5 20 350 M M 8 1238 27 340
11 70 51 61 -7 4 0 0.00 0.0 0 8.4 17 20 M M 5 1 24 10
12 75 44 60 -8 5 0 0.00 0.0 0 3.3 10 180 M M 0 17 170
13 78 46 62 -6 3 0 0.00 0.0 0 3.4 12 40 M M 0 8 17 70
14 82 45 64 -5 1 0 0.00 0.0 0 5.8 15 160 M M 0 21 140
15 88 57 73 4 0 8 0.14 0.0 0 7.7 29 270 M M 2 38 41 270
16 64 48 56 -13 9 0 0.05 0.0 0 10.6 20 340 M M 6 13 31 310
17 76 45 61 -9 4 0 0.00 0.0 0 5.5 10 140 M M 0 18 13 230
18 88 48 68 -2 0 3 0.00 0.0 0 7.7 17 170 M M 0 1 25 170
19 95 61 78 8 0 13 0.00 0.0 0 14.6 28 180 M M 0 37 160
20 89 70 80 10 0 15 T 0.0 0 17.0 29 160 M M 2 3 40 190
21 81 64 73 2 0 8 T 0.0 0 8.8 22 120 M M 4 38 30 130
22 80 61 71 0 0 6 0.00 0.0 0 7.3 20 20 M M 2 18 27 30
23 84 60 72 1 0 7 1.06 0.0 0 5.2 31 240 M M 5 13 42 240
24 79 53 66 -6 0 1 0.38 0.0 0 15.8 37 340 M M 3 13 50 340
25 78 55 67 -5 0 2 0.00 0.0 0 12.8 23 330 M M 1 33 330
26 81 50 66 -6 0 1 T 0.0 0 7.0 15 130 M M 1 22 140
27 82 59 71 -2 0 6 0.67 0.0 0 13.8 36 330 M M 5 13 58 350
28 83 59 71 -2 0 6 T 0.0 0 5.1 14 320 M M 3 1 19 320
29 87 63 75 2 0 10 0.30 0.0 0 6.3 21 260 M M 2 13 27 240
30 82 62 72 -1 0 7 0.01 0.0 0 5.7 17 10 M M 3 3 23 70
================================================================================
SM 2455 1688 27 156 5.81 0.0 241.8 M 70
================================================================================
AV 81.8 56.3 8.1 FASTST M M 2 MAX(MPH)
MISC ----> 37 340 58 350
================================================================================
NOTES:
# LAST OF SEVERAL OCCURRENCES
COLUMN 17 PEAK WIND IN M.P.H.
PRELIMINARY LOCAL CLIMATOLOGICAL DATA (WS FORM: F-6) , PAGE 2
STATION: VALENTINE
MONTH: JUNE
YEAR: 2023
LATITUDE: 42 52 N
LONGITUDE: 100 33 W
[TEMPERATURE DATA] [PRECIPITATION DATA] SYMBOLS USED IN COLUMN 16
AVERAGE MONTHLY: 69.1 TOTAL FOR MONTH: 5.81 1 = FOG OR MIST
DPTR FM NORMAL: 0.1 DPTR FM NORMAL: 1.85 2 = FOG REDUCING VISIBILITY
HIGHEST: 95 ON 19 GRTST 24HR 2.53 ON 10-10 TO 1/4 MILE OR LESS
LOWEST: 44 ON 12 3 = THUNDER
SNOW, ICE PELLETS, HAIL 4 = ICE PELLETS
TOTAL MONTH: 0.0 INCH 5 = HAIL
GRTST 24HR 0.0 6 = FREEZING RAIN OR DRIZZLE
GRTST DEPTH: 0 7 = DUSTSTORM OR SANDSTORM:
VSBY 1/2 MILE OR LESS
8 = SMOKE OR HAZE
[NO. OF DAYS WITH] [WEATHER - DAYS WITH] 9 = BLOWING SNOW
X = TORNADO
MAX 32 OR BELOW: 0 0.01 INCH OR MORE: 10
MAX 90 OR ABOVE: 2 0.10 INCH OR MORE: 8
MIN 32 OR BELOW: 0 0.50 INCH OR MORE: 3
MIN 0 OR BELOW: 0 1.00 INCH OR MORE: 2
[HDD (BASE 65) ]
TOTAL THIS MO. 27 CLEAR (SCALE 0-3) 20
DPTR FM NORMAL -20 PTCLDY (SCALE 4-7) 10
TOTAL FM JUL 1 7365 CLOUDY (SCALE 8-10) 0
DPTR FM NORMAL 674
[CDD (BASE 65) ]
TOTAL THIS MO. 156
DPTR FM NORMAL -9 [PRESSURE DATA]
TOTAL FM JAN 1 214 HIGHEST SLP 30.13 ON 4
DPTR FM NORMAL 10 LOWEST SLP 29.57 ON 18
[REMARKS]
#FINAL-06-23#