000
CXUS55 KLBF 011552
CF6VTN
PRELIMINARY LOCAL CLIMATOLOGICAL DATA (WS FORM: F-6)
STATION: VALENTINE
MONTH: NOVEMBER
YEAR: 2020
LATITUDE: 42 52 N
LONGITUDE: 100 33 W
TEMPERATURE IN F: :PCPN: SNOW: WIND :SUNSHINE: SKY :PK WND
================================================================================
1 2 3 4 5 6A 6B 7 8 9 10 11 12 13 14 15 16 17 18
12Z AVG MX 2MIN
DY MAX MIN AVG DEP HDD CDD WTR SNW DPTH SPD SPD DIR MIN PSBL S-S WX SPD DR
================================================================================
1 59 19 39 -3 26 0 0.00 0.0 0 7.6 16 190 M M 0 23 190
2 78 29 54 13 11 0 0.00 0.0 0 6.2 15 230 M M 0 21 230
3 84 33 59 18 6 0 0.00 0.0 0 6.9 15 230 M M 0 17 230
4 82 31 57 17 8 0 0.00 0.0 0 6.8 15 10 M M 0 8 21 10
5 81 31 56 16 9 0 0.00 0.0 0 10.4 24 200 M M 0 29 200
6 85 49 67 28 0 2 0.00 0.0 0 14.1 25 200 M M 0 33 210
7 78 52 65 26 0 0 0.00 0.0 0 16.3 35 180 M M 0 47 180
8 67 37 52 14 13 0 T 0.0 0 20.0 39 180 M M 0 54 180
9 37 21 29 -9 36 0 0.60 1.5 1 12.0 26 360 M M 0 134 35 360
10 37 17 27 -10 38 0 0.16 2.5 3 5.3 13 280 M M 0 18 15 280
11 45 17 31 -6 34 0 0.05 0.5 1 8.1 20 350 M M 0 1 24 360
12 34 17 26 -10 39 0 T T 1 8.3 18 360 M M 0 1 25 350
13 53 18 36 0 29 0 0.00 0.0 1 13.3 26 210 M M 1 34 210
14 56 35 46 11 19 0 0.01 0.2 1 13.6 35 310 M M 5 1 52 300
15 50 24 37 2 28 0 0.00 0.0 T 11.0 22 290 M M 0 33 280
16 57 24 41 7 24 0 0.00 0.0 0 8.8 25 320 M M 1 35 320
17 68 26 47 13 18 0 0.00 0.0 0 8.5 22 190 M M 0 30 190
18 82 42 62 29 3 0 0.00 0.0 0 10.8 24 260 M M 0 31 260
19 70 29 50 18 15 0 0.00 0.0 0 11.8 24 270 M M 0 35 280
20 52 21 37 5 28 0 0.00 0.0 0 5.7 12 30 M M 0 14 240
21 51 17 34 2 31 0 0.00 0.0 0 8.6 24 180 M M 3 18 31 190
22 49 20 35 4 30 0 0.00 0.0 0 7.8 20 280 M M 0 30 290
23 52 27 40 10 25 0 0.00 0.0 0 15.1 32 180 M M 3 42 190
24 45 22 34 4 31 0 0.00 0.0 0 11.5 20 320 M M 4 12 30 340
25 59 13 36 6 29 0 0.00 0.0 0 8.5 16 210 M M 0 20 210
26 48 25 37 8 28 0 0.00 0.0 0 8.3 18 320 M M 2 27 310
27 54 20 37 8 28 0 0.00 0.0 0 9.5 22 260 M M 0 29 240
28 65 22 44 16 21 0 0.00 0.0 0 8.6 21 340 M M 0 31 360
29 42 8 25 -3 40 0 0.00 0.0 0 14.4 25 330 M M 1 37 320
30 54 7 31 4 34 0 0.00 0.0 0 5.7 17 250 M M 0 22 260
================================================================================
SM 1774 753 681 2 0.82 4.7 303.5 M 20
================================================================================
AV 59.1 25.1 10.1 FASTST M M 1 MAX(MPH)
MISC ----> 39 180 54 180
================================================================================
NOTES:
# LAST OF SEVERAL OCCURRENCES
COLUMN 17 PEAK WIND IN M.P.H.
PRELIMINARY LOCAL CLIMATOLOGICAL DATA (WS FORM: F-6) , PAGE 2
STATION: VALENTINE
MONTH: NOVEMBER
YEAR: 2020
LATITUDE: 42 52 N
LONGITUDE: 100 33 W
[TEMPERATURE DATA] [PRECIPITATION DATA] SYMBOLS USED IN COLUMN 16
AVERAGE MONTHLY: 42.1 TOTAL FOR MONTH: 0.82 1 = FOG OR MIST
DPTR FM NORMAL: 7.7 DPTR FM NORMAL: 0.17 2 = FOG REDUCING VISIBILITY
HIGHEST: 85 ON 6 GRTST 24HR 0.60 ON 9- 9 TO 1/4 MILE OR LESS
LOWEST: 7 ON 30 3 = THUNDER
SNOW, ICE PELLETS, HAIL 4 = ICE PELLETS
TOTAL MONTH: 4.7 INCHES 5 = HAIL
GRTST 24HR 2.5 ON 10-10 6 = FREEZING RAIN OR DRIZZLE
GRTST DEPTH: 3 ON 10 7 = DUSTSTORM OR SANDSTORM:
VSBY 1/2 MILE OR LESS
8 = SMOKE OR HAZE
[NO. OF DAYS WITH] [WEATHER - DAYS WITH] 9 = BLOWING SNOW
X = TORNADO
MAX 32 OR BELOW: 0 0.01 INCH OR MORE: 4
MAX 90 OR ABOVE: 0 0.10 INCH OR MORE: 2
MIN 32 OR BELOW: 24 0.50 INCH OR MORE: 1
MIN 0 OR BELOW: 0 1.00 INCH OR MORE: 0
[HDD (BASE 65) ]
TOTAL THIS MO. 681 CLEAR (SCALE 0-3) 27
DPTR FM NORMAL -235 PTCLDY (SCALE 4-7) 3
TOTAL FM JUL 1 1405 CLOUDY (SCALE 8-10) 0
DPTR FM NORMAL -213
[CDD (BASE 65) ]
TOTAL THIS MO. 2
DPTR FM NORMAL 2 [PRESSURE DATA]
TOTAL FM JAN 1 1157 HIGHEST SLP 30.60 ON 20
DPTR FM NORMAL 336 LOWEST SLP 29.36 ON 8
[REMARKS]
#FINAL-11-20#