000
CXUS56 KPQR 011155
CF6VUO
PRELIMINARY LOCAL CLIMATOLOGICAL DATA (WS FORM: F-6)
STATION: VANCOUVER WA
MONTH: NOVEMBER
YEAR: 2021
LATITUDE: 45 37 N
LONGITUDE: 122 39 W
TEMPERATURE IN F: :PCPN: SNOW: WIND :SUNSHINE: SKY :PK WND
================================================================================
1 2 3 4 5 6A 6B 7 8 9 10 11 12 13 14 15 16 17 18
12Z AVG MX 2MIN
DY MAX MIN AVG DEP HDD CDD WTR SNW DPTH SPD SPD DIR MIN PSBL S-S WX SPD DR
================================================================================
1 54 45 50 0 15 0 0.21 M M 6.6 21 90 M M 8 1 27 80
2 52 44 48 -1 17 0 0.05 M M 2.9 12 120 M M 8 17 110
3 58 44 51 2 14 0 0.33 M M 2.9 14 90 M M 7 1 19 80
4 60 50 55 6 10 0 0.25 M M 7.6 17 160 M M 9 1 30 170
5 56 46 51 2 14 0 0.17 M M 6.1 16 100 M M 5 1 21 100
6 52 42 47 -1 18 0 0.41 M M 7.1 17 280 M M 8 13 25 250
7 50 44 47 -1 18 0 0.11 M M 6.3 16 160 M M 9 23 160
8 57 38 48 0 17 0 0.10 M M 7.1 17 100 M M 5 24 110
9 54 46 50 2 15 0 0.31 M M 5.6 16 310 M M 8 18 32 210
10 55 43 49 1 16 0 0.06 M M 3.9 12 120 M M 9 1 16 120
11 62 49 56 9 9 0 1.42 M M 7.5 14 110 M M 10 1 17 120
12 63 47 55 8 10 0 1.21 M M 3.1 10 190 M M 9 12 16 190
13 62 43 53 6 12 0 0.00 M M 2.9 14 200 M M 9 12 22 190
14 65 60 63 17 2 0 0.00 M M 7.2 14 200 M M 10 21 200
15 61 38 50 4 15 0 0.22 M M 8.9 20 300 M M 8 1 30 200
16 51 34 43 -3 22 0 0.00 M M 0.9 7 260 M M 5 9 270
17 53 32 43 -3 22 0 0.00 M M 7.6 25 100 M M 2 1 32 90
18 50 43 47 1 18 0 0.29 M M 7.3 15 120 M M 9 1 21 110
19 55 41 48 3 17 0 0.19 M M 4.6 14 320 M M 9 1 20 330
20 53 32 43 -2 22 0 0.00 M M 0.9 9 290 M M 7 1 13 300
21 46 32 39 -6 26 0 0.00 M M 1.2 7 310 M M 7 12 9 310
22 46 35 41 -4 24 0 0.30 M M 2.9 15 110 M M 10 1 19 110
23 52 35 44 0 21 0 0.19 M M 4.1 13 270 M M 7 1 16 250
24 46 35 41 -3 24 0 0.00 M M 1.0 6 270 M M 9 12 7 270
25 56 40 48 4 17 0 0.16 M M 3.8 10 120 M M 6 1 17 150
26 53 47 50 6 15 0 0.06 M M 2.5 13 200 M M 10 1 18 210
27 62 50 56 12 9 0 0.22 M M 4.8 13 110 M M 10 1 17 200
28 62 51 57 14 8 0 T M M 4.5 12 180 M M 4 18 17 170
29 58 50 54 11 11 0 0.25 M M 2.9 10 120 M M 10 1 13 120
30 58 50 54 11 11 0 0.02 M M 4.2 9 110 M M 9 12 110
================================================================================
SM 1662 1286 469 0 6.53 M 138.9 M 236
================================================================================
AV 55.4 42.9 4.6 FASTST M M 8 MAX(MPH)
MISC ----> 25 100 # 32 210
================================================================================
NOTES:
# LAST OF SEVERAL OCCURRENCES
COLUMN 17 PEAK WIND IN M.P.H.
PRELIMINARY LOCAL CLIMATOLOGICAL DATA (WS FORM: F-6) , PAGE 2
STATION: VANCOUVER WA
MONTH: NOVEMBER
YEAR: 2021
LATITUDE: 45 37 N
LONGITUDE: 122 39 W
[TEMPERATURE DATA] [PRECIPITATION DATA] SYMBOLS USED IN COLUMN 16
AVERAGE MONTHLY: 49.1 TOTAL FOR MONTH: 6.53 1 = FOG OR MIST
DPTR FM NORMAL: 2.9 DPTR FM NORMAL: 1.02 2 = FOG REDUCING VISIBILITY
HIGHEST: 65 ON 14 GRTST 24HR 2.05 ON 11-12 TO 1/4 MILE OR LESS
LOWEST: 32 ON 21,20 3 = THUNDER
SNOW, ICE PELLETS, HAIL 4 = ICE PELLETS
TOTAL MONTH: M 5 = HAIL
GRTST 24HR M ON M 6 = FREEZING RAIN OR DRIZZLE
GRTST DEPTH: M ON M 7 = DUSTSTORM OR SANDSTORM:
VSBY 1/2 MILE OR LESS
8 = SMOKE OR HAZE
[NO. OF DAYS WITH] [WEATHER - DAYS WITH] 9 = BLOWING SNOW
X = TORNADO
MAX 32 OR BELOW: 0 0.01 INCH OR MORE: 22
MAX 90 OR ABOVE: 0 0.10 INCH OR MORE: 18
MIN 32 OR BELOW: 3 0.50 INCH OR MORE: 2
MIN 0 OR BELOW: 0 1.00 INCH OR MORE: 2
[HDD (BASE 65) ]
TOTAL THIS MO. 469 CLEAR (SCALE 0-3) 1
DPTR FM NORMAL -95 PTCLDY (SCALE 4-7) 13
TOTAL FM JUL 1 899 CLOUDY (SCALE 8-10) 16
DPTR FM NORMAL -114
[CDD (BASE 65) ]
TOTAL THIS MO. 0
DPTR FM NORMAL 0 [PRESSURE DATA]
TOTAL FM JAN 1 698 HIGHEST SLP 30.52 ON 21
DPTR FM NORMAL 299 LOWEST SLP 29.49 ON 9
[REMARKS]
#FINAL-11-21#