000
CXUS51 KAKQ 011226
CF6WAL
PRELIMINARY LOCAL CLIMATOLOGICAL DATA (WS FORM: F-6)
STATION: WALLOPS ISLAND VA
MONTH: NOVEMBER
YEAR: 2023
LATITUDE: 37 55 N
LONGITUDE: 75 28 W
TEMPERATURE IN F: :PCPN: SNOW: WIND :SUNSHINE: SKY :PK WND
================================================================================
1 2 3 4 5 6A 6B 7 8 9 10 11 12 13 14 15 16 17 18
12Z AVG MX 2MIN
DY MAX MIN AVG DEP HDD CDD WTR SNW DPTH SPD SPD DIR MIN PSBL S-S WX SPD DR
================================================================================
1 51 38 45 -9 20 0 0.00 0.0 0 10.9 22 330 M M 3 1 37 340
2 51 32 42 -12 23 0 0.00 0.0 0 5.2 12 30 M M 0 17 360
3 58 30 44 -10 21 0 0.00 0.0 0 2.6 8 120 M M 0 12 130
4 69 39 54 1 11 0 0.00 0.0 0 2.9 14 140 M M 0 1 17 140
5 71 44 58 5 7 0 0.00 0.0 0 4.7 12 160 M M 0 1 14 310
6 65 47 56 3 9 0 0.00 0.0 0 7.1 12 70 M M 0 18 16 70
7 76 56 66 14 0 1 0.00 0.0 0 8.5 17 260 M M 2 1 25 260
8 63 48 56 4 9 0 0.00 0.0 0 5.6 13 140 M M 0 20 10
9 74 55 65 13 0 0 T 0.0 0 7.2 16 200 M M 4 18 22 260
10 64 42 53 2 12 0 T 0.0 0 8.9 20 10 M M 8 27 10
11 58 38 48 -3 17 0 0.00 0.0 0 4.7 9 310 M M 0 1 14 310
12 58 39 49 -2 16 0 0.00 0.0 0 10.0 22 50 M M 1 27 50
13 57 34 46 -4 19 0 0.00 0.0 0 4.7 10 180 M M 0 14 340
14 60 37 49 -1 16 0 0.00 0.0 0 7.5 21 360 M M 1 31 350
15 57 34 46 -4 19 0 0.00 0.0 0 3.7 8 200 M M 2 11 200
16 68 43 56 6 9 0 0.00 0.0 0 5.8 13 240 M M 0 1 19 270
17 71 45 58 9 7 0 0.00 0.0 0 3.5 12 160 M M 2 12 16 200
18 65 42 54 5 11 0 0.00 0.0 0 8.9 20 330 M M 1 12 31 360
19 59 36 48 -1 17 0 0.00 0.0 0 5.2 12 310 M M 0 17 250
20 53 36 45 -3 20 0 0.00 0.0 0 10.4 20 50 M M 1 26 70
21 61 47 54 6 11 0 0.60 0.0 0 16.0 23 170 M M 9 18 35 150
22 63 49 56 8 9 0 0.62 0.0 0 9.9 32 210 M M 8 1 49 220
23 54 36 45 -2 20 0 0.00 0.0 0 7.5 18 340 M M 0 27 330
24 56 36 46 -1 19 0 0.00 0.0 0 5.9 15 10 M M 0 1 20 10
25 48 32 40 -7 25 0 0.00 0.0 0 10.9 20 20 M M 1 27 30
26 58 35 47 0 18 0 0.55 0.0 0 9.5 21 260 M M 8 1 29 240
27 56 33 45 -1 20 0 T 0.0 0 9.2 21 310 M M 4 32 280
28 45 27 36 -10 29 0 0.00 0.0 0 8.9 22 290 M M 2 34 280
29 40 24 32 -14 33 0 0.00 0.0 0 6.8 14 260 M M 0 20 250
30 52 29 41 -5 24 0 0.00 0.0 0 6.7 14 200 M M 1 19 210
================================================================================
SM 1781 1163 471 1 1.77 0.0 219.3 M 58
================================================================================
AV 59.4 38.8 7.3 FASTST M M 2 MAX(MPH)
MISC ----> 32 210 49 220
================================================================================
NOTES:
# LAST OF SEVERAL OCCURRENCES
COLUMN 17 PEAK WIND IN M.P.H.
PRELIMINARY LOCAL CLIMATOLOGICAL DATA (WS FORM: F-6) , PAGE 2
STATION: WALLOPS ISLAND VA
MONTH: NOVEMBER
YEAR: 2023
LATITUDE: 37 55 N
LONGITUDE: 75 28 W
[TEMPERATURE DATA] [PRECIPITATION DATA] SYMBOLS USED IN COLUMN 16
AVERAGE MONTHLY: 49.1 TOTAL FOR MONTH: 1.77 1 = FOG OR MIST
DPTR FM NORMAL: -0.6 DPTR FM NORMAL: -1.11 2 = FOG REDUCING VISIBILITY
HIGHEST: 76 ON 7 GRTST 24HR 1.22 ON 21-22 TO 1/4 MILE OR LESS
LOWEST: 24 ON 29 3 = THUNDER
SNOW, ICE PELLETS, HAIL 4 = ICE PELLETS
TOTAL MONTH: 0.0 INCH 5 = HAIL
GRTST 24HR 0.0 6 = FREEZING RAIN OR DRIZZLE
GRTST DEPTH: 0 7 = DUSTSTORM OR SANDSTORM:
VSBY 1/2 MILE OR LESS
8 = SMOKE OR HAZE
[NO. OF DAYS WITH] [WEATHER - DAYS WITH] 9 = BLOWING SNOW
X = TORNADO
MAX 32 OR BELOW: 0 0.01 INCH OR MORE: 3
MAX 90 OR ABOVE: 0 0.10 INCH OR MORE: 3
MIN 32 OR BELOW: 6 0.50 INCH OR MORE: 3
MIN 0 OR BELOW: 0 1.00 INCH OR MORE: 0
[HDD (BASE 65) ]
TOTAL THIS MO. 471 CLEAR (SCALE 0-3) 24
DPTR FM NORMAL 11 PTCLDY (SCALE 4-7) 2
TOTAL FM JUL 1 602 CLOUDY (SCALE 8-10) 4
DPTR FM NORMAL -65
[CDD (BASE 65) ]
TOTAL THIS MO. 1
DPTR FM NORMAL -1 [PRESSURE DATA]
TOTAL FM JAN 1 1425 HIGHEST SLP 30.53 ON 2
DPTR FM NORMAL 67 LOWEST SLP 29.64 ON 22
[REMARKS]
#FINAL-11-23#