000
CXUS51 KAKQ 010710
CF6WAL
PRELIMINARY LOCAL CLIMATOLOGICAL DATA (WS FORM: F-6)
STATION: WALLOPS ISLAND VA
MONTH: SEPTEMBER
YEAR: 2023
LATITUDE: 37 55 N
LONGITUDE: 75 28 W
TEMPERATURE IN F: :PCPN: SNOW: WIND :SUNSHINE: SKY :PK WND
================================================================================
1 2 3 4 5 6A 6B 7 8 9 10 11 12 13 14 15 16 17 18
12Z AVG MX 2MIN
DY MAX MIN AVG DEP HDD CDD WTR SNW DPTH SPD SPD DIR MIN PSBL S-S WX SPD DR
================================================================================
1 77 60 69 -5 0 4 0.00 0.0 0 9.6 20 60 M M 1 18 25 50
2 77 55 66 -8 0 1 0.00 0.0 0 5.1 14 150 M M 0 18 17 150
3 89 64 77 3 0 12 0.00 0.0 0 6.3 13 290 M M 0 18 16 260
4 92 74 83 9 0 18 0.00 0.0 0 7.6 13 270 M M 0 18 19 280
5 91 75 83 9 0 18 0.00 0.0 0 6.6 12 150 M M 1 18 14 320
6 96 74 85 11 0 20 0.00 0.0 0 5.3 13 180 M M 2 18 18 180
7 91 73 82 9 0 17 0.01 0.0 0 8.0 16 260 M M 2 1238 23 260
8 89 74 82 9 0 17 0.00 0.0 0 10.8 18 170 M M 1 1 22 170
9 89 73 81 8 0 16 0.07 0.0 0 7.3 16 180 M M 2 13 20 180
10 87 74 81 8 0 16 0.01 0.0 0 5.0 12 110 M M 2 1 16 170
11 88 71 80 8 0 15 T 0.0 0 3.5 14 240 M M 3 138 17 240
12 87 68 78 6 0 13 0.00 0.0 0 8.8 17 180 M M 1 18 23 170
13 87 69 78 6 0 13 0.02 0.0 0 6.9 16 190 M M 3 13 22 190
14 86 65 76 4 0 11 0.00 0.0 0 10.6 24 50 M M 2 30 60
15 78 59 69 -2 0 4 0.00 0.0 0 10.3 18 20 M M 1 27 360
16 81 56 69 -2 0 4 0.00 0.0 0 7.0 17 300 M M 0 26 290
17 83 60 72 1 0 7 0.00 0.0 0 10.2 21 190 M M 4 18 28 190
18 77 61 69 -1 0 4 0.02 0.0 0 6.8 16 310 M M 7 18 23 310
19 79 58 69 -1 0 4 0.00 0.0 0 6.6 15 280 M M 0 22 300
20 81 57 69 -1 0 4 0.00 0.0 0 5.5 15 180 M M 5 21 180
21 81 65 73 4 0 8 0.00 0.0 0 8.0 15 70 M M 3 18 21 60
22 76 62 69 0 0 4 0.47 0.0 0 23.7 38 50 M M 6 18 51 60
23 81 68 75 6 0 10 1.99 0.0 0 17.8 40 40 M M 10 138 57 50
24 73 67 70 2 0 5 0.00 0.0 0 10.0 20 190 M M 10 28 170
25 76 64 70 2 0 5 0.02 0.0 0 6.0 14 310 M M 8 1 22 330
26 67 62 65 -3 0 0 0.30 0.0 0 12.0 20 40 M M 10 1 29 40
27 71 61 66 -1 0 1 T 0.0 0 14.4 26 50 M M 9 18 35 50
28 72 60 66 -1 0 1 0.03 0.0 0 12.2 23 40 M M 10 18 31 30
29 72 64 68 1 0 3 0.02 0.0 0 8.0 13 350 M M 10 18 20 340
30 69 60 65 -1 0 0 T 0.0 0 8.3 16 20 M M 9 18 21 10
================================================================================
SM 2443 1953 0 255 2.96 0.0 268.2 M 122
================================================================================
AV 81.4 65.1 8.9 FASTST M M 4 MAX(MPH)
MISC ----> 40 40 57 50
================================================================================
NOTES:
# LAST OF SEVERAL OCCURRENCES
COLUMN 17 PEAK WIND IN M.P.H.
PRELIMINARY LOCAL CLIMATOLOGICAL DATA (WS FORM: F-6) , PAGE 2
STATION: WALLOPS ISLAND VA
MONTH: SEPTEMBER
YEAR: 2023
LATITUDE: 37 55 N
LONGITUDE: 75 28 W
[TEMPERATURE DATA] [PRECIPITATION DATA] SYMBOLS USED IN COLUMN 16
AVERAGE MONTHLY: 73.3 TOTAL FOR MONTH: 2.96 1 = FOG OR MIST
DPTR FM NORMAL: 2.5 DPTR FM NORMAL: -1.37 2 = FOG REDUCING VISIBILITY
HIGHEST: 96 ON 6 GRTST 24HR 2.46 ON 22-23 TO 1/4 MILE OR LESS
LOWEST: 55 ON 2 3 = THUNDER
SNOW, ICE PELLETS, HAIL 4 = ICE PELLETS
TOTAL MONTH: 0.0 INCH 5 = HAIL
GRTST 24HR 0.0 6 = FREEZING RAIN OR DRIZZLE
GRTST DEPTH: 0 7 = DUSTSTORM OR SANDSTORM:
VSBY 1/2 MILE OR LESS
8 = SMOKE OR HAZE
[NO. OF DAYS WITH] [WEATHER - DAYS WITH] 9 = BLOWING SNOW
X = TORNADO
MAX 32 OR BELOW: 0 0.01 INCH OR MORE: 11
MAX 90 OR ABOVE: 4 0.10 INCH OR MORE: 3
MIN 32 OR BELOW: 0 0.50 INCH OR MORE: 1
MIN 0 OR BELOW: 0 1.00 INCH OR MORE: 1
[HDD (BASE 65) ]
TOTAL THIS MO. 0 CLEAR (SCALE 0-3) 18
DPTR FM NORMAL -19 PTCLDY (SCALE 4-7) 5
TOTAL FM JUL 1 0 CLOUDY (SCALE 8-10) 7
DPTR FM NORMAL -17
[CDD (BASE 65) ]
TOTAL THIS MO. 255
DPTR FM NORMAL 61 [PRESSURE DATA]
TOTAL FM JAN 1 1379 HIGHEST SLP M ON M
DPTR FM NORMAL 65 LOWEST SLP 29.72 ON 23
[REMARKS]
#FINAL-09-23#