023
CXUS56 KLOX 011255
CF6WJF
PRELIMINARY LOCAL CLIMATOLOGICAL DATA (WS FORM: F-6)
STATION: LANCASTER FOX FIELD CA
MONTH: JANUARY
YEAR: 2021
LATITUDE: 34 43 N
LONGITUDE: 118 13 W
TEMPERATURE IN F: :PCPN: SNOW: WIND :SUNSHINE: SKY :PK WND
================================================================================
1 2 3 4 5 6A 6B 7 8 9 10 11 12 13 14 15 16 17 18
12Z AVG MX 2MIN
DY MAX MIN AVG DEP HDD CDD WTR SNW DPTH SPD SPD DIR MIN PSBL S-S WX SPD DR
================================================================================
1 57 27 42 -2 23 0 0.00 M M 5.3 14 50 M M 0 18 70
2 64 26 45 1 20 0 0.00 M M 10.2 28 270 M M 0 33 270
3 62 37 50 6 15 0 0.00 M M 8.5 22 270 M M 0 26 260
4 67 27 47 3 18 0 0.00 M M 9.2 36 270 M M 0 8 42 270
5 63 36 50 6 15 0 0.00 M M 7.6 24 300 M M 0 28 290
6 64 29 47 3 18 0 0.00 M M 3.5 17 280 M M 0 20 280
7 65 27 46 2 19 0 0.00 M M 3.4 12 280 M M 0 13 100
8 65 24 45 1 20 0 0.00 M M 9.5 31 290 M M 0 39 280
9 60 29 45 1 20 0 0.00 M M 10.4 30 290 M M 0 35 280
10 58 24 41 -3 24 0 0.00 M M 3.2 10 310 M M 0 13 270
11 61 20 41 -3 24 0 0.00 M M 4.4 14 60 M M 0 17 70
12 57 22 40 -5 25 0 0.00 M M 2.3 9 270 M M 0 11 270
13 66 25 46 1 19 0 0.00 M M 3.1 12 320 M M 0 16 300
14 73 28 51 6 14 0 0.00 M M 4.1 13 60 M M 0 16 50
15 73 29 51 6 14 0 0.00 M M 3.9 10 70 M M 0 13 90
16 75 31 53 8 12 0 0.00 M M 5.7 20 60 M M 0 24 60
17 73 29 51 6 14 0 0.00 M M 4.6 14 50 M M 0 17 60
18 71 26 49 4 16 0 0.00 M M 6.4 20 70 M M 0 25 60
19 56 31 44 -1 21 0 0.00 M M 20.2 38 60 M M 7 8 47 60
20 63 37 50 5 15 0 0.00 M M 7.5 25 60 M M 5 31 70
21 70 27 49 4 16 0 0.00 M M 7.4 22 270 M M 0 8 27 270
22 58 39 49 4 16 0 T M M 15.3 29 220 M M 2 35 220
23 50 36 43 -3 22 0 T M M 7.4 21 340 M M 7 26 320
24 56 25 41 -5 24 0 0.11 M M 10.3 24 240 M M 4 1 31 250
25 44 34 39 -7 26 0 T M M 21.2 38 280 M M 5 47 260
26 51 32 42 -4 23 0 0.00 M M 16.3 28 300 M M 1 35 300
27 54 30 42 -4 23 0 0.00 M M 5.8 21 230 M M 7 24 220
28 59 23 41 -5 24 0 0.29 M M 5.4 28 240 M M 2 1 36 250
29 49 38 44 -2 21 0 0.27 M M 10.6 22 240 M M 5 1 26 250
30 54 28 41 -5 24 0 0.00 M M 3.6 12 70 M M 0 16 50
31 56 28 42 -4 23 0 0.00 M M 4.1 13 60 M M 0 16 60
================================================================================
SM 1894 904 608 0 0.67 M 240.4 M 45
================================================================================
AV 61.1 29.2 7.8 FASTST M M 1 MAX(MPH)
MISC ----> # 38 60 # 47 60
================================================================================
NOTES:
# LAST OF SEVERAL OCCURRENCES
COLUMN 17 PEAK WIND IN M.P.H.
PRELIMINARY LOCAL CLIMATOLOGICAL DATA (WS FORM: F-6) , PAGE 2
STATION: LANCASTER FOX FIELD CA
MONTH: JANUARY
YEAR: 2021
LATITUDE: 34 43 N
LONGITUDE: 118 13 W
[TEMPERATURE DATA] [PRECIPITATION DATA] SYMBOLS USED IN COLUMN 16
AVERAGE MONTHLY: 45.1 TOTAL FOR MONTH: 0.67 1 = FOG OR MIST
DPTR FM NORMAL: 0.2 DPTR FM NORMAL: -0.83 2 = FOG REDUCING VISIBILITY
HIGHEST: 75 ON 16 GRTST 24HR 3.71 ON 28-29 TO 1/4 MILE OR LESS
LOWEST: 20 ON 11 3 = THUNDER
SNOW, ICE PELLETS, HAIL 4 = ICE PELLETS
TOTAL MONTH: M 5 = HAIL
GRTST 24HR M ON M 6 = FREEZING RAIN OR DRIZZLE
GRTST DEPTH: M ON M 7 = DUSTSTORM OR SANDSTORM:
VSBY 1/2 MILE OR LESS
8 = SMOKE OR HAZE
[NO. OF DAYS WITH] [WEATHER - DAYS WITH] 9 = BLOWING SNOW
X = TORNADO
MAX 32 OR BELOW: 0 0.01 INCH OR MORE: 3
MAX 90 OR ABOVE: 0 0.10 INCH OR MORE: 3
MIN 32 OR BELOW: 24 0.50 INCH OR MORE: 0
MIN 0 OR BELOW: 0 1.00 INCH OR MORE: 0
[HDD (BASE 65) ]
TOTAL THIS MO. 608 CLEAR (SCALE 0-3) 24
DPTR FM NORMAL -15 PTCLDY (SCALE 4-7) 7
TOTAL FM JUL 1 1759 CLOUDY (SCALE 8-10) 0
DPTR FM NORMAL -66
[CDD (BASE 65) ]
TOTAL THIS MO. 0
DPTR FM NORMAL 0 [PRESSURE DATA]
TOTAL FM JAN 1 0 HIGHEST SLP 30.46 ON 15
DPTR FM NORMAL 0 LOWEST SLP 29.65 ON 25
[REMARKS]
#FINAL-01-21#